000
CDUS43 KGRR 120521
CLIMKG


CLIMATE REPORT
NATIONAL WEATHER SERVICE GRAND RAPIDS, MI
1220 AM EST MON FEB 12 2018


...................................

...THE MUSKEGON MI CLIMATE SUMMARY FOR FEBRUARY 11 2018...

CLIMATE NORMAL PERIOD 1981 TO 2010
CLIMATE RECORD PERIOD 1896 TO 2018


WEATHER ITEM   OBSERVED TIME   RECORD YEAR NORMAL DEPARTURE LAST
                VALUE   (LST)  VALUE       VALUE  FROM      YEAR
                                                  NORMAL
..................................................................
TEMPERATURE (F)
 YESTERDAY
  MAXIMUM         26   1159 PM  67    1999  32     -6       47
  MINIMUM         16   1210 AM -30    1899  21     -5       35
  AVERAGE         21                        26     -5       41

PRECIPITATION (IN)
  YESTERDAY        0.36          0.87 1932   0.06   0.30      T
  MONTH TO DATE    1.39                      0.65   0.74     0.13
  SINCE DEC 1      7.08                      5.23   1.85     5.38
  SINCE JAN 1      4.31                      2.68   1.63     3.16

SNOWFALL (IN)
  YESTERDAY        3.9           8.4  1985   0.7    3.2      0.0
  MONTH TO DATE   19.9                       8.5   11.4      0.3
  SINCE DEC 1     90.6                      65.4   25.2     40.7
  SINCE JUL 1     90.6                      71.6   19.0     41.7
  SNOW DEPTH      12

DEGREE DAYS
 HEATING
  YESTERDAY       44                        39      5       24
  MONTH TO DATE  489                       433     56      402
  SINCE DEC 1   2845                      2738    107     2540
  SINCE JUL 1   4004                      4105   -101     3445

 COOLING
  YESTERDAY        0                         0      0        0
  MONTH TO DATE    0                         0      0        0
  SINCE DEC 1      0                         0      0        0
  SINCE JAN 1      0                         0      0        0
..................................................................


WIND (MPH)
  RESULTANT WIND SPEED   5   RESULTANT WIND DIRECTION  NW (310)
  HIGHEST WIND SPEED    17   HIGHEST WIND DIRECTION     W (290)
  HIGHEST GUST SPEED    23   HIGHEST GUST DIRECTION     W (270)
  AVERAGE WIND SPEED     8.5


SKY COVER
  AVERAGE SKY COVER 0.8


WEATHER CONDITIONS
 THE FOLLOWING WEATHER WAS RECORDED YESTERDAY.
  SNOW
  LIGHT SNOW
  FOG
  HAZE


RELATIVE HUMIDITY (PERCENT)
 HIGHEST    84           500 AM
 LOWEST     60           700 PM
 AVERAGE    72

..........................................................


THE MUSKEGON MI CLIMATE NORMALS FOR TODAY
                         NORMAL    RECORD    YEAR
 MAXIMUM TEMPERATURE (F)   32        52      1984
 MINIMUM TEMPERATURE (F)   21       -29      1899


SUNRISE AND SUNSET
FEBRUARY 12 2018......SUNRISE   747 AM EST   SUNSET   612 PM EST
FEBRUARY 13 2018......SUNRISE   745 AM EST   SUNSET   613 PM EST


-  INDICATES NEGATIVE NUMBERS.
R  INDICATES RECORD WAS SET OR TIED.
MM INDICATES DATA IS MISSING.
T  INDICATES TRACE AMOUNT.




$$
