000
CDUS43 KGRR 160523
CLIMKG


CLIMATE REPORT
NATIONAL WEATHER SERVICE GRAND RAPIDS, MI
1222 AM EST THU FEB 16 2017


...................................

...THE MUSKEGON MI CLIMATE SUMMARY FOR FEBRUARY 15 2017...

CLIMATE NORMAL PERIOD 1981 TO 2010
CLIMATE RECORD PERIOD 1896 TO 2017


WEATHER ITEM   OBSERVED TIME   RECORD YEAR NORMAL DEPARTURE LAST
                VALUE   (LST)  VALUE       VALUE  FROM      YEAR
                                                  NORMAL
..................................................................
TEMPERATURE (F)
 YESTERDAY
  MAXIMUM         33    222 AM  56    1954  33      0       27
  MINIMUM         26    537 PM -12    1901  21      5       18
  AVERAGE         30                        27      3       23

PRECIPITATION (IN)
  YESTERDAY        T             0.43 1992   0.06  -0.06     0.05
  MONTH TO DATE    0.16                      0.90  -0.74     1.45
  SINCE DEC 1      5.41                      5.48  -0.07     8.81
  SINCE JAN 1      3.19                      2.93   0.26     3.91

SNOWFALL (IN)
  YESTERDAY        T             5.2  1990   0.7   -0.7      1.0
  MONTH TO DATE    0.3                      11.3  -11.0      4.2
  SINCE DEC 1     38.1                      68.2  -30.1     46.3
  SINCE JUL 1     39.1                      74.4  -35.3     50.2
  SNOW DEPTH       0

DEGREE DAYS
 HEATING
  YESTERDAY       35                        38     -3       42
  MONTH TO DATE  518                       586    -68      583
  SINCE DEC 1   2656                      2891   -235     2523
  SINCE JUL 1   3561                      4258   -697     3590

 COOLING
  YESTERDAY        0                         0      0        0
  MONTH TO DATE    0                         0      0        0
  SINCE DEC 1      0                         0      0        0
  SINCE JAN 1      0                         0      0        0
..................................................................


WIND (MPH)
  RESULTANT WIND SPEED  13   RESULTANT WIND DIRECTION   N (340)
  HIGHEST WIND SPEED    23   HIGHEST WIND DIRECTION     N (340)
  HIGHEST GUST SPEED    30   HIGHEST GUST DIRECTION    NW (320)
  AVERAGE WIND SPEED    12.2


SKY COVER
  AVERAGE SKY COVER 0.9


WEATHER CONDITIONS
 THE FOLLOWING WEATHER WAS RECORDED YESTERDAY.
  LIGHT SNOW


RELATIVE HUMIDITY (PERCENT)
 HIGHEST    75           600 PM
 LOWEST     54           400 AM
 AVERAGE    65

..........................................................


THE MUSKEGON MI CLIMATE NORMALS FOR TODAY
                         NORMAL    RECORD    YEAR
 MAXIMUM TEMPERATURE (F)   33        51      1921
 MINIMUM TEMPERATURE (F)   21       -18      1904


SUNRISE AND SUNSET
FEBRUARY 16 2017......SUNRISE   741 AM EST   SUNSET   618 PM EST
FEBRUARY 17 2017......SUNRISE   739 AM EST   SUNSET   619 PM EST


-  INDICATES NEGATIVE NUMBERS.
R  INDICATES RECORD WAS SET OR TIED.
MM INDICATES DATA IS MISSING.
T  INDICATES TRACE AMOUNT.




$$
