000
CDUS43 KGRR 182125
CLIMKG


CLIMATE REPORT
NATIONAL WEATHER SERVICE GRAND RAPIDS, MI
524 PM EDT SUN SEP 18 2016


...................................

...THE MUSKEGON MI CLIMATE SUMMARY FOR SEPTEMBER 18 2016...
VALID TODAY AS OF 0500 PM LOCAL TIME.

CLIMATE NORMAL PERIOD 1981 TO 2010
CLIMATE RECORD PERIOD 1896 TO 2016


WEATHER ITEM   OBSERVED TIME   RECORD YEAR NORMAL DEPARTURE LAST
                VALUE   (LST)  VALUE       VALUE  FROM      YEAR
                                                  NORMAL
..................................................................
TEMPERATURE (F)
 TODAY
  MAXIMUM         74   1139 AM  86    1906  71      3       80
  MINIMUM         59    655 AM  34    1995  52      7       67
                                      1973
                                      1959
  AVERAGE         67                        61      6       74

PRECIPITATION (IN)
  TODAY            0.00          2.67 1983   0.13  -0.13     1.07
  MONTH TO DATE    4.79                      2.29   2.50     2.30
  SINCE SEP 1      4.79                      2.29   2.50     2.30
  SINCE JAN 1     29.94                     22.87   7.07    25.43

SNOWFALL (IN)
  TODAY            0.0           T    1952   0.0    0.0      0.0
  MONTH TO DATE    0.0                       0.0    0.0      0.0
  SINCE SEP 1      0.0                       0.0    0.0      0.0
  SINCE JUL 1      0.0                       0.0    0.0      0.0
  SNOW DEPTH       0

DEGREE DAYS
 HEATING
  TODAY            0                         5     -5        0
  MONTH TO DATE    4                        56    -52       21
  SINCE SEP 1      4                        56    -52       21
  SINCE JUL 1     13                        86    -73       53

 COOLING
  TODAY            2                         1      1        9
  MONTH TO DATE   80                        45     35      105
  SINCE SEP 1     80                        45     35      105
  SINCE JAN 1    744                       552    192      559
..................................................................


WIND (MPH)
  RESULTANT WIND SPEED   3   RESULTANT WIND DIRECTION   W (260)
  HIGHEST WIND SPEED    13   HIGHEST WIND DIRECTION     W (290)
  HIGHEST GUST SPEED    17   HIGHEST GUST DIRECTION     W (280)
  AVERAGE WIND SPEED     4.4


SKY COVER
  AVERAGE SKY COVER 0.4


WEATHER CONDITIONS
 THE FOLLOWING WEATHER WAS RECORDED TODAY.
  NO SIGNIFICANT WEATHER WAS OBSERVED.


RELATIVE HUMIDITY (PERCENT)
 HIGHEST    97           400 AM
 LOWEST     57           100 PM
 AVERAGE    77

..........................................................


THE MUSKEGON MI CLIMATE NORMALS FOR TOMORROW
                         NORMAL    RECORD    YEAR
 MAXIMUM TEMPERATURE (F)   70        93      1932
 MINIMUM TEMPERATURE (F)   52        36      1979


SUNRISE AND SUNSET
SEPTEMBER 18 2016.....SUNRISE   728 AM EDT   SUNSET   749 PM EDT
SEPTEMBER 19 2016.....SUNRISE   729 AM EDT   SUNSET   747 PM EDT


-  INDICATES NEGATIVE NUMBERS.
R  INDICATES RECORD WAS SET OR TIED.
MM INDICATES DATA IS MISSING.
T  INDICATES TRACE AMOUNT.




$$

63
