000
CDUS43 KGRR 180516
CLIMKG


CLIMATE REPORT
NATIONAL WEATHER SERVICE GRAND RAPIDS, MI
116 AM EDT MON SEP 18 2017


...................................

...THE MUSKEGON MI CLIMATE SUMMARY FOR SEPTEMBER 17 2017...

CLIMATE NORMAL PERIOD 1981 TO 2010
CLIMATE RECORD PERIOD 1896 TO 2017


WEATHER ITEM   OBSERVED TIME   RECORD YEAR NORMAL DEPARTURE LAST
                VALUE   (LST)  VALUE       VALUE  FROM      YEAR
                                                  NORMAL
..................................................................
TEMPERATURE (F)
 YESTERDAY
  MAXIMUM         79    238 PM  88    1955  71      8       76
  MINIMUM         63   1159 PM  36    1990  52     11       66
                                      1959
  AVERAGE         71                        62      9       71

PRECIPITATION (IN)
  YESTERDAY        0.00          1.60 1987   0.14  -0.14     0.27
  MONTH TO DATE    0.79                      2.16  -1.37     4.79
  SINCE SEP 1      0.79                      2.16  -1.37     4.79
  SINCE JAN 1     21.95                     22.74  -0.79    29.94

SNOWFALL (IN)
  YESTERDAY        0.0          MM      MM   0.0    0.0      0.0
  MONTH TO DATE    0.0                       0.0    0.0      0.0
  SINCE SEP 1      0.0                       0.0    0.0      0.0
  SINCE JUL 1      0.0                       0.0    0.0      0.0
  SNOW DEPTH       0

DEGREE DAYS
 HEATING
  YESTERDAY        0                         5     -5        0
  MONTH TO DATE   68                        51     17        4
  SINCE SEP 1     68                        51     17        4
  SINCE JUL 1     81                        81      0       13

 COOLING
  YESTERDAY        6                         1      5        6
  MONTH TO DATE   20                        44    -24       78
  SINCE SEP 1     20                        44    -24       78
  SINCE JAN 1    514                       551    -37      742
..................................................................


WIND (MPH)
  RESULTANT WIND SPEED   4   RESULTANT WIND DIRECTION  SW (210)
  HIGHEST WIND SPEED    17   HIGHEST WIND DIRECTION     S (200)
  HIGHEST GUST SPEED    23   HIGHEST GUST DIRECTION     S (200)
  AVERAGE WIND SPEED     8.8


SKY COVER
  AVERAGE SKY COVER 0.5


WEATHER CONDITIONS
 THE FOLLOWING WEATHER WAS RECORDED YESTERDAY.
  NO SIGNIFICANT WEATHER WAS OBSERVED.


RELATIVE HUMIDITY (PERCENT)
 HIGHEST    87           300 AM
 LOWEST     62          1200 PM
 AVERAGE    75

..........................................................


THE MUSKEGON MI CLIMATE NORMALS FOR TODAY
                         NORMAL    RECORD    YEAR
 MAXIMUM TEMPERATURE (F)   71        86      1906
 MINIMUM TEMPERATURE (F)   52        34      1995
                                             1973
                                             1959


SUNRISE AND SUNSET
SEPTEMBER 18 2017.....SUNRISE   728 AM EDT   SUNSET   749 PM EDT
SEPTEMBER 19 2017.....SUNRISE   729 AM EDT   SUNSET   747 PM EDT


-  INDICATES NEGATIVE NUMBERS.
R  INDICATES RECORD WAS SET OR TIED.
MM INDICATES DATA IS MISSING.
T  INDICATES TRACE AMOUNT.




$$
