000
CDUS43 KGRR 062124
CLIMKG


CLIMATE REPORT
NATIONAL WEATHER SERVICE GRAND RAPIDS, MI
524 PM EDT SUN JUL 6 2014


...................................

...THE MUSKEGON MI CLIMATE SUMMARY FOR JULY 6 2014...
VALID TODAY AS OF 0500 PM LOCAL TIME.

CLIMATE NORMAL PERIOD 1981 TO 2010
CLIMATE RECORD PERIOD 1895 TO 2014


WEATHER ITEM   OBSERVED TIME   RECORD YEAR NORMAL DEPARTURE LAST
                VALUE   (LST)  VALUE       VALUE  FROM      YEAR
                                                  NORMAL
..................................................................
TEMPERATURE (F)
 TODAY
  MAXIMUM         79    337 PM  99    2012  80     -1       83
  MINIMUM         63    442 AM  41    1983  61      2       66
  AVERAGE         71                        71      0       75

PRECIPITATION (IN)
  TODAY            0.00          0.70 1927   0.07  -0.07     0.00
  MONTH TO DATE    0.13                      0.44  -0.31     0.45
  SINCE JUN 1      7.15                      2.99   4.16     4.78
  SINCE JAN 1     20.45                     15.26   5.19    27.47

SNOWFALL (IN)
  TODAY            0.0          MM      MM   0.0    0.0      0.0
  MONTH TO DATE    0.0                       0.0    0.0      0.0
  SINCE JUN 1      0.0                       0.0    0.0      0.0
  SINCE JUL 1      0.0                       0.0    0.0      0.0
  SNOW DEPTH       0

DEGREE DAYS
 HEATING
  TODAY            0                         0      0        0
  MONTH TO DATE    2                         4     -2        2
  SINCE JUN 1     33                        70    -37       54
  SINCE JUL 1      2                         4     -2        2

 COOLING
  TODAY            6                         6      0       10
  MONTH TO DATE   11                        36    -25       30
  SINCE JUN 1    143                       141      2      130
  SINCE JAN 1    160                       170    -10      190
..................................................................


WIND (MPH)
  RESULTANT WIND SPEED  12   RESULTANT WIND DIRECTION  SW (210)
  HIGHEST WIND SPEED    21   HIGHEST WIND DIRECTION     S (190)
  HIGHEST GUST SPEED    26   HIGHEST GUST DIRECTION     S (200)
  AVERAGE WIND SPEED    12.7


SKY COVER
  AVERAGE SKY COVER 0.7


WEATHER CONDITIONS
 THE FOLLOWING WEATHER WAS RECORDED TODAY.
  NO SIGNIFICANT WEATHER WAS OBSERVED.


RELATIVE HUMIDITY (PERCENT)
 HIGHEST    78           500 AM
 LOWEST     61          1200 AM
 AVERAGE    70

..........................................................


THE MUSKEGON MI CLIMATE NORMALS FOR TOMORROW
                         NORMAL    RECORD    YEAR
 MAXIMUM TEMPERATURE (F)   80        93      1988
                                             1897
 MINIMUM TEMPERATURE (F)   61        45      1984
                                             1983


SUNRISE AND SUNSET
JULY  6 2014..........SUNRISE   612 AM EDT   SUNSET   927 PM EDT
JULY  7 2014..........SUNRISE   613 AM EDT   SUNSET   927 PM EDT


-  INDICATES NEGATIVE NUMBERS.
R  INDICATES RECORD WAS SET OR TIED.
MM INDICATES DATA IS MISSING.
T  INDICATES TRACE AMOUNT.




$$
