000
CDUS43 KGRR 130530
CLIMKG


CLIMATE REPORT
NATIONAL WEATHER SERVICE GRAND RAPIDS, MI
129 AM EDT THU JUL 13 2017


...................................

...THE MUSKEGON MI CLIMATE SUMMARY FOR JULY 12 2017...

CLIMATE NORMAL PERIOD 1981 TO 2010
CLIMATE RECORD PERIOD 1896 TO 2017


WEATHER ITEM   OBSERVED TIME   RECORD YEAR NORMAL DEPARTURE LAST
                VALUE   (LST)  VALUE       VALUE  FROM      YEAR
                                                  NORMAL
..................................................................
TEMPERATURE (F)
 YESTERDAY
  MAXIMUM         80    523 PM  92    1930  81     -1       89
  MINIMUM         70   1056 AM  45    1978  62      8       71
  AVERAGE         75                        71      4       80

PRECIPITATION (IN)
  YESTERDAY        0.28          1.51 2014   0.07   0.21     0.00
  MONTH TO DATE    1.14                      0.86   0.28     1.01
  SINCE JUN 1      4.78                      3.41   1.37     3.35
  SINCE JAN 1     19.26                     15.68   3.58    17.28

SNOWFALL (IN)
  YESTERDAY        0.0          MM      MM   0.0    0.0      0.0
  MONTH TO DATE    0.0                       0.0    0.0      0.0
  SINCE JUN 1      0.0                       0.0    0.0      0.0
  SINCE JUL 1      0.0                       0.0    0.0      0.0
  SNOW DEPTH       0

DEGREE DAYS
 HEATING
  YESTERDAY        0                         0      0        0
  MONTH TO DATE    0                         4     -4        8
  SINCE JUN 1     34                        70    -36       46
  SINCE JUL 1      0                         4     -4        8

 COOLING
  YESTERDAY       10                         7      3       15
  MONTH TO DATE   79                        75      4       72
  SINCE JUN 1    209                       180     29      189
  SINCE JAN 1    231                       209     22      233
..................................................................


WIND (MPH)
  RESULTANT WIND SPEED  10   RESULTANT WIND DIRECTION   S (200)
  HIGHEST WIND SPEED    23   HIGHEST WIND DIRECTION     S (170)
  HIGHEST GUST SPEED    29   HIGHEST GUST DIRECTION     S (170)
  AVERAGE WIND SPEED    11.8


SKY COVER
  AVERAGE SKY COVER 0.7


WEATHER CONDITIONS
 THE FOLLOWING WEATHER WAS RECORDED YESTERDAY.
  THUNDERSTORM
  RAIN
  LIGHT RAIN
  FOG


RELATIVE HUMIDITY (PERCENT)
 HIGHEST    93           300 AM
 LOWEST     67           400 PM
 AVERAGE    80

..........................................................


THE MUSKEGON MI CLIMATE NORMALS FOR TODAY
                         NORMAL    RECORD    YEAR
 MAXIMUM TEMPERATURE (F)   81        93      1995
 MINIMUM TEMPERATURE (F)   62        45      1940
                                             1929


SUNRISE AND SUNSET
JULY 13 2017..........SUNRISE   617 AM EDT   SUNSET   924 PM EDT
JULY 14 2017..........SUNRISE   618 AM EDT   SUNSET   923 PM EDT


-  INDICATES NEGATIVE NUMBERS.
R  INDICATES RECORD WAS SET OR TIED.
MM INDICATES DATA IS MISSING.
T  INDICATES TRACE AMOUNT.




$$
