707
CDUS43 KGRR 142226
CLIMKG


CLIMATE REPORT
NATIONAL WEATHER SERVICE GRAND RAPIDS, MI
525 PM EST WED FEB 14 2018


...................................

...THE MUSKEGON MI CLIMATE SUMMARY FOR FEBRUARY 14 2018...
VALID TODAY AS OF 0500 PM LOCAL TIME.

CLIMATE NORMAL PERIOD 1981 TO 2010
CLIMATE RECORD PERIOD 1896 TO 2018


WEATHER ITEM   OBSERVED TIME   RECORD YEAR NORMAL DEPARTURE LAST
                VALUE   (LST)  VALUE       VALUE  FROM      YEAR
                                                  NORMAL
..................................................................
TEMPERATURE (F)
 TODAY
  MAXIMUM         43    454 PM  56    1954  33     10       45
  MINIMUM         29    117 AM -11    1902  21      8       33
  AVERAGE         36                        27      9       39

PRECIPITATION (IN)
  TODAY            0.00          0.68 2005   0.06  -0.06      T
  MONTH TO DATE    1.39                      0.84   0.55     0.16
  SINCE DEC 1      7.08                      5.42   1.66     5.41
  SINCE JAN 1      4.31                      2.87   1.44     3.19

SNOWFALL (IN)
  TODAY            0.0           7.2  1946   0.7   -0.7       T
  MONTH TO DATE   19.9                      10.6    9.3      0.3
  SINCE DEC 1     90.6                      67.5   23.1     40.7
  SINCE JUL 1     90.6                      73.7   16.9     41.7
  SNOW DEPTH      11

DEGREE DAYS
 HEATING
  TODAY           29                        38     -9       26
  MONTH TO DATE  615                       548     67      483
  SINCE DEC 1   2971                      2853    118     2621
  SINCE JUL 1   4130                      4220    -90     3526

 COOLING
  TODAY            0                         0      0        0
  MONTH TO DATE    0                         0      0        0
  SINCE DEC 1      0                         0      0        0
  SINCE JAN 1      0                         0      0        0
..................................................................


WIND (MPH)
  RESULTANT WIND SPEED  13   RESULTANT WIND DIRECTION   S (200)
  HIGHEST WIND SPEED    22   HIGHEST WIND DIRECTION     S (200)
  HIGHEST GUST SPEED    29   HIGHEST GUST DIRECTION     S (180)
  AVERAGE WIND SPEED    13.0


SKY COVER
  AVERAGE SKY COVER 0.2


WEATHER CONDITIONS
 THE FOLLOWING WEATHER WAS RECORDED TODAY.
  FOG
  HAZE


RELATIVE HUMIDITY (PERCENT)
 HIGHEST    85           700 AM
 LOWEST     62           500 PM
 AVERAGE    74

..........................................................


THE MUSKEGON MI CLIMATE NORMALS FOR TOMORROW
                         NORMAL    RECORD    YEAR
 MAXIMUM TEMPERATURE (F)   33        56      1954
 MINIMUM TEMPERATURE (F)   21       -12      1901


SUNRISE AND SUNSET
FEBRUARY 14 2018......SUNRISE   744 AM EST   SUNSET   615 PM EST
FEBRUARY 15 2018......SUNRISE   743 AM EST   SUNSET   616 PM EST


-  INDICATES NEGATIVE NUMBERS.
R  INDICATES RECORD WAS SET OR TIED.
MM INDICATES DATA IS MISSING.
T  INDICATES TRACE AMOUNT.




$$
