000
CDUS43 KGRR 161349
CLIMKG


CLIMATE REPORT
NATIONAL WEATHER SERVICE GRAND RAPIDS, MI
948 AM EDT SAT MAY 16 2015


...................................

...THE MUSKEGON MI CLIMATE SUMMARY FOR MAY 16 2015...
VALID AS OF 0900 AM LOCAL TIME.

CLIMATE NORMAL PERIOD 1981 TO 2010
CLIMATE RECORD PERIOD 1896 TO 2015


WEATHER ITEM   OBSERVED TIME   RECORD YEAR NORMAL DEPARTURE LAST
                VALUE   (LST)  VALUE       VALUE  FROM      YEAR
                                                  NORMAL
..................................................................
TEMPERATURE (F)
 TODAY
  MAXIMUM         61    759 AM  85    1977  67     -6       48
  MINIMUM         55    412 AM  29    1997  47      8       30
  AVERAGE         58                        57      1       39

PRECIPITATION (IN)
  TODAY            0.03          1.50 1923   0.10  -0.07     0.00
  MONTH TO DATE    2.28                      1.65   0.63     3.38
  SINCE MAR 1      8.13                      6.81   1.32     7.83
  SINCE JAN 1     11.42                     10.67   0.75    12.96

SNOWFALL (IN)
  TODAY            0.0           0.0    MM   0.0    0.0      0.0
  MONTH TO DATE    0.0                       0.0    0.0      0.0
  SINCE MAR 1      4.0                      11.3   -7.3      9.1
  SINCE JUL 1     92.1                      93.7   -1.6    132.7
  SNOW DEPTH       0

DEGREE DAYS
 HEATING
  TODAY            7                         9     -2       26
  MONTH TO DATE  113                       174    -61      190
  SINCE MAR 1   1655                      1660     -5     1955
  SINCE JUL 1   6780                      6392    388     7095

 COOLING
  TODAY            0                         1     -1        0
  MONTH TO DATE   12                         8      4        7
  SINCE MAR 1     12                        12      0        7
  SINCE JAN 1     12                        12      0        7
..................................................................


WIND (MPH)
  RESULTANT WIND SPEED   1   RESULTANT WIND DIRECTION   N (350)
  HIGHEST WIND SPEED     7   HIGHEST WIND DIRECTION     S (180)
  HIGHEST GUST SPEED     8   HIGHEST GUST DIRECTION    SE (130)
  AVERAGE WIND SPEED     0.6


SKY COVER
  AVERAGE SKY COVER 0.8


WEATHER CONDITIONS
 THE FOLLOWING WEATHER WAS RECORDED TODAY.
  LIGHT RAIN
  FOG
  FOG W/VISIBILITY <= 1/4 MILE


RELATIVE HUMIDITY (PERCENT)
 HIGHEST    93          1200 AM
 LOWEST     86           200 AM
 AVERAGE    90

..........................................................


THE MUSKEGON MI CLIMATE NORMALS FOR TOMORROW
                         NORMAL    RECORD    YEAR
 MAXIMUM TEMPERATURE (F)   67        88      1962
 MINIMUM TEMPERATURE (F)   47        28      1983


SUNRISE AND SUNSET
MAY 16 2015...........SUNRISE   620 AM EDT   SUNSET   903 PM EDT
MAY 17 2015...........SUNRISE   619 AM EDT   SUNSET   904 PM EDT


-  INDICATES NEGATIVE NUMBERS.
R  INDICATES RECORD WAS SET OR TIED.
MM INDICATES DATA IS MISSING.
T  INDICATES TRACE AMOUNT.




$$
