000
CDUS43 KGRR 230511
CLIMKG


CLIMATE REPORT
NATIONAL WEATHER SERVICE GRAND RAPIDS, MI
111 AM EDT WED JUL 23 2014


...................................

...THE MUSKEGON MI CLIMATE SUMMARY FOR JULY 22 2014...

CLIMATE NORMAL PERIOD 1981 TO 2010
CLIMATE RECORD PERIOD 1895 TO 2014


WEATHER ITEM   OBSERVED TIME   RECORD YEAR NORMAL DEPARTURE LAST
                VALUE   (LST)  VALUE       VALUE  FROM      YEAR
                                                  NORMAL
..................................................................
TEMPERATURE (F)
 YESTERDAY
  MAXIMUM         85    400 PM  93    1901  81      4       83
  MINIMUM         67    239 AM  46    1947  62      5       64
  AVERAGE         76                        71      5       74

PRECIPITATION (IN)
  YESTERDAY        1.21          1.39 2010   0.08   1.13     0.00
  MONTH TO DATE    3.70                      1.60   2.10     0.63
  SINCE JUN 1     10.72                      4.15   6.57     4.96
  SINCE JAN 1     24.02                     16.42   7.60    27.65

SNOWFALL (IN)
  YESTERDAY        0.0          MM      MM   0.0    0.0      0.0
  MONTH TO DATE    0.0                       0.0    0.0      0.0
  SINCE JUN 1      0.0                       0.0    0.0      0.0
  SINCE JUL 1      0.0                       0.0    0.0      0.0
  SNOW DEPTH       0

DEGREE DAYS
 HEATING
  YESTERDAY        0                         0      0        0
  MONTH TO DATE   15                         4     11        2
  SINCE JUN 1     46                        70    -24       54
  SINCE JUL 1     15                         4     11        2

 COOLING
  YESTERDAY       11                         7      4        9
  MONTH TO DATE   60                       145    -85      210
  SINCE JUN 1    195                       250    -55      310
  SINCE JAN 1    212                       279    -67      370
..................................................................


WIND (MPH)
  RESULTANT WIND SPEED  12   RESULTANT WIND DIRECTION   S (190)
  HIGHEST WIND SPEED    26   HIGHEST WIND DIRECTION     N (350)
  HIGHEST GUST SPEED    35   HIGHEST GUST DIRECTION     S (190)
  AVERAGE WIND SPEED    12.9


SKY COVER
  AVERAGE SKY COVER 0.5


WEATHER CONDITIONS
 THE FOLLOWING WEATHER WAS RECORDED YESTERDAY.
  THUNDERSTORM
  HEAVY RAIN
  LIGHT RAIN
  FOG
  HAZE


RELATIVE HUMIDITY (PERCENT)
 HIGHEST    93          1000 PM
 LOWEST     55           300 PM
 AVERAGE    74

..........................................................


THE MUSKEGON MI CLIMATE NORMALS FOR TODAY
                         NORMAL    RECORD    YEAR
 MAXIMUM TEMPERATURE (F)   81        94      1965
 MINIMUM TEMPERATURE (F)   62        42      1921


SUNRISE AND SUNSET
JULY 23 2014..........SUNRISE   626 AM EDT   SUNSET   916 PM EDT
JULY 24 2014..........SUNRISE   627 AM EDT   SUNSET   915 PM EDT


-  INDICATES NEGATIVE NUMBERS.
R  INDICATES RECORD WAS SET OR TIED.
MM INDICATES DATA IS MISSING.
T  INDICATES TRACE AMOUNT.




$$
