000
CDUS43 KGRR 120522
CLIMKG


CLIMATE REPORT
NATIONAL WEATHER SERVICE GRAND RAPIDS, MI
121 AM EDT THU MAY 12 2016


...................................

...THE MUSKEGON MI CLIMATE SUMMARY FOR MAY 11 2016...

CLIMATE NORMAL PERIOD 1981 TO 2010
CLIMATE RECORD PERIOD 1896 TO 2016


WEATHER ITEM   OBSERVED TIME   RECORD YEAR NORMAL DEPARTURE LAST
                VALUE   (LST)  VALUE       VALUE  FROM      YEAR
                                                  NORMAL
..................................................................
TEMPERATURE (F)
 YESTERDAY
  MAXIMUM         75    318 PM  87    1930  65     10       66
  MINIMUM         51    301 AM  30    1949  45      6       47
                                      1913
                                      1907
  AVERAGE         63                        55      8       57

PRECIPITATION (IN)
  YESTERDAY        0.00          2.07 2006   0.11  -0.11     0.56
  MONTH TO DATE    1.28                      1.13   0.15     1.93
  SINCE MAR 1      8.62                      6.29   2.33     7.78
  SINCE JAN 1     12.83                     10.15   2.68    11.07

SNOWFALL (IN)
  YESTERDAY        0.0           T    1949   0.0    0.0      0.0
  MONTH TO DATE    0.0                       0.0    0.0      0.0
  SINCE MAR 1      7.3                      11.3   -4.0      4.0
  SINCE JUL 1     61.8                      93.7  -31.9     92.1
  SNOW DEPTH       0

DEGREE DAYS
 HEATING
  YESTERDAY        2                        10     -8        8
  MONTH TO DATE  135                       127      8       56
  SINCE MAR 1   1479                      1613   -134     1598
  SINCE JUL 1   5499                      6345   -846     6723

 COOLING
  YESTERDAY        0                         1     -1        0
  MONTH TO DATE    0                         3     -3       12
  SINCE MAR 1      0                         7     -7       12
  SINCE JAN 1      0                         7     -7       12
..................................................................


WIND (MPH)
  RESULTANT WIND SPEED   6   RESULTANT WIND DIRECTION   E (100)
  HIGHEST WIND SPEED    15   HIGHEST WIND DIRECTION    SE (130)
  HIGHEST GUST SPEED    19   HIGHEST GUST DIRECTION    SE (120)
  AVERAGE WIND SPEED     7.4


SKY COVER
  AVERAGE SKY COVER 0.9


WEATHER CONDITIONS
 THE FOLLOWING WEATHER WAS RECORDED YESTERDAY.
  NO SIGNIFICANT WEATHER WAS OBSERVED.


RELATIVE HUMIDITY (PERCENT)
 HIGHEST    83          1200 AM
 LOWEST     53           400 PM
 AVERAGE    68

..........................................................


THE MUSKEGON MI CLIMATE NORMALS FOR TODAY
                         NORMAL    RECORD    YEAR
 MAXIMUM TEMPERATURE (F)   66        83      2011
 MINIMUM TEMPERATURE (F)   46        32      1996
                                             1951
                                             1946


SUNRISE AND SUNSET
MAY 12 2016...........SUNRISE   624 AM EDT   SUNSET   859 PM EDT
MAY 13 2016...........SUNRISE   623 AM EDT   SUNSET   900 PM EDT


-  INDICATES NEGATIVE NUMBERS.
R  INDICATES RECORD WAS SET OR TIED.
MM INDICATES DATA IS MISSING.
T  INDICATES TRACE AMOUNT.




$$
