000
CDUS43 KGRR 220520
CLIMKG


CLIMATE REPORT
NATIONAL WEATHER SERVICE GRAND RAPIDS, MI
1220 AM EST THU FEB 22 2018


...................................

...THE MUSKEGON MI CLIMATE SUMMARY FOR FEBRUARY 21 2018...

CLIMATE NORMAL PERIOD 1981 TO 2010
CLIMATE RECORD PERIOD 1896 TO 2018


WEATHER ITEM   OBSERVED TIME   RECORD YEAR NORMAL DEPARTURE LAST
                VALUE   (LST)  VALUE       VALUE  FROM      YEAR
                                                  NORMAL
..................................................................
TEMPERATURE (F)
 YESTERDAY
  MAXIMUM         35   1214 AM  58    2017  35      0       58
                                      1930
  MINIMUM         25   1151 PM -10    1936  22      3       41
  AVERAGE         30                        28      2       50

PRECIPITATION (IN)
  YESTERDAY        0.02          1.44 1997   0.06  -0.04     0.13
  MONTH TO DATE    3.74                      1.31   2.43     0.29
  SINCE DEC 1      9.43                      5.89   3.54     5.54
  SINCE JAN 1      6.66                      3.34   3.32     3.32

SNOWFALL (IN)
  YESTERDAY        T             8.0  2009   0.6   -0.6      0.0
  MONTH TO DATE   20.9                      15.4    5.5      0.3
  SINCE DEC 1     91.6                      72.3   19.3     40.7
  SINCE JUL 1     91.6                      78.5   13.1     41.7
  SNOW DEPTH       0

DEGREE DAYS
 HEATING
  YESTERDAY       35                        37     -2       15
  MONTH TO DATE  822                       810     12      656
  SINCE DEC 1   3178                      3115     63     2794
  SINCE JUL 1   4337                      4482   -145     3699

 COOLING
  YESTERDAY        0                         0      0        0
  MONTH TO DATE    0                         0      0        0
  SINCE DEC 1      0                         0      0        0
  SINCE JAN 1      0                         0      0        0
..................................................................


WIND (MPH)
  RESULTANT WIND SPEED  10   RESULTANT WIND DIRECTION  NW (330)
  HIGHEST WIND SPEED    20   HIGHEST WIND DIRECTION    NW (330)
  HIGHEST GUST SPEED    24   HIGHEST GUST DIRECTION    NW (320)
  AVERAGE WIND SPEED    10.0


SKY COVER
  AVERAGE SKY COVER 0.9


WEATHER CONDITIONS
 THE FOLLOWING WEATHER WAS RECORDED YESTERDAY.
  LIGHT RAIN
  SLEET
  FOG


RELATIVE HUMIDITY (PERCENT)
 HIGHEST    82          1200 AM
 LOWEST     56           200 PM
 AVERAGE    69

..........................................................


THE MUSKEGON MI CLIMATE NORMALS FOR TODAY
                         NORMAL    RECORD    YEAR
 MAXIMUM TEMPERATURE (F)   35        61      2017
 MINIMUM TEMPERATURE (F)   22       -16      1936


SUNRISE AND SUNSET
FEBRUARY 22 2018......SUNRISE   732 AM EST   SUNSET   625 PM EST
FEBRUARY 23 2018......SUNRISE   731 AM EST   SUNSET   626 PM EST


-  INDICATES NEGATIVE NUMBERS.
R  INDICATES RECORD WAS SET OR TIED.
MM INDICATES DATA IS MISSING.
T  INDICATES TRACE AMOUNT.




$$
