000
CDUS43 KGRR 260515
CLIMKG


CLIMATE REPORT
NATIONAL WEATHER SERVICE GRAND RAPIDS, MI
114 AM EDT TUE MAY 26 2015


...................................

...THE MUSKEGON MI CLIMATE SUMMARY FOR MAY 25 2015...

CLIMATE NORMAL PERIOD 1981 TO 2010
CLIMATE RECORD PERIOD 1896 TO 2015


WEATHER ITEM   OBSERVED TIME   RECORD YEAR NORMAL DEPARTURE LAST
                VALUE   (LST)  VALUE       VALUE  FROM      YEAR
                                                  NORMAL
..................................................................
TEMPERATURE (F)
 YESTERDAY
  MAXIMUM         75   1110 AM  88    1977  70      5       77
  MINIMUM         62   1256 PM  32    1992  50     12       46
  AVERAGE         69                        60      9       62

PRECIPITATION (IN)
  YESTERDAY        T             1.85 1991   0.11  -0.11     0.00
  MONTH TO DATE    2.41                      2.65  -0.24     3.71
  SINCE MAR 1      8.26                      7.81   0.45     8.16
  SINCE JAN 1     11.55                     11.67  -0.12    13.29

SNOWFALL (IN)
  YESTERDAY        0.0           T    1989   0.0    0.0      0.0
  MONTH TO DATE    0.0                       0.0    0.0      0.0
  SINCE MAR 1      4.0                      11.3   -7.3      9.1
  SINCE JUL 1     92.1                      93.7   -1.6    132.7
  SNOW DEPTH       0

DEGREE DAYS
 HEATING
  YESTERDAY        0                         7     -7        3
  MONTH TO DATE  188                       243    -55      257
  SINCE MAR 1   1730                      1729      1     2022
  SINCE JUL 1   6855                      6461    394     7162

 COOLING
  YESTERDAY        4                         1      3        0
  MONTH TO DATE   26                        17      9        7
  SINCE MAR 1     26                        21      5        7
  SINCE JAN 1     26                        21      5        7
..................................................................


WIND (MPH)
  RESULTANT WIND SPEED  15   RESULTANT WIND DIRECTION   S (200)
  HIGHEST WIND SPEED    28   HIGHEST WIND DIRECTION     S (200)
  HIGHEST GUST SPEED    38   HIGHEST GUST DIRECTION     S (180)
  AVERAGE WIND SPEED    15.9


SKY COVER
  AVERAGE SKY COVER 0.6


WEATHER CONDITIONS
 THE FOLLOWING WEATHER WAS RECORDED YESTERDAY.
  LIGHT RAIN


RELATIVE HUMIDITY (PERCENT)
 HIGHEST    84           100 AM
 LOWEST     57           300 AM
 AVERAGE    71

..........................................................


THE MUSKEGON MI CLIMATE NORMALS FOR TODAY
                         NORMAL    RECORD    YEAR
 MAXIMUM TEMPERATURE (F)   70        87      2010
 MINIMUM TEMPERATURE (F)   50        30      1961


SUNRISE AND SUNSET
MAY 26 2015...........SUNRISE   612 AM EDT   SUNSET   913 PM EDT
MAY 27 2015...........SUNRISE   611 AM EDT   SUNSET   914 PM EDT


-  INDICATES NEGATIVE NUMBERS.
R  INDICATES RECORD WAS SET OR TIED.
MM INDICATES DATA IS MISSING.
T  INDICATES TRACE AMOUNT.




$$
