000
CDUS43 KGRR 222237
CLIMKG


CLIMATE REPORT
NATIONAL WEATHER SERVICE GRAND RAPIDS, MI
536 PM EST SUN FEB 22 2015


...................................

...THE MUSKEGON MI CLIMATE SUMMARY FOR FEBRUARY 22 2015...
VALID TODAY AS OF 0500 PM LOCAL TIME.

CLIMATE NORMAL PERIOD 1981 TO 2010
CLIMATE RECORD PERIOD 1896 TO 2015


WEATHER ITEM   OBSERVED TIME   RECORD YEAR NORMAL DEPARTURE LAST
                VALUE   (LST)  VALUE       VALUE  FROM      YEAR
                                                  NORMAL
..................................................................
TEMPERATURE (F)
 TODAY
  MAXIMUM         27    358 AM  55    1930  35     -8       29
  MINIMUM         12    459 PM -16    1936  22    -10       24
  AVERAGE         20                        28     -8       27

PRECIPITATION (IN)
  TODAY            T             2.12 1922   0.08  -0.08     0.00
  MONTH TO DATE    1.44                      1.39   0.05     1.74
  SINCE DEC 1      4.88                      5.97  -1.09     7.76
  SINCE JAN 1      3.16                      3.42  -0.26     5.06

SNOWFALL (IN)
  TODAY            T             4.8  2013   0.6   -0.6      0.0
  MONTH TO DATE   26.8                      16.0   10.8     25.2
  SINCE DEC 1     60.7                      72.9  -12.2    112.8
  SINCE JUL 1     85.2                      79.1    6.1    121.7
  SNOW DEPTH      19

DEGREE DAYS
 HEATING
  TODAY           45                        37      8       38
  MONTH TO DATE 1044                       847    197      989
  SINCE DEC 1   3318                      3152    166     3561
  SINCE JUL 1   4801                      4519    282     4832

 COOLING
  TODAY            0                         0      0        0
  MONTH TO DATE    0                         0      0        0
  SINCE DEC 1      0                         0      0        0
  SINCE JAN 1      0                         0      0        0
..................................................................


WIND (MPH)
  RESULTANT WIND SPEED   9   RESULTANT WIND DIRECTION  NW (330)
  HIGHEST WIND SPEED    22   HIGHEST WIND DIRECTION    NW (320)
  HIGHEST GUST SPEED    28   HIGHEST GUST DIRECTION    NW (320)
  AVERAGE WIND SPEED    10.1


SKY COVER
  AVERAGE SKY COVER 1.0


WEATHER CONDITIONS
 THE FOLLOWING WEATHER WAS RECORDED TODAY.
  LIGHT SNOW
  FOG
  HAZE
  BLOWING SNOW


RELATIVE HUMIDITY (PERCENT)
 HIGHEST    91           100 AM
 LOWEST     61          1200 PM
 AVERAGE    76

..........................................................


THE MUSKEGON MI CLIMATE NORMALS FOR TOMORROW
                         NORMAL    RECORD    YEAR
 MAXIMUM TEMPERATURE (F)   35        60      2000
 MINIMUM TEMPERATURE (F)   22        -9      1934


SUNRISE AND SUNSET
FEBRUARY 22 2015......SUNRISE   733 AM EST   SUNSET   625 PM EST
FEBRUARY 23 2015......SUNRISE   731 AM EST   SUNSET   626 PM EST


-  INDICATES NEGATIVE NUMBERS.
R  INDICATES RECORD WAS SET OR TIED.
MM INDICATES DATA IS MISSING.
T  INDICATES TRACE AMOUNT.




$$

JAM
