000
CDUS43 KGRR 180523
CLIMKG


CLIMATE REPORT
NATIONAL WEATHER SERVICE GRAND RAPIDS, MI
119 AM EDT MON APR 18 2016


...................................

...THE MUSKEGON MI CLIMATE SUMMARY FOR APRIL 17 2016...

CLIMATE NORMAL PERIOD 1981 TO 2010
CLIMATE RECORD PERIOD 1896 TO 2016


WEATHER ITEM   OBSERVED TIME   RECORD YEAR NORMAL DEPARTURE LAST
                VALUE   (LST)  VALUE       VALUE  FROM      YEAR
                                                  NORMAL
..................................................................
TEMPERATURE (F)
 YESTERDAY
  MAXIMUM         78   1220 PM  81    1977  57     21       66
  MINIMUM         45    553 AM  22    1948  38      7       35
  AVERAGE         62                        47     15       51

PRECIPITATION (IN)
  YESTERDAY        0.00          1.05 1969   0.10  -0.10     0.00
  MONTH TO DATE    1.08                      1.65  -0.57     4.23
  SINCE MAR 1      6.02                      3.90   2.12     5.36
  SINCE JAN 1     10.23                      7.76   2.47     8.65

SNOWFALL (IN)
  YESTERDAY        0.0           0.6  1956   0.1   -0.1      0.0
  MONTH TO DATE    2.4                       2.1    0.3      0.0
  SINCE MAR 1      7.3                      11.1   -3.8      4.0
  SINCE JUL 1     61.8                      93.5  -31.7     92.1
  SNOW DEPTH       0

DEGREE DAYS
 HEATING
  YESTERDAY        3                        18    -15       14
  MONTH TO DATE  407                       357     50      302
  SINCE MAR 1   1182                      1287   -105     1309
  SINCE JUL 1   5202                      6019   -817     6434

 COOLING
  YESTERDAY        0                         0      0        0
  MONTH TO DATE    0                         0      0        0
  SINCE MAR 1      0                         0      0        0
  SINCE JAN 1      0                         0      0        0
..................................................................


WIND (MPH)
  RESULTANT WIND SPEED   0   RESULTANT WIND DIRECTION  SW (210)
  HIGHEST WIND SPEED    12   HIGHEST WIND DIRECTION    SW (240)
  HIGHEST GUST SPEED    14   HIGHEST GUST DIRECTION     W (260)
  AVERAGE WIND SPEED     4.8


SKY COVER
  AVERAGE SKY COVER 0.2


WEATHER CONDITIONS
 THE FOLLOWING WEATHER WAS RECORDED YESTERDAY.
  NO SIGNIFICANT WEATHER WAS OBSERVED.


RELATIVE HUMIDITY (PERCENT)
 HIGHEST    60           600 AM
 LOWEST     23          1100 AM
 AVERAGE    42

..........................................................


THE MUSKEGON MI CLIMATE NORMALS FOR TODAY
                         NORMAL    RECORD    YEAR
 MAXIMUM TEMPERATURE (F)   57        84      2002
 MINIMUM TEMPERATURE (F)   38        20      1907


SUNRISE AND SUNSET
APRIL 18 2016.........SUNRISE   657 AM EDT   SUNSET   832 PM EDT
APRIL 19 2016.........SUNRISE   656 AM EDT   SUNSET   833 PM EDT


-  INDICATES NEGATIVE NUMBERS.
R  INDICATES RECORD WAS SET OR TIED.
MM INDICATES DATA IS MISSING.
T  INDICATES TRACE AMOUNT.




$$
