000
CDUS43 KGRR 230518
CLIMKG


CLIMATE REPORT
NATIONAL WEATHER SERVICE GRAND RAPIDS, MI
118 AM EDT SUN AUG 23 2015


...................................

...THE MUSKEGON MI CLIMATE SUMMARY FOR AUGUST 22 2015...

CLIMATE NORMAL PERIOD 1981 TO 2010
CLIMATE RECORD PERIOD 1896 TO 2015


WEATHER ITEM   OBSERVED TIME   RECORD YEAR NORMAL DEPARTURE LAST
                VALUE   (LST)  VALUE       VALUE  FROM      YEAR
                                                  NORMAL
..................................................................
TEMPERATURE (F)
 YESTERDAY
  MAXIMUM         82    120 PM  92    1947  78      4       83
  MINIMUM         65   1159 PM  42    1907  61      4       70
  AVERAGE         74                        69      5       77

PRECIPITATION (IN)
  YESTERDAY        0.00          1.24 2002   0.10  -0.10     0.00
  MONTH TO DATE    1.42                      2.38  -0.96     1.36
  SINCE JUN 1      9.77                      7.30   2.47    12.11
  SINCE JAN 1     22.20                     19.57   2.63    25.41

SNOWFALL (IN)
  YESTERDAY        0.0          MM      MM   0.0    0.0      0.0
  MONTH TO DATE    0.0                       0.0    0.0      0.0
  SINCE JUN 1      0.0                       0.0    0.0      0.0
  SINCE JUL 1      0.0                       0.0    0.0      0.0
  SNOW DEPTH       0

DEGREE DAYS
 HEATING
  YESTERDAY        0                         1     -1        0
  MONTH TO DATE    1                         5     -4       17
  SINCE JUN 1     49                        82    -33       79
  SINCE JUL 1     16                        16      0       48

 COOLING
  YESTERDAY        9                         5      4       12
  MONTH TO DATE  164                       127     37      108
  SINCE JUN 1    404                       434    -30      317
  SINCE JAN 1    443                       463    -20      334
..................................................................


WIND (MPH)
  RESULTANT WIND SPEED   7   RESULTANT WIND DIRECTION   S (190)
  HIGHEST WIND SPEED    17   HIGHEST WIND DIRECTION     S (200)
  HIGHEST GUST SPEED    22   HIGHEST GUST DIRECTION    SW (210)
  AVERAGE WIND SPEED     7.9


SKY COVER
  AVERAGE SKY COVER 0.4


WEATHER CONDITIONS
 THE FOLLOWING WEATHER WAS RECORDED YESTERDAY.
  NO SIGNIFICANT WEATHER WAS OBSERVED.


RELATIVE HUMIDITY (PERCENT)
 HIGHEST    84           500 AM
 LOWEST     42          1200 PM
 AVERAGE    63

..........................................................


THE MUSKEGON MI CLIMATE NORMALS FOR TODAY
                         NORMAL    RECORD    YEAR
 MAXIMUM TEMPERATURE (F)   78        93      1905
 MINIMUM TEMPERATURE (F)   60        44      1952
                                             1951


SUNRISE AND SUNSET
AUGUST 23 2015........SUNRISE   659 AM EDT   SUNSET   835 PM EDT
AUGUST 24 2015........SUNRISE   700 AM EDT   SUNSET   834 PM EDT


-  INDICATES NEGATIVE NUMBERS.
R  INDICATES RECORD WAS SET OR TIED.
MM INDICATES DATA IS MISSING.
T  INDICATES TRACE AMOUNT.




$$
