000
CDUS43 KGRR 120523
CLIMKG


CLIMATE REPORT
NATIONAL WEATHER SERVICE GRAND RAPIDS, MI
122 AM EDT MON SEP 12 2016


...................................

...THE MUSKEGON MI CLIMATE SUMMARY FOR SEPTEMBER 11 2016...

CLIMATE NORMAL PERIOD 1981 TO 2010
CLIMATE RECORD PERIOD 1896 TO 2016


WEATHER ITEM   OBSERVED TIME   RECORD YEAR NORMAL DEPARTURE LAST
                VALUE   (LST)  VALUE       VALUE  FROM      YEAR
                                                  NORMAL
..................................................................
TEMPERATURE (F)
 YESTERDAY
  MAXIMUM         72    421 PM  88    1952  73     -1       74
  MINIMUM         52    655 AM  34    1943  55     -3       54
  AVERAGE         62                        64     -2       64

PRECIPITATION (IN)
  YESTERDAY        0.00          4.33 1986   0.13  -0.13      T
  MONTH TO DATE    4.49                      1.36   3.13     1.23
  SINCE SEP 1      4.49                      1.36   3.13     1.23
  SINCE JAN 1     29.64                     21.94   7.70    24.36

SNOWFALL (IN)
  YESTERDAY        0.0          MM      MM   0.0    0.0      0.0
  MONTH TO DATE    0.0                       0.0    0.0      0.0
  SINCE SEP 1      0.0                       0.0    0.0      0.0
  SINCE JUL 1      0.0                       0.0    0.0      0.0
  SNOW DEPTH       0

DEGREE DAYS
 HEATING
  YESTERDAY        3                         3      0        1
  MONTH TO DATE    4                        26    -22        1
  SINCE SEP 1      4                        26    -22        1
  SINCE JUL 1     13                        56    -43       33

 COOLING
  YESTERDAY        0                         2     -2        0
  MONTH TO DATE   60                        33     27       80
  SINCE SEP 1     60                        33     27       80
  SINCE JAN 1    724                       540    184      534
..................................................................


WIND (MPH)
  RESULTANT WIND SPEED   4   RESULTANT WIND DIRECTION   S (190)
  HIGHEST WIND SPEED    15   HIGHEST WIND DIRECTION    SW (210)
  HIGHEST GUST SPEED    19   HIGHEST GUST DIRECTION    SW (210)
  AVERAGE WIND SPEED     5.9


SKY COVER
  AVERAGE SKY COVER 0.2


WEATHER CONDITIONS
 THE FOLLOWING WEATHER WAS RECORDED YESTERDAY.
  NO SIGNIFICANT WEATHER WAS OBSERVED.


RELATIVE HUMIDITY (PERCENT)
 HIGHEST   100           700 AM
 LOWEST     49          1200 PM
 AVERAGE    75

..........................................................


THE MUSKEGON MI CLIMATE NORMALS FOR TODAY
                         NORMAL    RECORD    YEAR
 MAXIMUM TEMPERATURE (F)   73        92      1952
 MINIMUM TEMPERATURE (F)   54        38      1958
                                             1955
                                             1943


SUNRISE AND SUNSET
SEPTEMBER 12 2016.....SUNRISE   722 AM EDT   SUNSET   759 PM EDT
SEPTEMBER 13 2016.....SUNRISE   723 AM EDT   SUNSET   758 PM EDT


-  INDICATES NEGATIVE NUMBERS.
R  INDICATES RECORD WAS SET OR TIED.
MM INDICATES DATA IS MISSING.
T  INDICATES TRACE AMOUNT.




$$
