000
CDUS43 KGRR 152139
CLIMKG


CLIMATE REPORT
NATIONAL WEATHER SERVICE GRAND RAPIDS, MI
538 PM EDT MON SEP 15 2014


...................................

...THE MUSKEGON MI CLIMATE SUMMARY FOR SEPTEMBER 15 2014...
VALID TODAY AS OF 0500 PM LOCAL TIME.

CLIMATE NORMAL PERIOD 1981 TO 2010
CLIMATE RECORD PERIOD 1896 TO 2014


WEATHER ITEM   OBSERVED TIME   RECORD YEAR NORMAL DEPARTURE LAST
                VALUE   (LST)  VALUE       VALUE  FROM      YEAR
                                                  NORMAL
..................................................................
TEMPERATURE (F)
 TODAY
  MAXIMUM         59    252 PM  86    1897  72    -13       64
  MINIMUM         48    136 AM  38    1964  53     -5       55
  AVERAGE         54                        62     -8       60

PRECIPITATION (IN)
  TODAY            0.05          1.88 1970   0.13  -0.08     0.16
  MONTH TO DATE    2.81                      1.88   0.93     0.92
  SINCE SEP 1      2.81                      1.88   0.93     0.92
  SINCE JAN 1     29.42                     22.46   6.96    32.17

SNOWFALL (IN)
  TODAY           MM            MM      MM   0.0   MM        0.0
  MONTH TO DATE    0.0                       0.0    0.0      0.0
  SINCE SEP 1      0.0                       0.0    0.0      0.0
  SINCE JUL 1      0.0                       0.0    0.0      0.0
  SNOW DEPTH       0

DEGREE DAYS
 HEATING
  TODAY           11                         4      7        5
  MONTH TO DATE   64                        41     23       27
  SINCE SEP 1     64                        41     23       27
  SINCE JUL 1    113                        71     42       62

 COOLING
  TODAY            0                         2     -2        0
  MONTH TO DATE   44                        41      3       66
  SINCE SEP 1     44                        41      3       66
  SINCE JAN 1    440                       548   -108      605
..................................................................


WIND (MPH)
  RESULTANT WIND SPEED   1   RESULTANT WIND DIRECTION  SE (120)
  HIGHEST WIND SPEED    12   HIGHEST WIND DIRECTION     N (350)
  HIGHEST GUST SPEED    13   HIGHEST GUST DIRECTION     N (350)
  AVERAGE WIND SPEED     2.3


SKY COVER
  AVERAGE SKY COVER 0.8


WEATHER CONDITIONS
 THE FOLLOWING WEATHER WAS RECORDED TODAY.
  LIGHT RAIN
  FOG
  HAZE


RELATIVE HUMIDITY (PERCENT)
 HIGHEST    89           500 AM
 LOWEST     80           100 AM
 AVERAGE    85

..........................................................


THE MUSKEGON MI CLIMATE NORMALS FOR TOMORROW
                         NORMAL    RECORD    YEAR
 MAXIMUM TEMPERATURE (F)   71        86      1967
                                             1927
 MINIMUM TEMPERATURE (F)   53        31      1929


SUNRISE AND SUNSET
SEPTEMBER 15 2014.....SUNRISE   724 AM EDT   SUNSET   755 PM EDT
SEPTEMBER 16 2014.....SUNRISE   726 AM EDT   SUNSET   753 PM EDT


-  INDICATES NEGATIVE NUMBERS.
R  INDICATES RECORD WAS SET OR TIED.
MM INDICATES DATA IS MISSING.
T  INDICATES TRACE AMOUNT.




$$

jam
