000
CDUS43 KGRR 190520
CLIMKG


CLIMATE REPORT
NATIONAL WEATHER SERVICE GRAND RAPIDS, MI
117 AM EDT TUE APR 19 2016


...................................

...THE MUSKEGON MI CLIMATE SUMMARY FOR APRIL 18 2016...

CLIMATE NORMAL PERIOD 1981 TO 2010
CLIMATE RECORD PERIOD 1896 TO 2016


WEATHER ITEM   OBSERVED TIME   RECORD YEAR NORMAL DEPARTURE LAST
                VALUE   (LST)  VALUE       VALUE  FROM      YEAR
                                                  NORMAL
..................................................................
TEMPERATURE (F)
 YESTERDAY
  MAXIMUM         76    337 PM  84    2002  57     19       76
  MINIMUM         34    821 PM  20    1907  38     -4       44
  AVERAGE         55                        48      7       60

PRECIPITATION (IN)
  YESTERDAY        0.00          2.02 2013   0.10  -0.10     0.00
  MONTH TO DATE    1.08                      1.75  -0.67     4.23
  SINCE MAR 1      6.02                      4.00   2.02     5.36
  SINCE JAN 1     10.23                      7.86   2.37     8.65

SNOWFALL (IN)
  YESTERDAY        0.0           3.0  1912   0.0    0.0      0.0
  MONTH TO DATE    2.4                       2.1    0.3      0.0
  SINCE MAR 1      7.3                      11.1   -3.8      4.0
  SINCE JUL 1     61.8                      93.5  -31.7     92.1
  SNOW DEPTH       0

DEGREE DAYS
 HEATING
  YESTERDAY       10                        17     -7        5
  MONTH TO DATE  417                       374     43      307
  SINCE MAR 1   1192                      1304   -112     1314
  SINCE JUL 1   5212                      6036   -824     6439

 COOLING
  YESTERDAY        0                         0      0        0
  MONTH TO DATE    0                         0      0        0
  SINCE MAR 1      0                         0      0        0
  SINCE JAN 1      0                         0      0        0
..................................................................


WIND (MPH)
  RESULTANT WIND SPEED   3   RESULTANT WIND DIRECTION   W (270)
  HIGHEST WIND SPEED    10   HIGHEST WIND DIRECTION     N (10)
  HIGHEST GUST SPEED    12   HIGHEST GUST DIRECTION     W (260)
  AVERAGE WIND SPEED     3.5


SKY COVER
  AVERAGE SKY COVER 0.6


WEATHER CONDITIONS
 THE FOLLOWING WEATHER WAS RECORDED YESTERDAY.
  NO SIGNIFICANT WEATHER WAS OBSERVED.


RELATIVE HUMIDITY (PERCENT)
 HIGHEST    80           500 AM
 LOWEST     25          1200 PM
 AVERAGE    53

..........................................................


THE MUSKEGON MI CLIMATE NORMALS FOR TODAY
                         NORMAL    RECORD    YEAR
 MAXIMUM TEMPERATURE (F)   58        79      1957
 MINIMUM TEMPERATURE (F)   39        20      1983


SUNRISE AND SUNSET
APRIL 19 2016.........SUNRISE   656 AM EDT   SUNSET   833 PM EDT
APRIL 20 2016.........SUNRISE   654 AM EDT   SUNSET   834 PM EDT


-  INDICATES NEGATIVE NUMBERS.
R  INDICATES RECORD WAS SET OR TIED.
MM INDICATES DATA IS MISSING.
T  INDICATES TRACE AMOUNT.




$$
