000
CDUS43 KGRR 191434
CLIMKG


CLIMATE REPORT
NATIONAL WEATHER SERVICE GRAND RAPIDS, MI
933 AM EST SAT NOV 19 2016


...................................

...THE MUSKEGON MI CLIMATE SUMMARY FOR NOVEMBER 19 2016...
VALID AS OF 0900 AM LOCAL TIME.

CLIMATE NORMAL PERIOD 1981 TO 2010
CLIMATE RECORD PERIOD 1896 TO 2016


WEATHER ITEM   OBSERVED TIME   RECORD YEAR NORMAL DEPARTURE LAST
                VALUE   (LST)  VALUE       VALUE  FROM      YEAR
                                                  NORMAL
..................................................................
TEMPERATURE (F)
 TODAY
  MAXIMUM         44   1237 AM  74    1930  45     -1       52
  MINIMUM         34    932 AM  10    1986  33      1       40
  AVERAGE         39                        39      0       46

PRECIPITATION (IN)
  TODAY            0.10          1.35 1913   0.12  -0.02      T
  MONTH TO DATE    0.53                      2.18  -1.65     1.30
  SINCE SEP 1     10.23                      9.18   1.05     6.44
  SINCE JAN 1     35.38                     29.76   5.62    29.57

SNOWFALL (IN)
  TODAY            T             5.0  1914   0.2   -0.2      0.0
  MONTH TO DATE    T                         2.3   -2.3       T
  SINCE SEP 1      T                         2.5   -2.5       T
  SINCE JUL 1      T                         2.5   -2.5       T
  SNOW DEPTH       0

DEGREE DAYS
 HEATING
  TODAY           26                        26      0       19
  MONTH TO DATE  283                       433   -150      275
  SINCE SEP 1    626                      1026   -400      733
  SINCE JUL 1    635                      1056   -421      765

 COOLING
  TODAY            0                         0      0        0
  MONTH TO DATE    0                         0      0        0
  SINCE SEP 1    110                        59     51      116
  SINCE JAN 1    774                       566    208      570
..................................................................


WIND (MPH)
  RESULTANT WIND SPEED  21   RESULTANT WIND DIRECTION   W (250)
  HIGHEST WIND SPEED    32   HIGHEST WIND DIRECTION    SW (230)
  HIGHEST GUST SPEED    42   HIGHEST GUST DIRECTION    SW (230)
  AVERAGE WIND SPEED    23.3


SKY COVER
  AVERAGE SKY COVER 1.0


WEATHER CONDITIONS
 THE FOLLOWING WEATHER WAS RECORDED TODAY.
  LIGHT RAIN
  SNOW
  LIGHT SNOW
  FOG


RELATIVE HUMIDITY (PERCENT)
 HIGHEST    85           500 AM
 LOWEST     62           300 AM
 AVERAGE    74

..........................................................


THE MUSKEGON MI CLIMATE NORMALS FOR TOMORROW
                         NORMAL    RECORD    YEAR
 MAXIMUM TEMPERATURE (F)   44        76      1930
 MINIMUM TEMPERATURE (F)   33        18      1959
                                             1951


SUNRISE AND SUNSET
NOVEMBER 19 2016......SUNRISE   743 AM EST   SUNSET   517 PM EST
NOVEMBER 20 2016......SUNRISE   745 AM EST   SUNSET   516 PM EST


-  INDICATES NEGATIVE NUMBERS.
R  INDICATES RECORD WAS SET OR TIED.
MM INDICATES DATA IS MISSING.
T  INDICATES TRACE AMOUNT.




$$
