000
CDUS43 KGRR 051127
CLIMKG

CLIMATE REPORT
NATIONAL WEATHER SERVICE GRAND RAPIDS, MI
0630 AM EST SUN FEB 5 2018...CORRECTED FOR PRECIPITATION


...................................

...THE MUSKEGON MI CLIMATE SUMMARY FOR FEBRUARY 3 2018...

CLIMATE NORMAL PERIOD 1981 TO 2010
CLIMATE RECORD PERIOD 1896 TO 2018


WEATHER ITEM   OBSERVED TIME   RECORD YEAR NORMAL DEPARTURE LAST
                VALUE   (LST)  VALUE       VALUE  FROM      YEAR
                                                  NORMAL
..................................................................
TEMPERATURE (F)
 YESTERDAY
  MAXIMUM         33   1159 PM  46    1992  31      2       24
                                      1991
                                      1919
  MINIMUM         21   1215 AM -14    1996  20      1       17
  AVERAGE         27                        25      2       21

PRECIPITATION (IN)
  YESTERDAY        0.37          0.60 1904   0.06   0.31     0.00
  MONTH TO DATE    0.48                      0.17   0.31      T
  SINCE DEC 1      6.17                      4.75   1.42     5.25
  SINCE JAN 1      3.40                      2.20   1.20     3.03

SNOWFALL (IN)
  YESTERDAY        5.5           7.1  2007   0.8    4.7      0.0
  MONTH TO DATE    6.3                       2.5    3.8       T
  SINCE DEC 1     77.0                      59.4   17.6     40.4
  SINCE JUL 1     77.0                      65.6   11.4     41.4
  SNOW DEPTH       2

DEGREE DAYS
 HEATING
  YESTERDAY       38                        40     -2       44
  MONTH TO DATE  127                       120      7      124
  SINCE DEC 1   2483                      2425     58     2262
  SINCE JUL 1   3642                      3792   -150     3167

 COOLING
  YESTERDAY        0                         0      0        0
  MONTH TO DATE    0                         0      0        0
  SINCE DEC 1      0                         0      0        0
  SINCE JAN 1      0                         0      0        0
..................................................................


WIND (MPH)
  RESULTANT WIND SPEED  12   RESULTANT WIND DIRECTION  SW (210)
  HIGHEST WIND SPEED    23   HIGHEST WIND DIRECTION    SW (210)
  HIGHEST GUST SPEED    28   HIGHEST GUST DIRECTION    SW (220)
  AVERAGE WIND SPEED    14.1


SKY COVER
  AVERAGE SKY COVER 1.0


WEATHER CONDITIONS
 THE FOLLOWING WEATHER WAS RECORDED YESTERDAY.
  SNOW
  LIGHT SNOW
  FOG


RELATIVE HUMIDITY (PERCENT)
 HIGHEST    89           900 PM
 LOWEST     52          1200 AM
 AVERAGE    71

..........................................................


THE MUSKEGON MI CLIMATE NORMALS FOR TODAY
                         NORMAL    RECORD    YEAR
 MAXIMUM TEMPERATURE (F)   31        49      1962
 MINIMUM TEMPERATURE (F)   20       -19      1996


SUNRISE AND SUNSET
FEBRUARY  4 2018......SUNRISE   757 AM EST   SUNSET   601 PM EST
FEBRUARY  5 2018......SUNRISE   756 AM EST   SUNSET   603 PM EST


-  INDICATES NEGATIVE NUMBERS.
R  INDICATES RECORD WAS SET OR TIED.
MM INDICATES DATA IS MISSING.
T  INDICATES TRACE AMOUNT.




$$
