000
CDUS43 KGRR 160516
CLIMKG


CLIMATE REPORT
NATIONAL WEATHER SERVICE GRAND RAPIDS, MI
115 AM EDT SAT SEP 16 2017


...................................

...THE MUSKEGON MI CLIMATE SUMMARY FOR SEPTEMBER 15 2017...

CLIMATE NORMAL PERIOD 1981 TO 2010
CLIMATE RECORD PERIOD 1896 TO 2017


WEATHER ITEM   OBSERVED TIME   RECORD YEAR NORMAL DEPARTURE LAST
                VALUE   (LST)  VALUE       VALUE  FROM      YEAR
                                                  NORMAL
..................................................................
TEMPERATURE (F)
 YESTERDAY
  MAXIMUM         81    316 PM  86    1897  72      9       76
  MINIMUM         55    620 AM  38    1964  53      2       53
  AVERAGE         68                        62      6       65

PRECIPITATION (IN)
  YESTERDAY        0.00          1.88 1970   0.13  -0.13     0.00
  MONTH TO DATE    0.79                      1.88  -1.09     4.52
  SINCE SEP 1      0.79                      1.88  -1.09     4.52
  SINCE JAN 1     21.95                     22.46  -0.51    29.67

SNOWFALL (IN)
  YESTERDAY        0.0          MM      MM   0.0    0.0      0.0
  MONTH TO DATE    0.0                       0.0    0.0      0.0
  SINCE SEP 1      0.0                       0.0    0.0      0.0
  SINCE JUL 1      0.0                       0.0    0.0      0.0
  SNOW DEPTH       0

DEGREE DAYS
 HEATING
  YESTERDAY        0                         4     -4        0
  MONTH TO DATE   68                        41     27        4
  SINCE SEP 1     68                        41     27        4
  SINCE JUL 1     81                        71     10       13

 COOLING
  YESTERDAY        3                         2      1        0
  MONTH TO DATE    7                        41    -34       68
  SINCE SEP 1      7                        41    -34       68
  SINCE JAN 1    501                       548    -47      732
..................................................................


WIND (MPH)
  RESULTANT WIND SPEED   5   RESULTANT WIND DIRECTION   S (180)
  HIGHEST WIND SPEED    17   HIGHEST WIND DIRECTION     S (200)
  HIGHEST GUST SPEED    20   HIGHEST GUST DIRECTION     S (190)
  AVERAGE WIND SPEED     6.3


SKY COVER
  AVERAGE SKY COVER 0.1


WEATHER CONDITIONS
 THE FOLLOWING WEATHER WAS RECORDED YESTERDAY.
  FOG


RELATIVE HUMIDITY (PERCENT)
 HIGHEST    93           200 AM
 LOWEST     51           100 PM
 AVERAGE    72

..........................................................


THE MUSKEGON MI CLIMATE NORMALS FOR TODAY
                         NORMAL    RECORD    YEAR
 MAXIMUM TEMPERATURE (F)   71        86      1967
                                             1927
 MINIMUM TEMPERATURE (F)   53        31      1929


SUNRISE AND SUNSET
SEPTEMBER 16 2017.....SUNRISE   726 AM EDT   SUNSET   753 PM EDT
SEPTEMBER 17 2017.....SUNRISE   727 AM EDT   SUNSET   751 PM EDT


-  INDICATES NEGATIVE NUMBERS.
R  INDICATES RECORD WAS SET OR TIED.
MM INDICATES DATA IS MISSING.
T  INDICATES TRACE AMOUNT.




$$
