000
CDUS43 KGRR 040530
CLIMKG


CLIMATE REPORT
NATIONAL WEATHER SERVICE GRAND RAPIDS, MI
130 AM EDT FRI APR 4 2014


...................................

...THE MUSKEGON MI CLIMATE SUMMARY FOR APRIL 3 2014...

CLIMATE NORMAL PERIOD 1981 TO 2010
CLIMATE RECORD PERIOD 1895 TO 2014


WEATHER ITEM   OBSERVED TIME   RECORD YEAR NORMAL DEPARTURE LAST
                VALUE   (LST)  VALUE       VALUE  FROM      YEAR
                                                  NORMAL
..................................................................
TEMPERATURE (F)
 YESTERDAY
  MAXIMUM         44    342 PM  77    1999  51     -7       42
                                      1956
  MINIMUM         34   1143 AM  12    1987  33      1       21
  AVERAGE         39                        42     -3       32

PRECIPITATION (IN)
  YESTERDAY        T             1.50 2007   0.09  -0.09     0.00
  MONTH TO DATE    0.05                      0.27  -0.22      T
  SINCE MAR 1      1.72                      2.52  -0.80     1.25
  SINCE JAN 1      6.85                      6.38   0.47    10.69

SNOWFALL (IN)
  YESTERDAY        0.0           7.4  1982   0.1   -0.1      0.0
  MONTH TO DATE    0.0                       0.5   -0.5       T
  SINCE MAR 1      7.5                       9.5   -2.0      5.7
  SINCE JUL 1    131.1                      91.9   39.2     98.6
  SNOW DEPTH       0

DEGREE DAYS
 HEATING
  YESTERDAY       26                        23      3       33
  MONTH TO DATE   77                        71      6      101
  SINCE MAR 1   1265                      1001    264     1135
  SINCE JUL 1   6405                      5733    672     5557

 COOLING
  YESTERDAY        0                         0      0        0
  MONTH TO DATE    0                         0      0        0
  SINCE MAR 1      0                         0      0        0
  SINCE JAN 1      0                         0      0        0
..................................................................


WIND (MPH)
  RESULTANT WIND SPEED  17   RESULTANT WIND DIRECTION   E (80)
  HIGHEST WIND SPEED    28   HIGHEST WIND DIRECTION     E (80)
  HIGHEST GUST SPEED    35   HIGHEST GUST DIRECTION    NE (60)
  AVERAGE WIND SPEED    17.1


SKY COVER
  AVERAGE SKY COVER 1.0


WEATHER CONDITIONS
 THE FOLLOWING WEATHER WAS RECORDED YESTERDAY.
  LIGHT RAIN


RELATIVE HUMIDITY (PERCENT)
 HIGHEST    70           900 PM
 LOWEST     43           300 PM
 AVERAGE    57

..........................................................


THE MUSKEGON MI CLIMATE NORMALS FOR TODAY
                         NORMAL    RECORD    YEAR
 MAXIMUM TEMPERATURE (F)   51        72      1942
 MINIMUM TEMPERATURE (F)   33        14      1982


SUNRISE AND SUNSET
APRIL  4 2014.........SUNRISE   722 AM EDT   SUNSET   815 PM EDT
APRIL  5 2014.........SUNRISE   720 AM EDT   SUNSET   816 PM EDT


-  INDICATES NEGATIVE NUMBERS.
R  INDICATES RECORD WAS SET OR TIED.
MM INDICATES DATA IS MISSING.
T  INDICATES TRACE AMOUNT.




$$
