000
CDUS43 KGRR 032228
CLIMKG


CLIMATE REPORT
NATIONAL WEATHER SERVICE GRAND RAPIDS, MI
525 PM EST SUN DEC 3 2017


...................................

...THE MUSKEGON MI CLIMATE SUMMARY FOR DECEMBER 3 2017...
VALID TODAY AS OF 0500 PM LOCAL TIME.

CLIMATE NORMAL PERIOD 1981 TO 2010
CLIMATE RECORD PERIOD 1896 TO 2017


WEATHER ITEM   OBSERVED TIME   RECORD YEAR NORMAL DEPARTURE LAST
                VALUE   (LST)  VALUE       VALUE  FROM      YEAR
                                                  NORMAL
..................................................................
TEMPERATURE (F)
 TODAY
  MAXIMUM         51   1240 PM  66    2012  39     12       38
  MINIMUM         26    815 AM  -3    1976  29     -3       35
  AVERAGE         39                        34      5       37

PRECIPITATION (IN)
  TODAY            0.00          0.93 1938   0.09  -0.09      T
  MONTH TO DATE    0.00                      0.29  -0.29     0.09
  SINCE DEC 1      0.00                      0.29  -0.29     0.09
  SINCE JAN 1     33.77                     31.23   2.54    37.42

SNOWFALL (IN)
  TODAY            0.0           3.2  2009   0.7   -0.7       T
                                      1991
  MONTH TO DATE    0.0                       2.0   -2.0       T
  SINCE DEC 1      0.0                       2.0   -2.0       T
  SINCE JUL 1      T                         8.2   -8.2      1.0
  SNOW DEPTH       0

DEGREE DAYS
 HEATING
  TODAY           26                        31     -5       28
  MONTH TO DATE   76                        93    -17       77
  SINCE DEC 1     76                        93    -17       77
  SINCE JUL 1   1235                      1460   -225      982

 COOLING
  TODAY            0                         0      0        0
  MONTH TO DATE    0                         0      0        0
  SINCE DEC 1      0                         0      0        0
  SINCE JAN 1    615                       566     49      774
..................................................................


WIND (MPH)
  RESULTANT WIND SPEED   3   RESULTANT WIND DIRECTION   S (190)
  HIGHEST WIND SPEED    14   HIGHEST WIND DIRECTION    SW (210)
  HIGHEST GUST SPEED    17   HIGHEST GUST DIRECTION    SW (220)
  AVERAGE WIND SPEED     3.8


SKY COVER
  AVERAGE SKY COVER 0.4


WEATHER CONDITIONS
 THE FOLLOWING WEATHER WAS RECORDED TODAY.
  FOG
  HAZE


RELATIVE HUMIDITY (PERCENT)
 HIGHEST    92           100 AM
 LOWEST     60           500 PM
 AVERAGE    76

..........................................................


THE MUSKEGON MI CLIMATE NORMALS FOR TOMORROW
                         NORMAL    RECORD    YEAR
 MAXIMUM TEMPERATURE (F)   38        60      1941
 MINIMUM TEMPERATURE (F)   29         7      1966


SUNRISE AND SUNSET
DECEMBER  3 2017......SUNRISE   759 AM EST   SUNSET   510 PM EST
DECEMBER  4 2017......SUNRISE   800 AM EST   SUNSET   510 PM EST


-  INDICATES NEGATIVE NUMBERS.
R  INDICATES RECORD WAS SET OR TIED.
MM INDICATES DATA IS MISSING.
T  INDICATES TRACE AMOUNT.




$$

63
