000
CDUS43 KGRR 190519
CLIMKG


CLIMATE REPORT
NATIONAL WEATHER SERVICE GRAND RAPIDS, MI
1218 AM EST SUN FEB 19 2017


...................................

...THE MUSKEGON MI CLIMATE SUMMARY FOR FEBRUARY 18 2017...

CLIMATE NORMAL PERIOD 1981 TO 2010
CLIMATE RECORD PERIOD 1896 TO 2017


WEATHER ITEM   OBSERVED TIME   RECORD YEAR NORMAL DEPARTURE LAST
                VALUE   (LST)  VALUE       VALUE  FROM      YEAR
                                                  NORMAL
..................................................................
TEMPERATURE (F)
 YESTERDAY
  MAXIMUM         54R   341 PM  54    1994  34     20       37
  MINIMUM         33   1118 PM  -8    1936  21     12        6
  AVERAGE         44                        28     16       22

PRECIPITATION (IN)
  YESTERDAY        0.00          0.52 1926   0.07  -0.07      T
  MONTH TO DATE    0.16                      1.11  -0.95     1.51
  SINCE DEC 1      5.41                      5.69  -0.28     8.87
  SINCE JAN 1      3.19                      3.14   0.05     3.97

SNOWFALL (IN)
  YESTERDAY        0.0           5.6  2008   0.7   -0.7      0.0
  MONTH TO DATE    0.3                      13.4  -13.1      5.0
  SINCE DEC 1     38.1                      70.3  -32.2     47.1
  SINCE JUL 1     39.1                      76.5  -37.4     51.0
  SNOW DEPTH       0

DEGREE DAYS
 HEATING
  YESTERDAY       21                        37    -16       43
  MONTH TO DATE  602                       699    -97      704
  SINCE DEC 1   2740                      3004   -264     2644
  SINCE JUL 1   3645                      4371   -726     3711

 COOLING
  YESTERDAY        0                         0      0        0
  MONTH TO DATE    0                         0      0        0
  SINCE DEC 1      0                         0      0        0
  SINCE JAN 1      0                         0      0        0
..................................................................


WIND (MPH)
  RESULTANT WIND SPEED   9   RESULTANT WIND DIRECTION  SW (230)
  HIGHEST WIND SPEED    24   HIGHEST WIND DIRECTION    SW (220)
  HIGHEST GUST SPEED    33   HIGHEST GUST DIRECTION    SW (220)
  AVERAGE WIND SPEED     9.4


SKY COVER
  AVERAGE SKY COVER 0.1


WEATHER CONDITIONS
 THE FOLLOWING WEATHER WAS RECORDED YESTERDAY.
  FOG


RELATIVE HUMIDITY (PERCENT)
 HIGHEST    96          1100 PM
 LOWEST     54           300 PM
 AVERAGE    75

..........................................................


THE MUSKEGON MI CLIMATE NORMALS FOR TODAY
                         NORMAL    RECORD    YEAR
 MAXIMUM TEMPERATURE (F)   34        57      1954
 MINIMUM TEMPERATURE (F)   22       -14      1920


SUNRISE AND SUNSET
FEBRUARY 19 2017......SUNRISE   736 AM EST   SUNSET   622 PM EST
FEBRUARY 20 2017......SUNRISE   735 AM EST   SUNSET   623 PM EST


-  INDICATES NEGATIVE NUMBERS.
R  INDICATES RECORD WAS SET OR TIED.
MM INDICATES DATA IS MISSING.
T  INDICATES TRACE AMOUNT.




$$
