000
CDUS43 KGRR 172132
CLIMKG


CLIMATE REPORT
NATIONAL WEATHER SERVICE GRAND RAPIDS, MI
530 PM EDT SAT SEP 17 2016


...................................

...THE MUSKEGON MI CLIMATE SUMMARY FOR SEPTEMBER 17 2016...
VALID TODAY AS OF 0500 PM LOCAL TIME.

CLIMATE NORMAL PERIOD 1981 TO 2010
CLIMATE RECORD PERIOD 1896 TO 2016


WEATHER ITEM   OBSERVED TIME   RECORD YEAR NORMAL DEPARTURE LAST
                VALUE   (LST)  VALUE       VALUE  FROM      YEAR
                                                  NORMAL
..................................................................
TEMPERATURE (F)
 TODAY
  MAXIMUM         76    325 PM  88    1955  71      5       82
  MINIMUM         67    655 AM  36    1990  52     15       61
                                      1959
  AVERAGE         72                        62     10       72

PRECIPITATION (IN)
  TODAY            0.27          1.60 1987   0.14   0.13      T
  MONTH TO DATE    4.79                      2.16   2.63     1.23
  SINCE SEP 1      4.79                      2.16   2.63     1.23
  SINCE JAN 1     29.94                     22.74   7.20    24.36

SNOWFALL (IN)
  TODAY            0.0          MM      MM   0.0    0.0      0.0
  MONTH TO DATE    0.0                       0.0    0.0      0.0
  SINCE SEP 1      0.0                       0.0    0.0      0.0
  SINCE JUL 1      0.0                       0.0    0.0      0.0
  SNOW DEPTH       0

DEGREE DAYS
 HEATING
  TODAY            0                         5     -5        0
  MONTH TO DATE    4                        51    -47       21
  SINCE SEP 1      4                        51    -47       21
  SINCE JUL 1     13                        81    -68       53

 COOLING
  TODAY            7                         1      6        7
  MONTH TO DATE   79                        44     35       96
  SINCE SEP 1     79                        44     35       96
  SINCE JAN 1    743                       551    192      550
..................................................................


WIND (MPH)
  RESULTANT WIND SPEED  10   RESULTANT WIND DIRECTION  SW (220)
  HIGHEST WIND SPEED    22   HIGHEST WIND DIRECTION    SW (220)
  HIGHEST GUST SPEED    31   HIGHEST GUST DIRECTION    SW (220)
  AVERAGE WIND SPEED    10.7


SKY COVER
  AVERAGE SKY COVER 0.6


WEATHER CONDITIONS
 THE FOLLOWING WEATHER WAS RECORDED TODAY.
  HEAVY RAIN
  RAIN
  LIGHT RAIN
  FOG


RELATIVE HUMIDITY (PERCENT)
 HIGHEST   100           700 AM
 LOWEST     69           100 PM
 AVERAGE    85

..........................................................


THE MUSKEGON MI CLIMATE NORMALS FOR TOMORROW
                         NORMAL    RECORD    YEAR
 MAXIMUM TEMPERATURE (F)   71        86      1906
 MINIMUM TEMPERATURE (F)   52        34      1995
                                             1973
                                             1959


SUNRISE AND SUNSET
SEPTEMBER 17 2016.....SUNRISE   727 AM EDT   SUNSET   750 PM EDT
SEPTEMBER 18 2016.....SUNRISE   728 AM EDT   SUNSET   749 PM EDT


-  INDICATES NEGATIVE NUMBERS.
R  INDICATES RECORD WAS SET OR TIED.
MM INDICATES DATA IS MISSING.
T  INDICATES TRACE AMOUNT.




$$

63
