000
CDUS43 KGRR 190526
CLIMKG


CLIMATE REPORT
NATIONAL WEATHER SERVICE GRAND RAPIDS, MI
1224 AM EST MON JAN 19 2015


...................................

...THE MUSKEGON MI CLIMATE SUMMARY FOR JANUARY 18 2015...

CLIMATE NORMAL PERIOD 1981 TO 2010
CLIMATE RECORD PERIOD 1896 TO 2015


WEATHER ITEM   OBSERVED TIME   RECORD YEAR NORMAL DEPARTURE LAST
                VALUE   (LST)  VALUE       VALUE  FROM      YEAR
                                                  NORMAL
..................................................................
TEMPERATURE (F)
 YESTERDAY
  MAXIMUM         39    105 AM  61    1996  31      8       28
  MINIMUM         33    749 PM  -7    1994  20     13       16
  AVERAGE         36                        25     11       22

PRECIPITATION (IN)
  YESTERDAY        0.01          0.89 1949   0.07  -0.06     0.03
  MONTH TO DATE    1.57                      1.25   0.32     2.27
  SINCE DEC 1      3.29                      3.80  -0.51     4.97
  SINCE JAN 1      1.57                      1.25   0.32     2.27

SNOWFALL (IN)
  YESTERDAY        T            13.2  1982   0.9   -0.9      0.6
  MONTH TO DATE   29.6                      16.2   13.4     19.1
  SINCE DEC 1     31.0                      45.1  -14.1     58.3
  SINCE JUL 1     55.5                      51.3    4.2     67.2
  SNOW DEPTH       7

DEGREE DAYS
 HEATING
  YESTERDAY       29                        40    -11       43
  MONTH TO DATE  790                       707     83      758
  SINCE DEC 1   1782                      1786     -4     1951
  SINCE JUL 1   3265                      3153    112     3222

 COOLING
  YESTERDAY        0                         0      0        0
  MONTH TO DATE    0                         0      0        0
  SINCE DEC 1      0                         0      0        0
  SINCE JAN 1      0                         0      0        0
..................................................................


WIND (MPH)
  RESULTANT WIND SPEED   9   RESULTANT WIND DIRECTION   W (280)
  HIGHEST WIND SPEED    20   HIGHEST WIND DIRECTION    SW (220)
  HIGHEST GUST SPEED    25   HIGHEST GUST DIRECTION    SW (230)
  AVERAGE WIND SPEED     9.9


SKY COVER
  AVERAGE SKY COVER 1.0


WEATHER CONDITIONS
 THE FOLLOWING WEATHER WAS RECORDED YESTERDAY.
  LIGHT RAIN
  LIGHT SNOW
  FOG


RELATIVE HUMIDITY (PERCENT)
 HIGHEST    85          1200 AM
 LOWEST     64           100 PM
 AVERAGE    75

..........................................................


THE MUSKEGON MI CLIMATE NORMALS FOR TODAY
                         NORMAL    RECORD    YEAR
 MAXIMUM TEMPERATURE (F)   30        51      1973
 MINIMUM TEMPERATURE (F)   20        -7      1971


SUNRISE AND SUNSET
JANUARY 19 2015.......SUNRISE   812 AM EST   SUNSET   540 PM EST
JANUARY 20 2015.......SUNRISE   811 AM EST   SUNSET   541 PM EST


-  INDICATES NEGATIVE NUMBERS.
R  INDICATES RECORD WAS SET OR TIED.
MM INDICATES DATA IS MISSING.
T  INDICATES TRACE AMOUNT.




$$

CAS
