000
CDUS43 KGRR 271430
CLIMKG


CLIMATE REPORT
NATIONAL WEATHER SERVICE GRAND RAPIDS, MI
930 AM EST MON NOV 27 2017


...................................

...THE MUSKEGON MI CLIMATE SUMMARY FOR NOVEMBER 27 2017...
VALID AS OF 0900 AM LOCAL TIME.

CLIMATE NORMAL PERIOD 1981 TO 2010
CLIMATE RECORD PERIOD 1896 TO 2017


WEATHER ITEM   OBSERVED TIME   RECORD YEAR NORMAL DEPARTURE LAST
                VALUE   (LST)  VALUE       VALUE  FROM      YEAR
                                                  NORMAL
..................................................................
TEMPERATURE (F)
 TODAY
  MAXIMUM         46   1257 AM  62    1990  41      5       44
  MINIMUM         29    813 AM   5    1977  31     -2       38
                                      1898
  AVERAGE         38                        36      2       41

PRECIPITATION (IN)
  TODAY            0.00          1.96 1966   0.10  -0.10     0.00
  MONTH TO DATE    2.46                      3.04  -0.58     1.30
  SINCE SEP 1     12.53                     10.04   2.49    11.00
  SINCE JAN 1     33.69                     30.62   3.07    36.15

SNOWFALL (IN)
  TODAY            0.0           6.4  1995   0.4   -0.4      0.0
  MONTH TO DATE    T                         4.8   -4.8      1.0
  SINCE SEP 1      T                         5.0   -5.0      1.0
  SINCE JUL 1      T                         5.0   -5.0      1.0
  SNOW DEPTH       0

DEGREE DAYS
 HEATING
  TODAY           27                        29     -2       24
  MONTH TO DATE  703                       655     48      501
  SINCE SEP 1   1089                      1248   -159      844
  SINCE JUL 1   1102                      1278   -176      853

 COOLING
  TODAY            0                         0      0        0
  MONTH TO DATE    0                         0      0        0
  SINCE SEP 1    121                        59     62      110
  SINCE JAN 1    615                       566     49      774
..................................................................


WIND (MPH)
  RESULTANT WIND SPEED   2   RESULTANT WIND DIRECTION  NE (40)
  HIGHEST WIND SPEED    12   HIGHEST WIND DIRECTION    NE (30)
  HIGHEST GUST SPEED    16   HIGHEST GUST DIRECTION    NE (40)
  AVERAGE WIND SPEED     4.1


SKY COVER
  AVERAGE SKY COVER 0.2


WEATHER CONDITIONS
 THE FOLLOWING WEATHER WAS RECORDED TODAY.
  FOG


RELATIVE HUMIDITY (PERCENT)
 HIGHEST    92           700 AM
 LOWEST     65          1200 AM
 AVERAGE    79

..........................................................


THE MUSKEGON MI CLIMATE NORMALS FOR TOMORROW
                         NORMAL    RECORD    YEAR
 MAXIMUM TEMPERATURE (F)   41        62      1990
 MINIMUM TEMPERATURE (F)   30         7      1955


SUNRISE AND SUNSET
NOVEMBER 27 2017......SUNRISE   753 AM EST   SUNSET   512 PM EST
NOVEMBER 28 2017......SUNRISE   754 AM EST   SUNSET   512 PM EST


-  INDICATES NEGATIVE NUMBERS.
R  INDICATES RECORD WAS SET OR TIED.
MM INDICATES DATA IS MISSING.
T  INDICATES TRACE AMOUNT.




$$
