000
CDUS43 KGRR 270515
CLIMKG


CLIMATE REPORT
NATIONAL WEATHER SERVICE GRAND RAPIDS, MI
114 AM EDT SAT JUN 27 2015


...................................

...THE MUSKEGON MI CLIMATE SUMMARY FOR JUNE 26 2015...

CLIMATE NORMAL PERIOD 1981 TO 2010
CLIMATE RECORD PERIOD 1896 TO 2015


WEATHER ITEM   OBSERVED TIME   RECORD YEAR NORMAL DEPARTURE LAST
                VALUE   (LST)  VALUE       VALUE  FROM      YEAR
                                                  NORMAL
..................................................................
TEMPERATURE (F)
 YESTERDAY
  MAXIMUM         79    212 PM  91    2005  79      0       76
  MINIMUM         61    544 AM  44    1936  60      1       63
  AVERAGE         70                        69      1       70

PRECIPITATION (IN)
  YESTERDAY        0.00          1.27 1957   0.08  -0.08     0.00
  MONTH TO DATE    2.98                      2.24   0.74     6.69
  SINCE JUN 1      2.98                      2.24   0.74     6.69
  SINCE JAN 1     15.41                     14.51   0.90    19.99

SNOWFALL (IN)
  YESTERDAY        0.0          MM      MM   0.0    0.0      0.0
  MONTH TO DATE    0.0                       0.0    0.0      0.0
  SINCE JUN 1      0.0                       0.0    0.0      0.0
  SINCE JUL 1     92.1                      93.7   -1.6    132.7
  SNOW DEPTH       0

DEGREE DAYS
 HEATING
  YESTERDAY        0                         1     -1        0
  MONTH TO DATE   29                        62    -33       31
  SINCE JUN 1     29                        62    -33       31
  SINCE JUL 1   6907                      6556    351     7195

 COOLING
  YESTERDAY        5                         5      0        5
  MONTH TO DATE   57                        84    -27       91
  SINCE JUN 1     57                        84    -27       91
  SINCE JAN 1     96                       113    -17      108
..................................................................


WIND (MPH)
  RESULTANT WIND SPEED   8   RESULTANT WIND DIRECTION   E (80)
  HIGHEST WIND SPEED    16   HIGHEST WIND DIRECTION     E (80)
  HIGHEST GUST SPEED    21   HIGHEST GUST DIRECTION     E (90)
  AVERAGE WIND SPEED     8.6


SKY COVER
  AVERAGE SKY COVER 0.6


WEATHER CONDITIONS
 THE FOLLOWING WEATHER WAS RECORDED YESTERDAY.
  NO SIGNIFICANT WEATHER WAS OBSERVED.


RELATIVE HUMIDITY (PERCENT)
 HIGHEST    90           300 AM
 LOWEST     46           800 PM
 AVERAGE    68

..........................................................


THE MUSKEGON MI CLIMATE NORMALS FOR TODAY
                         NORMAL    RECORD    YEAR
 MAXIMUM TEMPERATURE (F)   79        92      1941
 MINIMUM TEMPERATURE (F)   60        44      1992
                                             1981


SUNRISE AND SUNSET
JUNE 27 2015..........SUNRISE   607 AM EDT   SUNSET   929 PM EDT
JUNE 28 2015..........SUNRISE   607 AM EDT   SUNSET   929 PM EDT


-  INDICATES NEGATIVE NUMBERS.
R  INDICATES RECORD WAS SET OR TIED.
MM INDICATES DATA IS MISSING.
T  INDICATES TRACE AMOUNT.




$$
