000
CDUS43 KGRR 140519
CLIMKG


CLIMATE REPORT
NATIONAL WEATHER SERVICE GRAND RAPIDS, MI
118 AM EDT WED SEP 14 2016


...................................

...THE MUSKEGON MI CLIMATE SUMMARY FOR SEPTEMBER 13 2016...

CLIMATE NORMAL PERIOD 1981 TO 2010
CLIMATE RECORD PERIOD 1896 TO 2016


WEATHER ITEM   OBSERVED TIME   RECORD YEAR NORMAL DEPARTURE LAST
                VALUE   (LST)  VALUE       VALUE  FROM      YEAR
                                                  NORMAL
..................................................................
TEMPERATURE (F)
 YESTERDAY
  MAXIMUM         77    249 PM  92    1952  73      4       69
  MINIMUM         62    158 AM  36    1946  54      8       41
  AVERAGE         70                        63      7       55

PRECIPITATION (IN)
  YESTERDAY        0.03          2.24 1962   0.13  -0.10     0.00
  MONTH TO DATE    4.52                      1.62   2.90     1.23
  SINCE SEP 1      4.52                      1.62   2.90     1.23
  SINCE JAN 1     29.67                     22.20   7.47    24.36

SNOWFALL (IN)
  YESTERDAY        0.0          MM      MM   0.0    0.0      0.0
  MONTH TO DATE    0.0                       0.0    0.0      0.0
  SINCE SEP 1      0.0                       0.0    0.0      0.0
  SINCE JUL 1      0.0                       0.0    0.0      0.0
  SNOW DEPTH       0

DEGREE DAYS
 HEATING
  YESTERDAY        0                         4     -4       10
  MONTH TO DATE    4                        33    -29       19
  SINCE SEP 1      4                        33    -29       19
  SINCE JUL 1     13                        63    -50       51

 COOLING
  YESTERDAY        5                         2      3        0
  MONTH TO DATE   66                        37     29       80
  SINCE SEP 1     66                        37     29       80
  SINCE JAN 1    730                       544    186      534
..................................................................


WIND (MPH)
  RESULTANT WIND SPEED   4   RESULTANT WIND DIRECTION  SW (230)
  HIGHEST WIND SPEED    18   HIGHEST WIND DIRECTION    SW (220)
  HIGHEST GUST SPEED    23   HIGHEST GUST DIRECTION     W (290)
  AVERAGE WIND SPEED     9.5


SKY COVER
  AVERAGE SKY COVER 0.7


WEATHER CONDITIONS
 THE FOLLOWING WEATHER WAS RECORDED YESTERDAY.
  THUNDERSTORM
  LIGHT RAIN


RELATIVE HUMIDITY (PERCENT)
 HIGHEST    90           400 AM
 LOWEST     69           300 PM
 AVERAGE    80

..........................................................


THE MUSKEGON MI CLIMATE NORMALS FOR TODAY
                         NORMAL    RECORD    YEAR
 MAXIMUM TEMPERATURE (F)   72        87      1897
 MINIMUM TEMPERATURE (F)   53        34      1919


SUNRISE AND SUNSET
SEPTEMBER 14 2016.....SUNRISE   724 AM EDT   SUNSET   756 PM EDT
SEPTEMBER 15 2016.....SUNRISE   725 AM EDT   SUNSET   754 PM EDT


-  INDICATES NEGATIVE NUMBERS.
R  INDICATES RECORD WAS SET OR TIED.
MM INDICATES DATA IS MISSING.
T  INDICATES TRACE AMOUNT.




$$
