000
CDUS43 KGRR 132124
CLIMKG


CLIMATE REPORT
NATIONAL WEATHER SERVICE GRAND RAPIDS, MI
524 PM EDT THU APR 13 2017


...................................

...THE MUSKEGON MI CLIMATE SUMMARY FOR APRIL 13 2017...
VALID TODAY AS OF 0500 PM LOCAL TIME.

CLIMATE NORMAL PERIOD 1981 TO 2010
CLIMATE RECORD PERIOD 1896 TO 2017


WEATHER ITEM   OBSERVED TIME   RECORD YEAR NORMAL DEPARTURE LAST
                VALUE   (LST)  VALUE       VALUE  FROM      YEAR
                                                  NORMAL
..................................................................
TEMPERATURE (F)
 TODAY
  MAXIMUM         52    359 PM  74    1968  55     -3       49
  MINIMUM         43    654 AM  12    1917  37      6       33
  AVERAGE         48                        46      2       41

PRECIPITATION (IN)
  TODAY            0.04          0.96 1945   0.10  -0.06      T
  MONTH TO DATE    1.86                      1.25   0.61     1.08
  SINCE MAR 1      4.47                      3.50   0.97     6.02
  SINCE JAN 1     10.17                      7.36   2.81    10.23

SNOWFALL (IN)
  TODAY            0.0           1.1  1962   0.1   -0.1      0.0
  MONTH TO DATE    0.0                       1.8   -1.8      2.4
  SINCE MAR 1      4.5                      10.8   -6.3      7.3
  SINCE JUL 1     49.0                      93.2  -44.2     61.8
  SNOW DEPTH       0

DEGREE DAYS
 HEATING
  TODAY           17                        19     -2       24
  MONTH TO DATE  242                       283    -41      374
  SINCE MAR 1   1146                      1213    -67     1149
  SINCE JUL 1   5011                      5945   -934     5169

 COOLING
  TODAY            0                         0      0        0
  MONTH TO DATE    0                         0      0        0
  SINCE MAR 1      0                         0      0        0
  SINCE JAN 1      0                         0      0        0
..................................................................


WIND (MPH)
  RESULTANT WIND SPEED   8   RESULTANT WIND DIRECTION   E (80)
  HIGHEST WIND SPEED    17   HIGHEST WIND DIRECTION     E (70)
  HIGHEST GUST SPEED    20   HIGHEST GUST DIRECTION     E (80)
  AVERAGE WIND SPEED     8.4


SKY COVER
  AVERAGE SKY COVER 1.0


WEATHER CONDITIONS
 THE FOLLOWING WEATHER WAS RECORDED TODAY.
  LIGHT RAIN


RELATIVE HUMIDITY (PERCENT)
 HIGHEST    93          1100 AM
 LOWEST     70          1200 AM
 AVERAGE    82

..........................................................


THE MUSKEGON MI CLIMATE NORMALS FOR TOMORROW
                         NORMAL    RECORD    YEAR
 MAXIMUM TEMPERATURE (F)   55        76      2003
 MINIMUM TEMPERATURE (F)   37        20      1953


SUNRISE AND SUNSET
APRIL 13 2017.........SUNRISE   706 AM EDT   SUNSET   826 PM EDT
APRIL 14 2017.........SUNRISE   704 AM EDT   SUNSET   827 PM EDT


-  INDICATES NEGATIVE NUMBERS.
R  INDICATES RECORD WAS SET OR TIED.
MM INDICATES DATA IS MISSING.
T  INDICATES TRACE AMOUNT.




$$
