000
CDUS43 KGRR 140523
CLIMKG


CLIMATE REPORT
NATIONAL WEATHER SERVICE GRAND RAPIDS, MI
123 AM EDT THU JUL 14 2016


...................................

...THE MUSKEGON MI CLIMATE SUMMARY FOR JULY 13 2016...

CLIMATE NORMAL PERIOD 1981 TO 2010
CLIMATE RECORD PERIOD 1896 TO 2016


WEATHER ITEM   OBSERVED TIME   RECORD YEAR NORMAL DEPARTURE LAST
                VALUE   (LST)  VALUE       VALUE  FROM      YEAR
                                                  NORMAL
..................................................................
TEMPERATURE (F)
 YESTERDAY
  MAXIMUM         87    302 PM  93    1995  81      6       78
  MINIMUM         69    133 AM  45    1940  62      7       65
                                      1929
  AVERAGE         78                        71      7       72

PRECIPITATION (IN)
  YESTERDAY        0.00          1.13 1981   0.07  -0.07     0.61
  MONTH TO DATE    1.01                      0.93   0.08     3.36
  SINCE JUN 1      3.35                      3.48  -0.13     6.66
  SINCE JAN 1     17.28                     15.75   1.53    19.09

SNOWFALL (IN)
  YESTERDAY        0.0          MM      MM   0.0    0.0      0.0
  MONTH TO DATE    0.0                       0.0    0.0      0.0
  SINCE JUN 1      0.0                       0.0    0.0      0.0
  SINCE JUL 1      0.0                       0.0    0.0      0.0
  SNOW DEPTH       0

DEGREE DAYS
 HEATING
  YESTERDAY        0                         0      0        0
  MONTH TO DATE    8                         4      4       15
  SINCE JUN 1     46                        70    -24       48
  SINCE JUL 1      8                         4      4       15

 COOLING
  YESTERDAY       13                         7      6        7
  MONTH TO DATE   85                        82      3       31
  SINCE JUN 1    202                       187     15       94
  SINCE JAN 1    246                       216     30      133
..................................................................


WIND (MPH)
  RESULTANT WIND SPEED  11   RESULTANT WIND DIRECTION  SW (210)
  HIGHEST WIND SPEED    22   HIGHEST WIND DIRECTION    SW (210)
  HIGHEST GUST SPEED    28   HIGHEST GUST DIRECTION    SW (210)
  AVERAGE WIND SPEED    12.1


SKY COVER
  AVERAGE SKY COVER 0.4


WEATHER CONDITIONS
 THE FOLLOWING WEATHER WAS RECORDED YESTERDAY.
  THUNDERSTORM


RELATIVE HUMIDITY (PERCENT)
 HIGHEST    97           600 AM
 LOWEST     57           200 PM
 AVERAGE    77

..........................................................


THE MUSKEGON MI CLIMATE NORMALS FOR TODAY
                         NORMAL    RECORD    YEAR
 MAXIMUM TEMPERATURE (F)   81        94      1995
 MINIMUM TEMPERATURE (F)   62        41      1950


SUNRISE AND SUNSET
JULY 14 2016..........SUNRISE   618 AM EDT   SUNSET   923 PM EDT
JULY 15 2016..........SUNRISE   619 AM EDT   SUNSET   922 PM EDT


-  INDICATES NEGATIVE NUMBERS.
R  INDICATES RECORD WAS SET OR TIED.
MM INDICATES DATA IS MISSING.
T  INDICATES TRACE AMOUNT.




$$
