409
CDUS43 KGRR 072126
CLIMKG


CLIMATE REPORT
NATIONAL WEATHER SERVICE GRAND RAPIDS, MI
525 PM EDT THU MAY 7 2015


...................................

...THE MUSKEGON MI CLIMATE SUMMARY FOR MAY 7 2015...
VALID TODAY AS OF 0500 PM LOCAL TIME.

CLIMATE NORMAL PERIOD 1981 TO 2010
CLIMATE RECORD PERIOD 1896 TO 2015


WEATHER ITEM   OBSERVED TIME   RECORD YEAR NORMAL DEPARTURE LAST
                VALUE   (LST)  VALUE       VALUE  FROM      YEAR
                                                  NORMAL
..................................................................
TEMPERATURE (F)
 TODAY
  MAXIMUM         82R   307 PM  80    1979  64     18       62
                                      1965
                                      1964
  MINIMUM         63    422 AM  27    1974  44     19       45
  AVERAGE         73                        54     19       54

PRECIPITATION (IN)
  TODAY            0.00          1.12 1945   0.10  -0.10     0.79
  MONTH TO DATE    0.31                      0.71  -0.40     1.08
  SINCE MAR 1      6.16                      5.87   0.29     5.53
  SINCE JAN 1      9.45                      9.73  -0.28    10.66

SNOWFALL (IN)
  TODAY            0.0           T    1954   0.0    0.0      0.0
                                      1947
  MONTH TO DATE    0.0                       0.0    0.0      0.0
  SINCE MAR 1      4.0                      11.3   -7.3      9.1
  SINCE JUL 1     92.1                      93.7   -1.6    132.7
  SNOW DEPTH       0

DEGREE DAYS
 HEATING
  TODAY            0                        11    -11       11
  MONTH TO DATE   39                        85    -46      108
  SINCE MAR 1   1581                      1571     10     1873
  SINCE JUL 1   6706                      6303    403     7013

 COOLING
  TODAY            8                         0      8        0
  MONTH TO DATE    9                         0      9        0
  SINCE MAR 1      9                         4      5        0
  SINCE JAN 1      9                         4      5        0
..................................................................


WIND (MPH)
  RESULTANT WIND SPEED   9   RESULTANT WIND DIRECTION   S (170)
  HIGHEST WIND SPEED    20   HIGHEST WIND DIRECTION    SW (210)
  HIGHEST GUST SPEED    27   HIGHEST GUST DIRECTION     S (190)
  AVERAGE WIND SPEED    11.8


SKY COVER
  AVERAGE SKY COVER 0.4


WEATHER CONDITIONS
 THE FOLLOWING WEATHER WAS RECORDED TODAY.
  FOG
  HAZE


RELATIVE HUMIDITY (PERCENT)
 HIGHEST    87           200 AM
 LOWEST     39          1000 AM
 AVERAGE    63

..........................................................


THE MUSKEGON MI CLIMATE NORMALS FOR TOMORROW
                         NORMAL    RECORD    YEAR
 MAXIMUM TEMPERATURE (F)   65        84      1993
 MINIMUM TEMPERATURE (F)   45        27      1976


SUNRISE AND SUNSET
MAY  7 2015...........SUNRISE   631 AM EDT   SUNSET   853 PM EDT
MAY  8 2015...........SUNRISE   630 AM EDT   SUNSET   854 PM EDT


-  INDICATES NEGATIVE NUMBERS.
R  INDICATES RECORD WAS SET OR TIED.
MM INDICATES DATA IS MISSING.
T  INDICATES TRACE AMOUNT.




$$
