000
CDUS43 KGRR 052228
CLIMKG


CLIMATE REPORT
NATIONAL WEATHER SERVICE GRAND RAPIDS, MI
527 PM EST SUN FEB 5 2017


...................................

...THE MUSKEGON MI CLIMATE SUMMARY FOR FEBRUARY 5 2017...
VALID TODAY AS OF 0500 PM LOCAL TIME.

CLIMATE NORMAL PERIOD 1981 TO 2010
CLIMATE RECORD PERIOD 1896 TO 2017


WEATHER ITEM   OBSERVED TIME   RECORD YEAR NORMAL DEPARTURE LAST
                VALUE   (LST)  VALUE       VALUE  FROM      YEAR
                                                  NORMAL
..................................................................
TEMPERATURE (F)
 TODAY
  MAXIMUM         36    550 AM  51    1946  31      5       34
  MINIMUM         32    459 PM -16    1918  20     12       26
  AVERAGE         34                        26      8       30

PRECIPITATION (IN)
  TODAY            T             0.61 1924   0.05  -0.05      T
  MONTH TO DATE    T                         0.28  -0.28     1.30
  SINCE DEC 1      5.25                      4.86   0.39     8.66
  SINCE JAN 1      3.03                      2.31   0.72     3.76

SNOWFALL (IN)
  TODAY            T             7.3  1917   0.8   -0.8      0.1
  MONTH TO DATE    0.1                       4.1   -4.0      0.6
  SINCE DEC 1     37.9                      61.0  -23.1     42.7
  SINCE JUL 1     38.9                      67.2  -28.3     46.6
  SNOW DEPTH       2

DEGREE DAYS
 HEATING
  TODAY           31                        39     -8       35
  MONTH TO DATE  192                       199     -7      168
  SINCE DEC 1   2330                      2504   -174     2108
  SINCE JUL 1   3235                      3871   -636     3175

 COOLING
  TODAY            0                         0      0        0
  MONTH TO DATE    0                         0      0        0
  SINCE DEC 1      0                         0      0        0
  SINCE JAN 1      0                         0      0        0
..................................................................


WIND (MPH)
  RESULTANT WIND SPEED  11   RESULTANT WIND DIRECTION   W (280)
  HIGHEST WIND SPEED    28   HIGHEST WIND DIRECTION    SW (220)
  HIGHEST GUST SPEED    34   HIGHEST GUST DIRECTION    SW (220)
  AVERAGE WIND SPEED    14.5


SKY COVER
  AVERAGE SKY COVER 0.9


WEATHER CONDITIONS
 THE FOLLOWING WEATHER WAS RECORDED TODAY.
  LIGHT SNOW


RELATIVE HUMIDITY (PERCENT)
 HIGHEST    75          1000 AM
 LOWEST     56           200 AM
 AVERAGE    66

..........................................................


THE MUSKEGON MI CLIMATE NORMALS FOR TOMORROW
                         NORMAL    RECORD    YEAR
 MAXIMUM TEMPERATURE (F)   31        50      1946
 MINIMUM TEMPERATURE (F)   20       -15      1899


SUNRISE AND SUNSET
FEBRUARY  5 2017......SUNRISE   755 AM EST   SUNSET   603 PM EST
FEBRUARY  6 2017......SUNRISE   754 AM EST   SUNSET   604 PM EST


-  INDICATES NEGATIVE NUMBERS.
R  INDICATES RECORD WAS SET OR TIED.
MM INDICATES DATA IS MISSING.
T  INDICATES TRACE AMOUNT.




$$

63
