000
CDUS43 KGRR 250515
CLIMKG


CLIMATE REPORT
NATIONAL WEATHER SERVICE GRAND RAPIDS, MI
113 AM EDT FRI JUL 25 2014


...................................

...THE MUSKEGON MI CLIMATE SUMMARY FOR JULY 24 2014...

CLIMATE NORMAL PERIOD 1981 TO 2010
CLIMATE RECORD PERIOD 1895 TO 2014


WEATHER ITEM   OBSERVED TIME   RECORD YEAR NORMAL DEPARTURE LAST
                VALUE   (LST)  VALUE       VALUE  FROM      YEAR
                                                  NORMAL
..................................................................
TEMPERATURE (F)
 YESTERDAY
  MAXIMUM         74   1147 AM  93    1964  81     -7       74
                                      1940
                                      1917
  MINIMUM         54    549 AM  43    1921  62     -8       52
  AVERAGE         64                        71     -7       63

PRECIPITATION (IN)
  YESTERDAY        0.00          0.76 1899   0.08  -0.08     0.00
  MONTH TO DATE    3.70                      1.76   1.94     0.63
  SINCE JUN 1     10.72                      4.31   6.41     4.96
  SINCE JAN 1     24.02                     16.58   7.44    27.65

SNOWFALL (IN)
  YESTERDAY        0.0          MM      MM   0.0    0.0      0.0
  MONTH TO DATE    0.0                       0.0    0.0      0.0
  SINCE JUN 1      0.0                       0.0    0.0      0.0
  SINCE JUL 1      0.0                       0.0    0.0      0.0
  SNOW DEPTH       0

DEGREE DAYS
 HEATING
  YESTERDAY        1                         0      1        2
  MONTH TO DATE   16                         4     12        4
  SINCE JUN 1     47                        70    -23       56
  SINCE JUL 1     16                         4     12        4

 COOLING
  YESTERDAY        0                         7     -7        0
  MONTH TO DATE   63                       159    -96      213
  SINCE JUN 1    198                       264    -66      313
  SINCE JAN 1    215                       293    -78      373
..................................................................


WIND (MPH)
  RESULTANT WIND SPEED   4   RESULTANT WIND DIRECTION   N (340)
  HIGHEST WIND SPEED    15   HIGHEST WIND DIRECTION     W (280)
  HIGHEST GUST SPEED    19   HIGHEST GUST DIRECTION     W (290)
  AVERAGE WIND SPEED     6.5


SKY COVER
  AVERAGE SKY COVER 0.2


WEATHER CONDITIONS
 THE FOLLOWING WEATHER WAS RECORDED YESTERDAY.
  NO SIGNIFICANT WEATHER WAS OBSERVED.


RELATIVE HUMIDITY (PERCENT)
 HIGHEST    77           200 AM
 LOWEST     37           600 PM
 AVERAGE    57

..........................................................


THE MUSKEGON MI CLIMATE NORMALS FOR TODAY
                         NORMAL    RECORD    YEAR
 MAXIMUM TEMPERATURE (F)   80        94      1940
 MINIMUM TEMPERATURE (F)   62        47      1920


SUNRISE AND SUNSET
JULY 25 2014..........SUNRISE   628 AM EDT   SUNSET   914 PM EDT
JULY 26 2014..........SUNRISE   629 AM EDT   SUNSET   913 PM EDT


-  INDICATES NEGATIVE NUMBERS.
R  INDICATES RECORD WAS SET OR TIED.
MM INDICATES DATA IS MISSING.
T  INDICATES TRACE AMOUNT.




$$
