000
CDUS43 KGRR 032134
CLIMKG


CLIMATE REPORT
NATIONAL WEATHER SERVICE GRAND RAPIDS, MI
530 PM EDT THU AUG 3 2017


...................................

...THE MUSKEGON MI CLIMATE SUMMARY FOR AUGUST 3 2017...
VALID TODAY AS OF 0500 PM LOCAL TIME.

CLIMATE NORMAL PERIOD 1981 TO 2010
CLIMATE RECORD PERIOD 1896 TO 2017


WEATHER ITEM   OBSERVED TIME   RECORD YEAR NORMAL DEPARTURE LAST
                VALUE   (LST)  VALUE       VALUE  FROM      YEAR
                                                  NORMAL
..................................................................
TEMPERATURE (F)
 TODAY
  MAXIMUM         86    225 PM  99    1964  80      6       88
  MINIMUM         66    506 AM  46    1965  62      4       61
  AVERAGE         76                        71      5       75

PRECIPITATION (IN)
  TODAY            0.00          2.14 1915   0.11  -0.11     0.00
  MONTH TO DATE    0.00                      0.31  -0.31     0.00
  SINCE JUN 1      5.27                      5.23   0.04     8.36
  SINCE JAN 1     19.75                     17.50   2.25    22.29

SNOWFALL (IN)
  TODAY            0.0          MM      MM   0.0    0.0      0.0
  MONTH TO DATE    0.0                       0.0    0.0      0.0
  SINCE JUN 1      0.0                       0.0    0.0      0.0
  SINCE JUL 1      0.0                       0.0    0.0      0.0
  SNOW DEPTH       0

DEGREE DAYS
 HEATING
  TODAY            0                         0      0        0
  MONTH TO DATE    0                         0      0        0
  SINCE JUN 1     34                        77    -43       47
  SINCE JUL 1      0                        11    -11        9

 COOLING
  TODAY           11                         6      5       10
  MONTH TO DATE   28                        18     10       27
  SINCE JUN 1    369                       325     44      385
  SINCE JAN 1    391                       354     37      429
..................................................................


WIND (MPH)
  RESULTANT WIND SPEED   5   RESULTANT WIND DIRECTION  SE (130)
  HIGHEST WIND SPEED    17   HIGHEST WIND DIRECTION     S (180)
  HIGHEST GUST SPEED    23   HIGHEST GUST DIRECTION    SW (210)
  AVERAGE WIND SPEED     8.1


SKY COVER
  AVERAGE SKY COVER 0.7


WEATHER CONDITIONS
 THE FOLLOWING WEATHER WAS RECORDED TODAY.
  THUNDERSTORM
  FOG


RELATIVE HUMIDITY (PERCENT)
 HIGHEST   100           600 AM
 LOWEST     48           100 PM
 AVERAGE    74

..........................................................


THE MUSKEGON MI CLIMATE NORMALS FOR TOMORROW
                         NORMAL    RECORD    YEAR
 MAXIMUM TEMPERATURE (F)   80        92      1988
 MINIMUM TEMPERATURE (F)   62        41      1907


SUNRISE AND SUNSET
AUGUST  3 2017........SUNRISE   638 AM EDT   SUNSET   904 PM EDT
AUGUST  4 2017........SUNRISE   639 AM EDT   SUNSET   902 PM EDT


-  INDICATES NEGATIVE NUMBERS.
R  INDICATES RECORD WAS SET OR TIED.
MM INDICATES DATA IS MISSING.
T  INDICATES TRACE AMOUNT.




$$

63
