000
CDUS43 KGRR 210530
CLIMKG


CLIMATE REPORT
NATIONAL WEATHER SERVICE GRAND RAPIDS, MI
127 AM EDT THU APR 21 2016


...................................

...THE MUSKEGON MI CLIMATE SUMMARY FOR APRIL 20 2016...

CLIMATE NORMAL PERIOD 1981 TO 2010
CLIMATE RECORD PERIOD 1896 TO 2016


WEATHER ITEM   OBSERVED TIME   RECORD YEAR NORMAL DEPARTURE LAST
                VALUE   (LST)  VALUE       VALUE  FROM      YEAR
                                                  NORMAL
..................................................................
TEMPERATURE (F)
 YESTERDAY
  MAXIMUM         69    521 PM  79    1987  58     11       52
  MINIMUM         51    701 AM  18    1897  39     12       39
  AVERAGE         60                        48     12       46

PRECIPITATION (IN)
  YESTERDAY        T             2.06 2000   0.09  -0.09     0.23
  MONTH TO DATE    1.08                      1.94  -0.86     4.70
  SINCE MAR 1      6.02                      4.19   1.83     5.83
  SINCE JAN 1     10.23                      8.05   2.18     9.12

SNOWFALL (IN)
  YESTERDAY        0.0           0.3  1953   0.0    0.0      0.0
  MONTH TO DATE    2.4                       2.2    0.2      0.0
  SINCE MAR 1      7.3                      11.2   -3.9      4.0
  SINCE JUL 1     61.8                      93.6  -31.8     92.1
  SNOW DEPTH       0

DEGREE DAYS
 HEATING
  YESTERDAY        5                        17    -12       19
  MONTH TO DATE  430                       408     22      332
  SINCE MAR 1   1205                      1338   -133     1339
  SINCE JUL 1   5225                      6070   -845     6464

 COOLING
  YESTERDAY        0                         0      0        0
  MONTH TO DATE    0                         0      0        0
  SINCE MAR 1      0                         0      0        0
  SINCE JAN 1      0                         0      0        0
..................................................................


WIND (MPH)
  RESULTANT WIND SPEED  13   RESULTANT WIND DIRECTION   E (100)
  HIGHEST WIND SPEED    22   HIGHEST WIND DIRECTION     E (110)
  HIGHEST GUST SPEED    28   HIGHEST GUST DIRECTION    SE (120)
  AVERAGE WIND SPEED    12.7


SKY COVER
  AVERAGE SKY COVER 1.0


WEATHER CONDITIONS
 THE FOLLOWING WEATHER WAS RECORDED YESTERDAY.
  LIGHT RAIN


RELATIVE HUMIDITY (PERCENT)
 HIGHEST    44           300 AM
 LOWEST     23           300 PM
 AVERAGE    34

..........................................................


THE MUSKEGON MI CLIMATE NORMALS FOR TODAY
                         NORMAL    RECORD    YEAR
 MAXIMUM TEMPERATURE (F)   58        79      1985
 MINIMUM TEMPERATURE (F)   39        23      2013


SUNRISE AND SUNSET
APRIL 21 2016.........SUNRISE   652 AM EDT   SUNSET   835 PM EDT
APRIL 22 2016.........SUNRISE   651 AM EDT   SUNSET   836 PM EDT


-  INDICATES NEGATIVE NUMBERS.
R  INDICATES RECORD WAS SET OR TIED.
MM INDICATES DATA IS MISSING.
T  INDICATES TRACE AMOUNT.




$$
