000
CDUS43 KGRR 180520
CLIMKG


CLIMATE REPORT
NATIONAL WEATHER SERVICE GRAND RAPIDS, MI
1220 AM EST SUN JAN 18 2015


...................................

...THE MUSKEGON MI CLIMATE SUMMARY FOR JANUARY 17 2015...

CLIMATE NORMAL PERIOD 1981 TO 2010
CLIMATE RECORD PERIOD 1896 TO 2015


WEATHER ITEM   OBSERVED TIME   RECORD YEAR NORMAL DEPARTURE LAST
                VALUE   (LST)  VALUE       VALUE  FROM      YEAR
                                                  NORMAL
..................................................................
TEMPERATURE (F)
 YESTERDAY
  MAXIMUM         40    424 PM  52    1990  31      9       30
  MINIMUM         20    348 AM  -9    1982  20      0       21
  AVERAGE         30                        25      5       26

PRECIPITATION (IN)
  YESTERDAY        0.03          1.30 1897   0.06  -0.03     0.01
  MONTH TO DATE    1.56                      1.18   0.38     2.24
  SINCE DEC 1      3.28                      3.73  -0.45     4.94
  SINCE JAN 1      1.56                      1.18   0.38     2.24

SNOWFALL (IN)
  YESTERDAY        0.0          14.8  2009   0.9   -0.9      0.1
  MONTH TO DATE   29.6                      15.3   14.3     18.5
  SINCE DEC 1     31.0                      44.2  -13.2     57.7
  SINCE JUL 1     55.5                      50.4    5.1     66.6
  SNOW DEPTH       9

DEGREE DAYS
 HEATING
  YESTERDAY       35                        40     -5       39
  MONTH TO DATE  761                       667     94      715
  SINCE DEC 1   1753                      1746      7     1908
  SINCE JUL 1   3236                      3113    123     3179

 COOLING
  YESTERDAY        0                         0      0        0
  MONTH TO DATE    0                         0      0        0
  SINCE DEC 1      0                         0      0        0
  SINCE JAN 1      0                         0      0        0
..................................................................


WIND (MPH)
  RESULTANT WIND SPEED  15   RESULTANT WIND DIRECTION   S (170)
  HIGHEST WIND SPEED    28   HIGHEST WIND DIRECTION     S (200)
  HIGHEST GUST SPEED    34   HIGHEST GUST DIRECTION     S (190)
  AVERAGE WIND SPEED    18.0


SKY COVER
  AVERAGE SKY COVER 0.7


WEATHER CONDITIONS
 THE FOLLOWING WEATHER WAS RECORDED YESTERDAY.
  LIGHT RAIN
  FOG
  HAZE


RELATIVE HUMIDITY (PERCENT)
 HIGHEST    85           900 PM
 LOWEST     62          1200 AM
 AVERAGE    74

..........................................................


THE MUSKEGON MI CLIMATE NORMALS FOR TODAY
                         NORMAL    RECORD    YEAR
 MAXIMUM TEMPERATURE (F)   31        61      1996
 MINIMUM TEMPERATURE (F)   20        -7      1994


SUNRISE AND SUNSET
JANUARY 18 2015.......SUNRISE   812 AM EST   SUNSET   539 PM EST
JANUARY 19 2015.......SUNRISE   812 AM EST   SUNSET   540 PM EST


-  INDICATES NEGATIVE NUMBERS.
R  INDICATES RECORD WAS SET OR TIED.
MM INDICATES DATA IS MISSING.
T  INDICATES TRACE AMOUNT.




$$
