000
CDUS43 KGRR 072224
CLIMKG


CLIMATE REPORT
NATIONAL WEATHER SERVICE GRAND RAPIDS, MI
524 PM EST SUN JAN 7 2018


...................................

...THE MUSKEGON MI CLIMATE SUMMARY FOR JANUARY 7 2018...
VALID TODAY AS OF 0500 PM LOCAL TIME.

CLIMATE NORMAL PERIOD 1981 TO 2010
CLIMATE RECORD PERIOD 1896 TO 2018


WEATHER ITEM   OBSERVED TIME   RECORD YEAR NORMAL DEPARTURE LAST
                VALUE   (LST)  VALUE       VALUE  FROM      YEAR
                                                  NORMAL
..................................................................
TEMPERATURE (F)
 TODAY
  MAXIMUM         39    459 PM  58    2008  31      8       16
  MINIMUM         13    552 AM -11    1988  21     -8       11
  AVERAGE         26                        26      0       14

PRECIPITATION (IN)
  TODAY            T             0.60 2008   0.08  -0.08     0.06
  MONTH TO DATE    0.63                      0.51   0.12     0.40
  SINCE DEC 1      3.40                      3.06   0.34     2.62
  SINCE JAN 1      0.63                      0.51   0.12     0.40

SNOWFALL (IN)
  TODAY            T            10.2  1970   0.9   -0.9      1.4
  MONTH TO DATE   10.3                       6.3    4.0      6.9
  SINCE DEC 1     62.0                      35.2   26.8     29.9
  SINCE JUL 1     62.0                      41.4   20.6     30.9
  SNOW DEPTH      15

DEGREE DAYS
 HEATING
  TODAY           39                        39      0       51
  MONTH TO DATE  354                       271     83      294
  SINCE DEC 1   1548                      1350    198     1354
  SINCE JUL 1   2707                      2717    -10     2259

 COOLING
  TODAY            0                         0      0        0
  MONTH TO DATE    0                         0      0        0
  SINCE DEC 1      0                         0      0        0
  SINCE JAN 1      0                         0      0        0
..................................................................


WIND (MPH)
  RESULTANT WIND SPEED  15   RESULTANT WIND DIRECTION   S (180)
  HIGHEST WIND SPEED    31   HIGHEST WIND DIRECTION    SW (210)
  HIGHEST GUST SPEED    40   HIGHEST GUST DIRECTION    SW (210)
  AVERAGE WIND SPEED    16.2


SKY COVER
  AVERAGE SKY COVER 0.9


WEATHER CONDITIONS
 THE FOLLOWING WEATHER WAS RECORDED TODAY.
  LIGHT SNOW
  HAZE
  BLOWING SNOW


RELATIVE HUMIDITY (PERCENT)
 HIGHEST    80           100 AM
 LOWEST     52           400 PM
 AVERAGE    66

..........................................................


THE MUSKEGON MI CLIMATE NORMALS FOR TOMORROW
                         NORMAL    RECORD    YEAR
 MAXIMUM TEMPERATURE (F)   31        55      1965
 MINIMUM TEMPERATURE (F)   21        -3      1996
                                             1988


SUNRISE AND SUNSET
JANUARY  7 2018.......SUNRISE   816 AM EST   SUNSET   526 PM EST
JANUARY  8 2018.......SUNRISE   816 AM EST   SUNSET   527 PM EST


-  INDICATES NEGATIVE NUMBERS.
R  INDICATES RECORD WAS SET OR TIED.
MM INDICATES DATA IS MISSING.
T  INDICATES TRACE AMOUNT.




$$
