000
CDUS43 KGRR 131436
CLIMKG


CLIMATE REPORT
NATIONAL WEATHER SERVICE GRAND RAPIDS, MI
935 AM EST THU NOV 13 2014


...................................

...THE MUSKEGON MI CLIMATE SUMMARY FOR NOVEMBER 13 2014...
VALID AS OF 0900 AM LOCAL TIME.

CLIMATE NORMAL PERIOD 1981 TO 2010
CLIMATE RECORD PERIOD 1896 TO 2014


WEATHER ITEM   OBSERVED TIME   RECORD YEAR NORMAL DEPARTURE LAST
                VALUE   (LST)  VALUE       VALUE  FROM      YEAR
                                                  NORMAL
..................................................................
TEMPERATURE (F)
 TODAY
  MAXIMUM         31   1242 AM  67    1909  48    -17       42
  MINIMUM         27    536 AM  11    1911  35     -8       30
  AVERAGE         29                        41    -12       36

PRECIPITATION (IN)
  TODAY            0.33          1.98 1958   0.12   0.21     0.00
  MONTH TO DATE    1.11                      1.48  -0.37     1.35
  SINCE SEP 1      7.21                      8.48  -1.27     7.77
  SINCE JAN 1     33.82                     29.06   4.76    39.02

SNOWFALL (IN)
  TODAY            3.3 R         2.7  1969   0.1    3.2      0.0
                                      1959
  MONTH TO DATE    3.3                       1.2    2.1      0.1
  SINCE SEP 1      3.3                       1.4    1.9      0.1
  SINCE JUL 1      3.3                       1.4    1.9      0.1
  SNOW DEPTH       3

DEGREE DAYS
 HEATING
  TODAY           36                        24     12       29
  MONTH TO DATE  294                       282     12      278
  SINCE SEP 1    866                       875     -9      751
  SINCE JUL 1    915                       905     10      786

 COOLING
  TODAY            0                         0      0        0
  MONTH TO DATE    0                         0      0        0
  SINCE SEP 1     46                        59    -13       87
  SINCE JAN 1    442                       566   -124      626
..................................................................


WIND (MPH)
  HIGHEST WIND SPEED    15   HIGHEST WIND DIRECTION    NW (330)
  HIGHEST GUST SPEED    20   HIGHEST GUST DIRECTION    NW (310)



WEATHER CONDITIONS
 THE FOLLOWING WEATHER WAS RECORDED TODAY.
  HEAVY SNOW
  SNOW
  LIGHT SNOW
  FOG
  FOG W/VISIBILITY <= 1/4 MILE


..........................................................




SUNRISE AND SUNSET
NOVEMBER 13 2014......SUNRISE   735 AM EST   SUNSET   523 PM EST
NOVEMBER 14 2014......SUNRISE   736 AM EST   SUNSET   522 PM EST


-  INDICATES NEGATIVE NUMBERS.
R  INDICATES RECORD WAS SET OR TIED.
MM INDICATES DATA IS MISSING.
T  INDICATES TRACE AMOUNT.




$$

EBW
