000
CDUS43 KGRR 030517
CLIMKG


CLIMATE REPORT
NATIONAL WEATHER SERVICE GRAND RAPIDS, MI
116 AM EDT FRI NOV 3 2017


...................................

...THE MUSKEGON MI CLIMATE SUMMARY FOR NOVEMBER 2 2017...

CLIMATE NORMAL PERIOD 1981 TO 2010
CLIMATE RECORD PERIOD 1896 TO 2017


WEATHER ITEM   OBSERVED TIME   RECORD YEAR NORMAL DEPARTURE LAST
                VALUE   (LST)  VALUE       VALUE  FROM      YEAR
                                                  NORMAL
..................................................................
TEMPERATURE (F)
 YESTERDAY
  MAXIMUM         52    129 PM  76    1961  52      0       61
  MINIMUM         40   1231 AM  18    1951  38      2       56
  AVERAGE         46                        45      1       59

PRECIPITATION (IN)
  YESTERDAY        0.10          1.38 1964   0.12  -0.02     0.27
  MONTH TO DATE    0.32                      0.24   0.08     0.31
  SINCE SEP 1     10.39                      7.24   3.15    10.01
  SINCE JAN 1     31.55                     27.82   3.73    35.16

SNOWFALL (IN)
  YESTERDAY        0.0           1.0  1911   0.1   -0.1      0.0
  MONTH TO DATE    T                         0.1   -0.1      0.0
  SINCE SEP 1      T                         0.3   -0.3      0.0
  SINCE JUL 1      T                         0.3   -0.3      0.0
  SNOW DEPTH       0

DEGREE DAYS
 HEATING
  YESTERDAY       19                        20     -1        6
  MONTH TO DATE   43                        40      3       10
  SINCE SEP 1    429                       633   -204      353
  SINCE JUL 1    442                       663   -221      362

 COOLING
  YESTERDAY        0                         0      0        0
  MONTH TO DATE    0                         0      0        0
  SINCE SEP 1    121                        59     62      110
  SINCE JAN 1    615                       566     49      774
..................................................................


WIND (MPH)
  RESULTANT WIND SPEED   2   RESULTANT WIND DIRECTION  SE (150)
  HIGHEST WIND SPEED    12   HIGHEST WIND DIRECTION    SE (120)
  HIGHEST GUST SPEED    14   HIGHEST GUST DIRECTION     E (100)
  AVERAGE WIND SPEED     4.4


SKY COVER
  AVERAGE SKY COVER 1.0


WEATHER CONDITIONS
 THE FOLLOWING WEATHER WAS RECORDED YESTERDAY.
  LIGHT RAIN
  FOG


RELATIVE HUMIDITY (PERCENT)
 HIGHEST   100           400 AM
 LOWEST     77           100 PM
 AVERAGE    89

..........................................................


THE MUSKEGON MI CLIMATE NORMALS FOR TODAY
                         NORMAL    RECORD    YEAR
 MAXIMUM TEMPERATURE (F)   52        70      2015
                                             1903
 MINIMUM TEMPERATURE (F)   38        18      1951


SUNRISE AND SUNSET
NOVEMBER  3 2017......SUNRISE   823 AM EDT   SUNSET   634 PM EDT
NOVEMBER  4 2017......SUNRISE   824 AM EDT   SUNSET   633 PM EDT


-  INDICATES NEGATIVE NUMBERS.
R  INDICATES RECORD WAS SET OR TIED.
MM INDICATES DATA IS MISSING.
T  INDICATES TRACE AMOUNT.




$$
