000
CDUS43 KGRR 200517
CLIMKG


CLIMATE REPORT
NATIONAL WEATHER SERVICE GRAND RAPIDS, MI
116 AM EDT THU AUG 20 2015


...................................

...THE MUSKEGON MI CLIMATE SUMMARY FOR AUGUST 19 2015...

CLIMATE NORMAL PERIOD 1981 TO 2010
CLIMATE RECORD PERIOD 1896 TO 2015


WEATHER ITEM   OBSERVED TIME   RECORD YEAR NORMAL DEPARTURE LAST
                VALUE   (LST)  VALUE       VALUE  FROM      YEAR
                                                  NORMAL
..................................................................
TEMPERATURE (F)
 YESTERDAY
  MAXIMUM         80    206 PM  94    1947  79      1       77
  MINIMUM         66   1159 PM  45    1943  61      5       66
  AVERAGE         73                        70      3       72

PRECIPITATION (IN)
  YESTERDAY        0.07          1.52 1905   0.10  -0.03     0.59
  MONTH TO DATE    1.33                      2.06  -0.73     1.27
  SINCE JUN 1      9.68                      6.98   2.70    12.02
  SINCE JAN 1     22.11                     19.25   2.86    25.32

SNOWFALL (IN)
  YESTERDAY        0.0          MM      MM   0.0    0.0      0.0
  MONTH TO DATE    0.0                       0.0    0.0      0.0
  SINCE JUN 1      0.0                       0.0    0.0      0.0
  SINCE JUL 1      0.0                       0.0    0.0      0.0
  SNOW DEPTH       0

DEGREE DAYS
 HEATING
  YESTERDAY        0                         1     -1        0
  MONTH TO DATE    0                         2     -2       17
  SINCE JUN 1     48                        79    -31       79
  SINCE JUL 1     15                        13      2       48

 COOLING
  YESTERDAY        8                         5      3        7
  MONTH TO DATE  154                       112     42       84
  SINCE JUN 1    394                       419    -25      293
  SINCE JAN 1    433                       448    -15      310
..................................................................


WIND (MPH)
  RESULTANT WIND SPEED  14   RESULTANT WIND DIRECTION   S (200)
  HIGHEST WIND SPEED    28   HIGHEST WIND DIRECTION    SW (210)
  HIGHEST GUST SPEED    36   HIGHEST GUST DIRECTION     S (190)
  AVERAGE WIND SPEED    14.9


SKY COVER
  AVERAGE SKY COVER 0.8


WEATHER CONDITIONS
 THE FOLLOWING WEATHER WAS RECORDED YESTERDAY.
  THUNDERSTORM
  HEAVY RAIN
  RAIN
  LIGHT RAIN
  FOG


RELATIVE HUMIDITY (PERCENT)
 HIGHEST    84          1200 AM
 LOWEST     61           800 PM
 AVERAGE    73

..........................................................


THE MUSKEGON MI CLIMATE NORMALS FOR TODAY
                         NORMAL    RECORD    YEAR
 MAXIMUM TEMPERATURE (F)   79        94      1947
 MINIMUM TEMPERATURE (F)   61        42      1992
                                             1908


SUNRISE AND SUNSET
AUGUST 20 2015........SUNRISE   656 AM EDT   SUNSET   840 PM EDT
AUGUST 21 2015........SUNRISE   657 AM EDT   SUNSET   839 PM EDT


-  INDICATES NEGATIVE NUMBERS.
R  INDICATES RECORD WAS SET OR TIED.
MM INDICATES DATA IS MISSING.
T  INDICATES TRACE AMOUNT.




$$
