000
CDUS43 KGRR 150512
CLIMKG


CLIMATE REPORT
NATIONAL WEATHER SERVICE GRAND RAPIDS, MI
112 AM EDT FRI MAY 15 2015


...................................

...THE MUSKEGON MI CLIMATE SUMMARY FOR MAY 14 2015...

CLIMATE NORMAL PERIOD 1981 TO 2010
CLIMATE RECORD PERIOD 1896 TO 2015


WEATHER ITEM   OBSERVED TIME   RECORD YEAR NORMAL DEPARTURE LAST
                VALUE   (LST)  VALUE       VALUE  FROM      YEAR
                                                  NORMAL
..................................................................
TEMPERATURE (F)
 YESTERDAY
  MAXIMUM         67    116 PM  89    1982  66      1       60
  MINIMUM         40    430 AM  28    1936  46     -6       48
  AVERAGE         54                        56     -2       54

PRECIPITATION (IN)
  YESTERDAY        0.04          1.06 1952   0.10  -0.06     0.26
                                      1945
  MONTH TO DATE    1.97                      1.44   0.53     3.03
  SINCE MAR 1      7.82                      6.60   1.22     7.48
  SINCE JAN 1     11.11                     10.46   0.65    12.61

SNOWFALL (IN)
  YESTERDAY        0.0           0.0    MM   0.0    0.0      0.0
  MONTH TO DATE    0.0                       0.0    0.0      0.0
  SINCE MAR 1      4.0                      11.3   -7.3      9.1
  SINCE JUL 1     92.1                      93.7   -1.6    132.7
  SNOW DEPTH       0

DEGREE DAYS
 HEATING
  YESTERDAY       11                         9      2       11
  MONTH TO DATE  101                       156    -55      142
  SINCE MAR 1   1643                      1642      1     1907
  SINCE JUL 1   6768                      6374    394     7047

 COOLING
  YESTERDAY        0                         1     -1        0
  MONTH TO DATE   12                         6      6        7
  SINCE MAR 1     12                        10      2        7
  SINCE JAN 1     12                        10      2        7
..................................................................


WIND (MPH)
  RESULTANT WIND SPEED   8   RESULTANT WIND DIRECTION  SE (130)
  HIGHEST WIND SPEED    21   HIGHEST WIND DIRECTION    SE (130)
  HIGHEST GUST SPEED    24   HIGHEST GUST DIRECTION    SE (130)
  AVERAGE WIND SPEED     9.2


SKY COVER
  AVERAGE SKY COVER 0.7


WEATHER CONDITIONS
 THE FOLLOWING WEATHER WAS RECORDED YESTERDAY.
  LIGHT RAIN


RELATIVE HUMIDITY (PERCENT)
 HIGHEST    86           400 AM
 LOWEST     32           100 PM
 AVERAGE    59

..........................................................


THE MUSKEGON MI CLIMATE NORMALS FOR TODAY
                         NORMAL    RECORD    YEAR
 MAXIMUM TEMPERATURE (F)   67        88      1998
 MINIMUM TEMPERATURE (F)   47        31      1920


SUNRISE AND SUNSET
MAY 15 2015...........SUNRISE   622 AM EDT   SUNSET   902 PM EDT
MAY 16 2015...........SUNRISE   620 AM EDT   SUNSET   903 PM EDT


-  INDICATES NEGATIVE NUMBERS.
R  INDICATES RECORD WAS SET OR TIED.
MM INDICATES DATA IS MISSING.
T  INDICATES TRACE AMOUNT.




$$
