000
CDUS43 KGRR 090523
CLIMKG


CLIMATE REPORT
NATIONAL WEATHER SERVICE GRAND RAPIDS, MI
1223 AM EST THU MAR 9 2017


...................................

...THE MUSKEGON MI CLIMATE SUMMARY FOR MARCH 8 2017...

CLIMATE NORMAL PERIOD 1981 TO 2010
CLIMATE RECORD PERIOD 1896 TO 2017


WEATHER ITEM   OBSERVED TIME   RECORD YEAR NORMAL DEPARTURE LAST
                VALUE   (LST)  VALUE       VALUE  FROM      YEAR
                                                  NORMAL
..................................................................
TEMPERATURE (F)
 YESTERDAY
  MAXIMUM         45    346 PM  73    2000  40      5       66
  MINIMUM         36   1159 PM  -2    1982  25     11       55
                                      1960
  AVERAGE         41                        32      9       61

PRECIPITATION (IN)
  YESTERDAY        T             1.00 1921   0.07  -0.07     0.00
  MONTH TO DATE    0.25                      0.58  -0.33     0.24
  SINCE MAR 1      0.25                      0.58  -0.33     0.24
  SINCE JAN 1      5.95                      4.44   1.51     4.45

SNOWFALL (IN)
  YESTERDAY        0.0           7.6  1961   0.4   -0.4      0.0
  MONTH TO DATE    1.5                       3.4   -1.9      4.9
  SINCE MAR 1      1.5                       3.4   -1.9      4.9
  SINCE JUL 1     43.4                      85.8  -42.4     59.4
  SNOW DEPTH       0

DEGREE DAYS
 HEATING
  YESTERDAY       24                        33     -9        4
  MONTH TO DATE  220                       271    -51      250
  SINCE MAR 1    220                       271    -51      250
  SINCE JUL 1   4085                      5003   -918     4270

 COOLING
  YESTERDAY        0                         0      0        0
  MONTH TO DATE    0                         0      0        0
  SINCE MAR 1      0                         0      0        0
  SINCE JAN 1      0                         0      0        0
..................................................................


WIND (MPH)
  RESULTANT WIND SPEED  19   RESULTANT WIND DIRECTION   W (250)
  HIGHEST WIND SPEED    31   HIGHEST WIND DIRECTION    SW (240)
  HIGHEST GUST SPEED    46   HIGHEST GUST DIRECTION    SW (230)
  AVERAGE WIND SPEED    21.0


SKY COVER
  AVERAGE SKY COVER 0.3


WEATHER CONDITIONS
 THE FOLLOWING WEATHER WAS RECORDED YESTERDAY.
  NO SIGNIFICANT WEATHER WAS OBSERVED.


RELATIVE HUMIDITY (PERCENT)
 HIGHEST    79           200 AM
 LOWEST     37           200 PM
 AVERAGE    58

..........................................................


THE MUSKEGON MI CLIMATE NORMALS FOR TODAY
                         NORMAL    RECORD    YEAR
 MAXIMUM TEMPERATURE (F)   40        60      2016
                                             2002
 MINIMUM TEMPERATURE (F)   25        -6      1996


SUNRISE AND SUNSET
MARCH  9 2017.........SUNRISE   707 AM EST   SUNSET   644 PM EST
MARCH 10 2017.........SUNRISE   705 AM EST   SUNSET   646 PM EST


-  INDICATES NEGATIVE NUMBERS.
R  INDICATES RECORD WAS SET OR TIED.
MM INDICATES DATA IS MISSING.
T  INDICATES TRACE AMOUNT.




$$
