091
CDUS43 KGRR 090527
CLIMKG


CLIMATE REPORT
NATIONAL WEATHER SERVICE GRAND RAPIDS, MI
1227 AM EST MON JAN 9 2017


...................................

...THE MUSKEGON MI CLIMATE SUMMARY FOR JANUARY 8 2017...

CLIMATE NORMAL PERIOD 1981 TO 2010
CLIMATE RECORD PERIOD 1896 TO 2017


WEATHER ITEM   OBSERVED TIME   RECORD YEAR NORMAL DEPARTURE LAST
                VALUE   (LST)  VALUE       VALUE  FROM      YEAR
                                                  NORMAL
..................................................................
TEMPERATURE (F)
 YESTERDAY
  MAXIMUM         21    818 PM  55    1965  31    -10       41
  MINIMUM         12    100 AM  -3    1996  21     -9       35
                                      1988
  AVERAGE         17                        26     -9       38

PRECIPITATION (IN)
  YESTERDAY        0.06          0.97 1937   0.07  -0.01     0.21
  MONTH TO DATE    0.45                      0.58  -0.13     0.24
  SINCE DEC 1      2.67                      3.13  -0.46     5.14
  SINCE JAN 1      0.45                      0.58  -0.13     0.24

SNOWFALL (IN)
  YESTERDAY        1.6           8.0  2015   0.9    0.7      0.0
  MONTH TO DATE    8.5                       7.2    1.3      0.3
  SINCE DEC 1     28.9                      36.1   -7.2      5.2
  SINCE JUL 1     29.9                      42.3  -12.4      9.1
  SNOW DEPTH       5

DEGREE DAYS
 HEATING
  YESTERDAY       48                        39      9       27
  MONTH TO DATE  342                       310     32      275
  SINCE DEC 1   1402                      1389     13     1048
  SINCE JUL 1   2307                      2756   -449     2115

 COOLING
  YESTERDAY        0                         0      0        0
  MONTH TO DATE    0                         0      0        0
  SINCE DEC 1      0                         0      0        0
  SINCE JAN 1      0                         0      0        0
..................................................................


WIND (MPH)
  RESULTANT WIND SPEED   1   RESULTANT WIND DIRECTION  NW (320)
  HIGHEST WIND SPEED    20   HIGHEST WIND DIRECTION     S (160)
  HIGHEST GUST SPEED    26   HIGHEST GUST DIRECTION    SE (150)
  AVERAGE WIND SPEED     8.6


SKY COVER
  AVERAGE SKY COVER 1.0


WEATHER CONDITIONS
 THE FOLLOWING WEATHER WAS RECORDED YESTERDAY.
  LIGHT SNOW
  HAZE


RELATIVE HUMIDITY (PERCENT)
 HIGHEST    80          1200 PM
 LOWEST     67          1000 AM
 AVERAGE    74

..........................................................


THE MUSKEGON MI CLIMATE NORMALS FOR TODAY
                         NORMAL    RECORD    YEAR
 MAXIMUM TEMPERATURE (F)   31        48      1928
 MINIMUM TEMPERATURE (F)   20        -8      1977


SUNRISE AND SUNSET
JANUARY  9 2017.......SUNRISE   816 AM EST   SUNSET   529 PM EST
JANUARY 10 2017.......SUNRISE   816 AM EST   SUNSET   530 PM EST


-  INDICATES NEGATIVE NUMBERS.
R  INDICATES RECORD WAS SET OR TIED.
MM INDICATES DATA IS MISSING.
T  INDICATES TRACE AMOUNT.




$$
