000
CDUS43 KGRR 050533
CLIMKG


CLIMATE REPORT
NATIONAL WEATHER SERVICE GRAND RAPIDS, MI
132 AM EDT SAT APR 5 2014


...................................

...THE MUSKEGON MI CLIMATE SUMMARY FOR APRIL 4 2014...

CLIMATE NORMAL PERIOD 1981 TO 2010
CLIMATE RECORD PERIOD 1895 TO 2014


WEATHER ITEM   OBSERVED TIME   RECORD YEAR NORMAL DEPARTURE LAST
                VALUE   (LST)  VALUE       VALUE  FROM      YEAR
                                                  NORMAL
..................................................................
TEMPERATURE (F)
 YESTERDAY
  MAXIMUM         43   1212 PM  72    1942  51     -8       49
  MINIMUM         31   1159 PM  14    1982  33     -2       24
  AVERAGE         37                        42     -5       37

PRECIPITATION (IN)
  YESTERDAY        0.43          0.99 1927   0.09   0.34      T
  MONTH TO DATE    0.48                      0.36   0.12      T
  SINCE MAR 1      2.15                      2.61  -0.46     1.25
  SINCE JAN 1      7.28                      6.47   0.81    10.69

SNOWFALL (IN)
  YESTERDAY        T             1.4  2007   0.2   -0.2      0.0
  MONTH TO DATE    T                         0.7   -0.7       T
  SINCE MAR 1      7.5                       9.7   -2.2      5.7
  SINCE JUL 1    131.1                      92.1   39.0     98.6
  SNOW DEPTH       0

DEGREE DAYS
 HEATING
  YESTERDAY       28                        23      5       28
  MONTH TO DATE  105                        94     11      129
  SINCE MAR 1   1293                      1024    269     1163
  SINCE JUL 1   6433                      5756    677     5585

 COOLING
  YESTERDAY        0                         0      0        0
  MONTH TO DATE    0                         0      0        0
  SINCE MAR 1      0                         0      0        0
  SINCE JAN 1      0                         0      0        0
..................................................................


WIND (MPH)
  RESULTANT WIND SPEED   3   RESULTANT WIND DIRECTION  SE (150)
  HIGHEST WIND SPEED    24   HIGHEST WIND DIRECTION    NW (320)
  HIGHEST GUST SPEED    35   HIGHEST GUST DIRECTION     W (270)
  AVERAGE WIND SPEED    15.8


SKY COVER
  AVERAGE SKY COVER 1.0


WEATHER CONDITIONS
 THE FOLLOWING WEATHER WAS RECORDED YESTERDAY.
  RAIN
  LIGHT RAIN
  LIGHT SNOW
  FOG
  HAZE


RELATIVE HUMIDITY (PERCENT)
 HIGHEST    92           800 AM
 LOWEST     70          1200 AM
 AVERAGE    81

..........................................................


THE MUSKEGON MI CLIMATE NORMALS FOR TODAY
                         NORMAL    RECORD    YEAR
 MAXIMUM TEMPERATURE (F)   51        79      1988
 MINIMUM TEMPERATURE (F)   34        15      1982


SUNRISE AND SUNSET
APRIL  5 2014.........SUNRISE   720 AM EDT   SUNSET   816 PM EDT
APRIL  6 2014.........SUNRISE   718 AM EDT   SUNSET   817 PM EDT


-  INDICATES NEGATIVE NUMBERS.
R  INDICATES RECORD WAS SET OR TIED.
MM INDICATES DATA IS MISSING.
T  INDICATES TRACE AMOUNT.




$$
