000
CDUS43 KGRR 040522
CLIMKG


CLIMATE REPORT
NATIONAL WEATHER SERVICE GRAND RAPIDS, MI
122 AM EDT WED MAY 4 2016


...................................

...THE MUSKEGON MI CLIMATE SUMMARY FOR MAY 3 2016...

CLIMATE NORMAL PERIOD 1981 TO 2010
CLIMATE RECORD PERIOD 1896 TO 2016


WEATHER ITEM   OBSERVED TIME   RECORD YEAR NORMAL DEPARTURE LAST
                VALUE   (LST)  VALUE       VALUE  FROM      YEAR
                                                  NORMAL
..................................................................
TEMPERATURE (F)
 YESTERDAY
  MAXIMUM         61    308 PM  82    1959  63     -2       77
  MINIMUM         34    452 AM  26    1967  43     -9       51
  AVERAGE         48                        53     -5       64

PRECIPITATION (IN)
  YESTERDAY        T             1.24 1919   0.10  -0.10     0.00
  MONTH TO DATE    T                         0.30  -0.30     0.00
  SINCE MAR 1      7.34                      5.46   1.88     5.85
  SINCE JAN 1     11.55                      9.32   2.23     9.14

SNOWFALL (IN)
  YESTERDAY        0.0           T    1976   0.0    0.0      0.0
                                      1973
                                      1954
  MONTH TO DATE    0.0                       0.0    0.0      0.0
  SINCE MAR 1      7.3                      11.3   -4.0      4.0
  SINCE JUL 1     61.8                      93.7  -31.9     92.1
  SNOW DEPTH       0

DEGREE DAYS
 HEATING
  YESTERDAY       17                        12      5        1
  MONTH TO DATE   45                        38      7       25
  SINCE MAR 1   1389                      1524   -135     1567
  SINCE JUL 1   5409                      6256   -847     6692

 COOLING
  YESTERDAY        0                         0      0        0
  MONTH TO DATE    0                         0      0        0
  SINCE MAR 1      0                         4     -4        0
  SINCE JAN 1      0                         4     -4        0
..................................................................


WIND (MPH)
  RESULTANT WIND SPEED   8   RESULTANT WIND DIRECTION  SW (210)
  HIGHEST WIND SPEED    23   HIGHEST WIND DIRECTION     W (290)
  HIGHEST GUST SPEED    32   HIGHEST GUST DIRECTION     W (290)
  AVERAGE WIND SPEED     8.7


SKY COVER
  AVERAGE SKY COVER 0.4


WEATHER CONDITIONS
 THE FOLLOWING WEATHER WAS RECORDED YESTERDAY.
  LIGHT RAIN


RELATIVE HUMIDITY (PERCENT)
 HIGHEST    89           600 AM
 LOWEST     36          1100 AM
 AVERAGE    63

..........................................................


THE MUSKEGON MI CLIMATE NORMALS FOR TODAY
                         NORMAL    RECORD    YEAR
 MAXIMUM TEMPERATURE (F)   63        84      1999
 MINIMUM TEMPERATURE (F)   43        26      1966
                                             1926


SUNRISE AND SUNSET
MAY  4 2016...........SUNRISE   634 AM EDT   SUNSET   850 PM EDT
MAY  5 2016...........SUNRISE   632 AM EDT   SUNSET   851 PM EDT


-  INDICATES NEGATIVE NUMBERS.
R  INDICATES RECORD WAS SET OR TIED.
MM INDICATES DATA IS MISSING.
T  INDICATES TRACE AMOUNT.




$$
