000
CDUS43 KGRR 170516
CLIMKG


CLIMATE REPORT
NATIONAL WEATHER SERVICE GRAND RAPIDS, MI
116 AM EDT WED SEP 17 2014


...................................

...THE MUSKEGON MI CLIMATE SUMMARY FOR SEPTEMBER 16 2014...

CLIMATE NORMAL PERIOD 1981 TO 2010
CLIMATE RECORD PERIOD 1896 TO 2014


WEATHER ITEM   OBSERVED TIME   RECORD YEAR NORMAL DEPARTURE LAST
                VALUE   (LST)  VALUE       VALUE  FROM      YEAR
                                                  NORMAL
..................................................................
TEMPERATURE (F)
 YESTERDAY
  MAXIMUM         62    422 PM  86    1967  71     -9       63
                                      1927
  MINIMUM         40    625 AM  31    1929  53    -13       46
  AVERAGE         51                        62    -11       55

PRECIPITATION (IN)
  YESTERDAY        0.00          1.40 1913   0.14  -0.14     0.00
  MONTH TO DATE    2.81                      2.02   0.79     0.92
  SINCE SEP 1      2.81                      2.02   0.79     0.92
  SINCE JAN 1     29.42                     22.60   6.82    32.17

SNOWFALL (IN)
  YESTERDAY        0.0          MM      MM   0.0    0.0      0.0
  MONTH TO DATE    0.0                       0.0    0.0      0.0
  SINCE SEP 1      0.0                       0.0    0.0      0.0
  SINCE JUL 1      0.0                       0.0    0.0      0.0
  SNOW DEPTH       0

DEGREE DAYS
 HEATING
  YESTERDAY       14                         5      9       10
  MONTH TO DATE   80                        46     34       37
  SINCE SEP 1     80                        46     34       37
  SINCE JUL 1    129                        76     53       72

 COOLING
  YESTERDAY        0                         2     -2        0
  MONTH TO DATE   44                        43      1       66
  SINCE SEP 1     44                        43      1       66
  SINCE JAN 1    440                       550   -110      605
..................................................................


WIND (MPH)
  RESULTANT WIND SPEED   3   RESULTANT WIND DIRECTION   W (290)
  HIGHEST WIND SPEED    14   HIGHEST WIND DIRECTION     W (280)
  HIGHEST GUST SPEED    19   HIGHEST GUST DIRECTION     N (340)
  AVERAGE WIND SPEED     3.9


SKY COVER
  AVERAGE SKY COVER 0.2


WEATHER CONDITIONS
 THE FOLLOWING WEATHER WAS RECORDED YESTERDAY.
  FOG
  FOG W/VISIBILITY <= 1/4 MILE


RELATIVE HUMIDITY (PERCENT)
 HIGHEST    93           800 AM
 LOWEST     43           100 PM
 AVERAGE    68

..........................................................


THE MUSKEGON MI CLIMATE NORMALS FOR TODAY
                         NORMAL    RECORD    YEAR
 MAXIMUM TEMPERATURE (F)   71        88      1955
 MINIMUM TEMPERATURE (F)   52        36      1990
                                             1959


SUNRISE AND SUNSET
SEPTEMBER 17 2014.....SUNRISE   727 AM EDT   SUNSET   751 PM EDT
SEPTEMBER 18 2014.....SUNRISE   728 AM EDT   SUNSET   750 PM EDT


-  INDICATES NEGATIVE NUMBERS.
R  INDICATES RECORD WAS SET OR TIED.
MM INDICATES DATA IS MISSING.
T  INDICATES TRACE AMOUNT.




$$
