000
CDUS43 KGRR 140520
CLIMKG


CLIMATE REPORT
NATIONAL WEATHER SERVICE GRAND RAPIDS, MI
118 AM EDT MON JUL 14 2014


...................................

...THE MUSKEGON MI CLIMATE SUMMARY FOR JULY 13 2014...

CLIMATE NORMAL PERIOD 1981 TO 2010
CLIMATE RECORD PERIOD 1895 TO 2014


WEATHER ITEM   OBSERVED TIME   RECORD YEAR NORMAL DEPARTURE LAST
                VALUE   (LST)  VALUE       VALUE  FROM      YEAR
                                                  NORMAL
..................................................................
TEMPERATURE (F)
 YESTERDAY
  MAXIMUM         77    350 PM  93    1995  81     -4       89
  MINIMUM         63   1156 PM  45    1940  62      1       59
                                      1929
  AVERAGE         70                        71     -1       74

PRECIPITATION (IN)
  YESTERDAY        0.28          1.13 1981   0.07   0.21     0.00
  MONTH TO DATE    2.49                      0.93   1.56     0.60
  SINCE JUN 1      9.51                      3.48   6.03     4.93
  SINCE JAN 1     22.81                     15.75   7.06    27.62

SNOWFALL (IN)
  YESTERDAY        0.0          MM      MM   0.0    0.0      0.0
  MONTH TO DATE    0.0                       0.0    0.0      0.0
  SINCE JUN 1      0.0                       0.0    0.0      0.0
  SINCE JUL 1      0.0                       0.0    0.0      0.0
  SNOW DEPTH       0

DEGREE DAYS
 HEATING
  YESTERDAY        0                         0      0        0
  MONTH TO DATE    3                         4     -1        2
  SINCE JUN 1     34                        70    -36       54
  SINCE JUL 1      3                         4     -1        2

 COOLING
  YESTERDAY        5                         7     -2        9
  MONTH TO DATE   35                        82    -47       78
  SINCE JUN 1    170                       187    -17      178
  SINCE JAN 1    187                       216    -29      238
..................................................................


WIND (MPH)
  RESULTANT WIND SPEED   7   RESULTANT WIND DIRECTION   W (250)
  HIGHEST WIND SPEED    17   HIGHEST WIND DIRECTION     W (290)
  HIGHEST GUST SPEED    22   HIGHEST GUST DIRECTION     W (290)
  AVERAGE WIND SPEED     7.6


SKY COVER
  AVERAGE SKY COVER 0.6


WEATHER CONDITIONS
 THE FOLLOWING WEATHER WAS RECORDED YESTERDAY.
  THUNDERSTORM
  HEAVY RAIN
  RAIN
  LIGHT RAIN
  FOG


RELATIVE HUMIDITY (PERCENT)
 HIGHEST    93           400 AM
 LOWEST     64           300 PM
 AVERAGE    79

..........................................................


THE MUSKEGON MI CLIMATE NORMALS FOR TODAY
                         NORMAL    RECORD    YEAR
 MAXIMUM TEMPERATURE (F)   81        94      1995
 MINIMUM TEMPERATURE (F)   62        41      1950


SUNRISE AND SUNSET
JULY 14 2014..........SUNRISE   618 AM EDT   SUNSET   923 PM EDT
JULY 15 2014..........SUNRISE   619 AM EDT   SUNSET   923 PM EDT


-  INDICATES NEGATIVE NUMBERS.
R  INDICATES RECORD WAS SET OR TIED.
MM INDICATES DATA IS MISSING.
T  INDICATES TRACE AMOUNT.




$$
