109
CDUS43 KGRR 120538
CLIMKG


CLIMATE REPORT
NATIONAL WEATHER SERVICE GRAND RAPIDS, MI
1237 AM EST SUN FEB 12 2017


...................................

...THE MUSKEGON MI CLIMATE SUMMARY FOR FEBRUARY 11 2017...

CLIMATE NORMAL PERIOD 1981 TO 2010
CLIMATE RECORD PERIOD 1896 TO 2017


WEATHER ITEM   OBSERVED TIME   RECORD YEAR NORMAL DEPARTURE LAST
                VALUE   (LST)  VALUE       VALUE  FROM      YEAR
                                                  NORMAL
..................................................................
TEMPERATURE (F)
 YESTERDAY
  MAXIMUM         47    241 PM  67    1999  32     15       22
  MINIMUM         35    836 AM -30    1899  21     14       15
  AVERAGE         41                        26     15       19

PRECIPITATION (IN)
  YESTERDAY        T             0.87 1932   0.06  -0.06     0.01
  MONTH TO DATE    0.13                      0.65  -0.52     1.31
  SINCE DEC 1      5.38                      5.23   0.15     8.67
  SINCE JAN 1      3.16                      2.68   0.48     3.77

SNOWFALL (IN)
  YESTERDAY        0.0           8.4  1985   0.7   -0.7      0.2
  MONTH TO DATE    0.3                       8.5   -8.2      0.8
  SINCE DEC 1     38.1                      65.4  -27.3     42.9
  SINCE JUL 1     39.1                      71.6  -32.5     46.8
  SNOW DEPTH       0

DEGREE DAYS
 HEATING
  YESTERDAY       24                        39    -15       46
  MONTH TO DATE  402                       433    -31      390
  SINCE DEC 1   2540                      2738   -198     2330
  SINCE JUL 1   3445                      4105   -660     3397

 COOLING
  YESTERDAY        0                         0      0        0
  MONTH TO DATE    0                         0      0        0
  SINCE DEC 1      0                         0      0        0
  SINCE JAN 1      0                         0      0        0
..................................................................


WIND (MPH)
  RESULTANT WIND SPEED   1   RESULTANT WIND DIRECTION  NW (300)
  HIGHEST WIND SPEED     9   HIGHEST WIND DIRECTION     W (250)
  HIGHEST GUST SPEED    13   HIGHEST GUST DIRECTION    SW (230)
  AVERAGE WIND SPEED     3.7


SKY COVER
  AVERAGE SKY COVER 0.8


WEATHER CONDITIONS
 THE FOLLOWING WEATHER WAS RECORDED YESTERDAY.
  LIGHT RAIN


RELATIVE HUMIDITY (PERCENT)
 HIGHEST    89           900 AM
 LOWEST     53           200 PM
 AVERAGE    71

..........................................................


THE MUSKEGON MI CLIMATE NORMALS FOR TODAY
                         NORMAL    RECORD    YEAR
 MAXIMUM TEMPERATURE (F)   32        52      1984
 MINIMUM TEMPERATURE (F)   21       -29      1899


SUNRISE AND SUNSET
FEBRUARY 12 2017......SUNRISE   746 AM EST   SUNSET   612 PM EST
FEBRUARY 13 2017......SUNRISE   745 AM EST   SUNSET   614 PM EST


-  INDICATES NEGATIVE NUMBERS.
R  INDICATES RECORD WAS SET OR TIED.
MM INDICATES DATA IS MISSING.
T  INDICATES TRACE AMOUNT.




$$

JAM
