000
CDUS43 KGRR 190523
CLIMKG


CLIMATE REPORT
NATIONAL WEATHER SERVICE GRAND RAPIDS, MI
1217 AM EST THU FEB 19 2015


...................................

...THE MUSKEGON MI CLIMATE SUMMARY FOR FEBRUARY 18 2015...

CLIMATE NORMAL PERIOD 1981 TO 2010
CLIMATE RECORD PERIOD 1896 TO 2015


WEATHER ITEM   OBSERVED TIME   RECORD YEAR NORMAL DEPARTURE LAST
                VALUE   (LST)  VALUE       VALUE  FROM      YEAR
                                                  NORMAL
..................................................................
TEMPERATURE (F)
 YESTERDAY
  MAXIMUM         15    103 AM  54    1994  34    -19       46
  MINIMUM          5   1159 PM  -8    1936  21    -16       17
  AVERAGE         10                        28    -18       32

PRECIPITATION (IN)
  YESTERDAY        0.21          0.52 1926   0.07   0.14     0.02
  MONTH TO DATE    1.34                      1.11   0.23     1.21
  SINCE DEC 1      4.78                      5.69  -0.91     7.23
  SINCE JAN 1      3.06                      3.14  -0.08     4.53

SNOWFALL (IN)
  YESTERDAY        4.4           5.6  2008   0.7    3.7      0.4
  MONTH TO DATE   25.4                      13.4   12.0     24.2
  SINCE DEC 1     59.3                      70.3  -11.0    111.8
  SINCE JUL 1     83.8                      76.5    7.3    120.7
  SNOW DEPTH      19

DEGREE DAYS
 HEATING
  YESTERDAY       55                        37     18       33
  MONTH TO DATE  829                       699    130      858
  SINCE DEC 1   3103                      3004     99     3430
  SINCE JUL 1   4586                      4371    215     4701

 COOLING
  YESTERDAY        0                         0      0        0
  MONTH TO DATE    0                         0      0        0
  SINCE DEC 1      0                         0      0        0
  SINCE JAN 1      0                         0      0        0
..................................................................


WIND (MPH)
  RESULTANT WIND SPEED  11   RESULTANT WIND DIRECTION   N (340)
  HIGHEST WIND SPEED    26   HIGHEST WIND DIRECTION    NW (330)
  HIGHEST GUST SPEED    35   HIGHEST GUST DIRECTION    NW (330)
  AVERAGE WIND SPEED    12.4


SKY COVER
  AVERAGE SKY COVER 1.0


WEATHER CONDITIONS
 THE FOLLOWING WEATHER WAS RECORDED YESTERDAY.
  HEAVY SNOW
  SNOW
  LIGHT SNOW
  FOG
  HAZE
  BLOWING SNOW


RELATIVE HUMIDITY (PERCENT)
 HIGHEST    84           300 AM
 LOWEST     63          1000 AM
 AVERAGE    74

..........................................................


THE MUSKEGON MI CLIMATE NORMALS FOR TODAY
                         NORMAL    RECORD    YEAR
 MAXIMUM TEMPERATURE (F)   34        57      1954
 MINIMUM TEMPERATURE (F)   22       -14      1920


SUNRISE AND SUNSET
FEBRUARY 19 2015......SUNRISE   737 AM EST   SUNSET   621 PM EST
FEBRUARY 20 2015......SUNRISE   736 AM EST   SUNSET   622 PM EST


-  INDICATES NEGATIVE NUMBERS.
R  INDICATES RECORD WAS SET OR TIED.
MM INDICATES DATA IS MISSING.
T  INDICATES TRACE AMOUNT.




$$

CAS
