000
CDUS43 KGRR 221435
CLIMKG


CLIMATE REPORT
NATIONAL WEATHER SERVICE GRAND RAPIDS, MI
934 AM EST TUE NOV 22 2016


...................................

...THE MUSKEGON MI CLIMATE SUMMARY FOR NOVEMBER 22 2016...
VALID AS OF 0900 AM LOCAL TIME.

CLIMATE NORMAL PERIOD 1981 TO 2010
CLIMATE RECORD PERIOD 1896 TO 2016


WEATHER ITEM   OBSERVED TIME   RECORD YEAR NORMAL DEPARTURE LAST
                VALUE   (LST)  VALUE       VALUE  FROM      YEAR
                                                  NORMAL
..................................................................
TEMPERATURE (F)
 TODAY
  MAXIMUM         30    859 AM  67    1934  44    -14       34
  MINIMUM         22    658 AM  14    1971  32    -10       28
  AVERAGE         26                        38    -12       31

PRECIPITATION (IN)
  TODAY            0.00          1.20 1909   0.12  -0.12     0.03
  MONTH TO DATE    0.63                      2.51  -1.88     1.50
  SINCE SEP 1     10.33                      9.51   0.82     6.64
  SINCE JAN 1     35.48                     30.09   5.39    29.77

SNOWFALL (IN)
  TODAY            0.0           6.0  1909   0.3   -0.3      0.6
  MONTH TO DATE    1.0                       3.1   -2.1      3.4
  SINCE SEP 1      1.0                       3.3   -2.3      3.4
  SINCE JUL 1      1.0                       3.3   -2.3      3.4
  SNOW DEPTH       0

DEGREE DAYS
 HEATING
  TODAY           39                        27     12       34
  MONTH TO DATE  387                       513   -126      365
  SINCE SEP 1    730                      1106   -376      823
  SINCE JUL 1    739                      1136   -397      855

 COOLING
  TODAY            0                         0      0        0
  MONTH TO DATE    0                         0      0        0
  SINCE SEP 1    110                        59     51      116
  SINCE JAN 1    774                       566    208      570
..................................................................


WIND (MPH)
  RESULTANT WIND SPEED   1   RESULTANT WIND DIRECTION   E (110)
  HIGHEST WIND SPEED     6   HIGHEST WIND DIRECTION     E (110)
  HIGHEST GUST SPEED     6   HIGHEST GUST DIRECTION     E (110)
  AVERAGE WIND SPEED     1.4


SKY COVER
  AVERAGE SKY COVER 0.2


WEATHER CONDITIONS
 THE FOLLOWING WEATHER WAS RECORDED TODAY.
  NO SIGNIFICANT WEATHER WAS OBSERVED.


RELATIVE HUMIDITY (PERCENT)
 HIGHEST    92           700 AM
 LOWEST     78           900 AM
 AVERAGE    85

..........................................................


THE MUSKEGON MI CLIMATE NORMALS FOR TOMORROW
                         NORMAL    RECORD    YEAR
 MAXIMUM TEMPERATURE (F)   43        67      1999
 MINIMUM TEMPERATURE (F)   32         4      1956


SUNRISE AND SUNSET
NOVEMBER 22 2016......SUNRISE   747 AM EST   SUNSET   515 PM EST
NOVEMBER 23 2016......SUNRISE   748 AM EST   SUNSET   514 PM EST


-  INDICATES NEGATIVE NUMBERS.
R  INDICATES RECORD WAS SET OR TIED.
MM INDICATES DATA IS MISSING.
T  INDICATES TRACE AMOUNT.




$$

JAM
