870
CDUS43 KGRR 050528
CLIMKG


CLIMATE REPORT
NATIONAL WEATHER SERVICE GRAND RAPIDS, MI
1226 AM EST FRI FEB 5 2016


...................................

...THE MUSKEGON MI CLIMATE SUMMARY FOR FEBRUARY 4 2016...

CLIMATE NORMAL PERIOD 1981 TO 2010
CLIMATE RECORD PERIOD 1896 TO 2016


WEATHER ITEM   OBSERVED TIME   RECORD YEAR NORMAL DEPARTURE LAST
                VALUE   (LST)  VALUE       VALUE  FROM      YEAR
                                                  NORMAL
..................................................................
TEMPERATURE (F)
 YESTERDAY
  MAXIMUM         32    144 AM  49    1962  31      1       25
  MINIMUM         20    858 PM -19    1996  20      0       14
  AVERAGE         26                        26      0       20

PRECIPITATION (IN)
  YESTERDAY        0.01          0.85 1986   0.06  -0.05     0.02
  MONTH TO DATE    1.30                      0.23   1.07     0.56
  SINCE DEC 1      8.66                      4.81   3.85     4.00
  SINCE JAN 1      3.76                      2.26   1.50     2.28

SNOWFALL (IN)
  YESTERDAY        0.3           5.0  1936   0.8   -0.5      0.4
  MONTH TO DATE    0.5                       3.3   -2.8      7.8
  SINCE DEC 1     42.6                      60.2  -17.6     41.7
  SINCE JUL 1     46.5                      66.4  -19.9     66.2
  SNOW DEPTH       2

DEGREE DAYS
 HEATING
  YESTERDAY       39                        40     -1       45
  MONTH TO DATE  133                       160    -27      183
  SINCE DEC 1   2073                      2465   -392     2457
  SINCE JUL 1   3140                      3832   -692     3940

 COOLING
  YESTERDAY        0                         0      0        0
  MONTH TO DATE    0                         0      0        0
  SINCE DEC 1      0                         0      0        0
  SINCE JAN 1      0                         0      0        0
..................................................................


WIND (MPH)
  RESULTANT WIND SPEED   7   RESULTANT WIND DIRECTION   W (290)
  HIGHEST WIND SPEED    16   HIGHEST WIND DIRECTION     W (270)
  HIGHEST GUST SPEED    21   HIGHEST GUST DIRECTION     W (270)
  AVERAGE WIND SPEED     8.9


SKY COVER
  AVERAGE SKY COVER 1.0


WEATHER CONDITIONS
 THE FOLLOWING WEATHER WAS RECORDED YESTERDAY.
  LIGHT SNOW


RELATIVE HUMIDITY (PERCENT)
 HIGHEST    81          1000 PM
 LOWEST     57           600 PM
 AVERAGE    69

..........................................................


THE MUSKEGON MI CLIMATE NORMALS FOR TODAY
                         NORMAL    RECORD    YEAR
 MAXIMUM TEMPERATURE (F)   31        51      1946
 MINIMUM TEMPERATURE (F)   20       -16      1918


SUNRISE AND SUNSET
FEBRUARY  5 2016......SUNRISE   756 AM EST   SUNSET   602 PM EST
FEBRUARY  6 2016......SUNRISE   755 AM EST   SUNSET   603 PM EST


-  INDICATES NEGATIVE NUMBERS.
R  INDICATES RECORD WAS SET OR TIED.
MM INDICATES DATA IS MISSING.
T  INDICATES TRACE AMOUNT.




$$

JAM
