000
CDUS43 KGRR 132150
CLIMKG


CLIMATE REPORT
NATIONAL WEATHER SERVICE GRAND RAPIDS, MI
548 PM EDT WED APR 13 2016


...................................

...THE MUSKEGON MI CLIMATE SUMMARY FOR APRIL 13 2016...
VALID TODAY AS OF 0500 PM LOCAL TIME.

CLIMATE NORMAL PERIOD 1981 TO 2010
CLIMATE RECORD PERIOD 1896 TO 2016


WEATHER ITEM   OBSERVED TIME   RECORD YEAR NORMAL DEPARTURE LAST
                VALUE   (LST)  VALUE       VALUE  FROM      YEAR
                                                  NORMAL
..................................................................
TEMPERATURE (F)
 TODAY
  MAXIMUM         49    307 PM  74    1968  55     -6       64
  MINIMUM         33    124 AM  12    1917  37     -4       38
  AVERAGE         41                        46     -5       51

PRECIPITATION (IN)
  TODAY            T             0.96 1945   0.10  -0.10     0.26
  MONTH TO DATE    1.11                      1.25  -0.14     3.74
  SINCE MAR 1      6.05                      3.50   2.55     4.87
  SINCE JAN 1     10.26                      7.36   2.90     8.16

SNOWFALL (IN)
  TODAY            0.0           1.1  1962   0.1   -0.1      0.0
  MONTH TO DATE    2.4                       1.8    0.6      0.0
  SINCE MAR 1      7.3                      10.8   -3.5      4.0
  SINCE JUL 1     61.8                      93.2  -31.4     92.1
  SNOW DEPTH       0

DEGREE DAYS
 HEATING
  TODAY           24                        19      5       14
  MONTH TO DATE  374                       283     91      243
  SINCE MAR 1   1149                      1213    -64     1250
  SINCE JUL 1   5169                      5945   -776     6375

 COOLING
  TODAY            0                         0      0        0
  MONTH TO DATE    0                         0      0        0
  SINCE MAR 1      0                         0      0        0
  SINCE JAN 1      0                         0      0        0
..................................................................


WIND (MPH)
  RESULTANT WIND SPEED   3   RESULTANT WIND DIRECTION  SE (120)
  HIGHEST WIND SPEED    13   HIGHEST WIND DIRECTION    SW (240)
  HIGHEST GUST SPEED    15   HIGHEST GUST DIRECTION    SW (240)
  AVERAGE WIND SPEED     4.4


SKY COVER
  AVERAGE SKY COVER 0.9


WEATHER CONDITIONS
 THE FOLLOWING WEATHER WAS RECORDED TODAY.
  LIGHT RAIN


RELATIVE HUMIDITY (PERCENT)
 HIGHEST    75          1200 AM
 LOWEST     42          1200 PM
 AVERAGE    59

..........................................................


THE MUSKEGON MI CLIMATE NORMALS FOR TOMORROW
                         NORMAL    RECORD    YEAR
 MAXIMUM TEMPERATURE (F)   55        76      2003
 MINIMUM TEMPERATURE (F)   37        20      1953


SUNRISE AND SUNSET
APRIL 13 2016.........SUNRISE   705 AM EDT   SUNSET   826 PM EDT
APRIL 14 2016.........SUNRISE   704 AM EDT   SUNSET   827 PM EDT


-  INDICATES NEGATIVE NUMBERS.
R  INDICATES RECORD WAS SET OR TIED.
MM INDICATES DATA IS MISSING.
T  INDICATES TRACE AMOUNT.




$$

63
