000
CDUS43 KGRR 280525
CLIMKG


CLIMATE REPORT
NATIONAL WEATHER SERVICE GRAND RAPIDS, MI
1223 AM EST SUN DEC 28 2014


...................................

...THE MUSKEGON MI CLIMATE SUMMARY FOR DECEMBER 27 2014...

CLIMATE NORMAL PERIOD 1981 TO 2010
CLIMATE RECORD PERIOD 1896 TO 2014


WEATHER ITEM   OBSERVED TIME   RECORD YEAR NORMAL DEPARTURE LAST
                VALUE   (LST)  VALUE       VALUE  FROM      YEAR
                                                  NORMAL
..................................................................
TEMPERATURE (F)
 YESTERDAY
  MAXIMUM         48    721 AM  61    2008  33     15       41
  MINIMUM         34   1143 PM  -2    1969  23     11       20
  AVERAGE         41                        28     13       31

PRECIPITATION (IN)
  YESTERDAY        0.03          1.56 1942   0.07  -0.04      T
  MONTH TO DATE    1.68                      2.27  -0.59     2.55
  SINCE DEC 1      1.68                      2.27  -0.59     2.55
  SINCE JAN 1     38.56                     33.21   5.35    43.61

SNOWFALL (IN)
  YESTERDAY        T             4.7  1989   1.0   -1.0       T
  MONTH TO DATE    1.1                      24.9  -23.8     35.7
  SINCE DEC 1      1.1                      24.9  -23.8     35.7
  SINCE JUL 1     25.6                      31.1   -5.5     44.6
  SNOW DEPTH       0

DEGREE DAYS
 HEATING
  YESTERDAY       24                        37    -13       34
  MONTH TO DATE  830                       928    -98     1033
  SINCE DEC 1    830                       928    -98     1033
  SINCE JUL 1   2313                      2295     18     2304

 COOLING
  YESTERDAY        0                         0      0        0
  MONTH TO DATE    0                         0      0        0
  SINCE DEC 1      0                         0      0        0
  SINCE JAN 1    442                       566   -124      626
..................................................................


WIND (MPH)
  RESULTANT WIND SPEED  12   RESULTANT WIND DIRECTION  SW (210)
  HIGHEST WIND SPEED    28   HIGHEST WIND DIRECTION    SW (220)
  HIGHEST GUST SPEED    37   HIGHEST GUST DIRECTION    SW (210)
  AVERAGE WIND SPEED    15.4


SKY COVER
  AVERAGE SKY COVER 1.0


WEATHER CONDITIONS
 THE FOLLOWING WEATHER WAS RECORDED YESTERDAY.
  LIGHT RAIN
  LIGHT SNOW
  FOG
  FOG W/VISIBILITY <= 1/4 MILE


RELATIVE HUMIDITY (PERCENT)
 HIGHEST    93           200 PM
 LOWEST     70           800 PM
 AVERAGE    82

..........................................................


THE MUSKEGON MI CLIMATE NORMALS FOR TODAY
                         NORMAL    RECORD    YEAR
 MAXIMUM TEMPERATURE (F)   32        61      1982
 MINIMUM TEMPERATURE (F)   22        -5      2000


SUNRISE AND SUNSET
DECEMBER 28 2014......SUNRISE   816 AM EST   SUNSET   517 PM EST
DECEMBER 29 2014......SUNRISE   816 AM EST   SUNSET   518 PM EST


-  INDICATES NEGATIVE NUMBERS.
R  INDICATES RECORD WAS SET OR TIED.
MM INDICATES DATA IS MISSING.
T  INDICATES TRACE AMOUNT.




$$
