000
CDUS43 KGRR 140521
CLIMKG


CLIMATE REPORT
NATIONAL WEATHER SERVICE GRAND RAPIDS, MI
121 AM EDT SUN SEP 14 2014


...................................

...THE MUSKEGON MI CLIMATE SUMMARY FOR SEPTEMBER 13 2014...

CLIMATE NORMAL PERIOD 1981 TO 2010
CLIMATE RECORD PERIOD 1896 TO 2014


WEATHER ITEM   OBSERVED TIME   RECORD YEAR NORMAL DEPARTURE LAST
                VALUE   (LST)  VALUE       VALUE  FROM      YEAR
                                                  NORMAL
..................................................................
TEMPERATURE (F)
 YESTERDAY
  MAXIMUM         60    413 PM  92    1952  73    -13       67
  MINIMUM         41   1058 PM  36    1946  54    -13       48
  AVERAGE         51                        63    -12       58

PRECIPITATION (IN)
  YESTERDAY        0.02          2.24 1962   0.13  -0.11     0.00
  MONTH TO DATE    2.76                      1.62   1.14     0.76
  SINCE SEP 1      2.76                      1.62   1.14     0.76
  SINCE JAN 1     29.37                     22.20   7.17    32.01

SNOWFALL (IN)
  YESTERDAY        0.0          MM      MM   0.0    0.0      0.0
  MONTH TO DATE    0.0                       0.0    0.0      0.0
  SINCE SEP 1      0.0                       0.0    0.0      0.0
  SINCE JUL 1      0.0                       0.0    0.0      0.0
  SNOW DEPTH       0

DEGREE DAYS
 HEATING
  YESTERDAY       14                         4     10        7
  MONTH TO DATE   39                        33      6       10
  SINCE SEP 1     39                        33      6       10
  SINCE JUL 1     88                        63     25       45

 COOLING
  YESTERDAY        0                         2     -2        0
  MONTH TO DATE   44                        37      7       66
  SINCE SEP 1     44                        37      7       66
  SINCE JAN 1    440                       544   -104      605
..................................................................


WIND (MPH)
  RESULTANT WIND SPEED   5   RESULTANT WIND DIRECTION  NW (320)
  HIGHEST WIND SPEED    15   HIGHEST WIND DIRECTION    NW (330)
  HIGHEST GUST SPEED    20   HIGHEST GUST DIRECTION     N (360)
  AVERAGE WIND SPEED     7.0


SKY COVER
  AVERAGE SKY COVER 0.6


WEATHER CONDITIONS
 THE FOLLOWING WEATHER WAS RECORDED YESTERDAY.
  LIGHT RAIN


RELATIVE HUMIDITY (PERCENT)
 HIGHEST    93           600 AM
 LOWEST     53           100 PM
 AVERAGE    73

..........................................................


THE MUSKEGON MI CLIMATE NORMALS FOR TODAY
                         NORMAL    RECORD    YEAR
 MAXIMUM TEMPERATURE (F)   72        87      1897
 MINIMUM TEMPERATURE (F)   53        34      1919


SUNRISE AND SUNSET
SEPTEMBER 14 2014.....SUNRISE   723 AM EDT   SUNSET   757 PM EDT
SEPTEMBER 15 2014.....SUNRISE   724 AM EDT   SUNSET   755 PM EDT


-  INDICATES NEGATIVE NUMBERS.
R  INDICATES RECORD WAS SET OR TIED.
MM INDICATES DATA IS MISSING.
T  INDICATES TRACE AMOUNT.




$$
