859
CDUS43 KGRR 240518
CLIMKG


CLIMATE REPORT
NATIONAL WEATHER SERVICE GRAND RAPIDS, MI
1216 AM EST SAT FEB 24 2018


...................................

...THE MUSKEGON MI CLIMATE SUMMARY FOR FEBRUARY 23 2018...

CLIMATE NORMAL PERIOD 1981 TO 2010
CLIMATE RECORD PERIOD 1896 TO 2018


WEATHER ITEM   OBSERVED TIME   RECORD YEAR NORMAL DEPARTURE LAST
                VALUE   (LST)  VALUE       VALUE  FROM      YEAR
                                                  NORMAL
..................................................................
TEMPERATURE (F)
 YESTERDAY
  MAXIMUM         41    157 PM  60    2000  35      6       55
  MINIMUM         34    629 AM  -9    1934  22     12       38
  AVERAGE         38                        29      9       47

PRECIPITATION (IN)
  YESTERDAY        0.08          2.05 1921   0.07   0.01     0.03
  MONTH TO DATE    3.82                      1.46   2.36     0.32
  SINCE DEC 1      9.51                      6.04   3.47     5.57
  SINCE JAN 1      6.74                      3.49   3.25     3.35

SNOWFALL (IN)
  YESTERDAY       MM             7.0  1993   0.6   MM        0.0
  MONTH TO DATE   20.9                      16.6    4.3      0.3
  SINCE DEC 1     91.6                      73.5   18.1     40.7
  SINCE JUL 1     91.6                      79.7   11.9     41.7
  SNOW DEPTH       0

DEGREE DAYS
 HEATING
  YESTERDAY       27                        36     -9       18
  MONTH TO DATE  881                       883     -2      685
  SINCE DEC 1   3237                      3188     49     2823
  SINCE JUL 1   4396                      4555   -159     3728

 COOLING
  YESTERDAY        0                         0      0        0
  MONTH TO DATE    0                         0      0        0
  SINCE DEC 1      0                         0      0        0
  SINCE JAN 1      0                         0      0        0
..................................................................


WIND (MPH)
  RESULTANT WIND SPEED   3   RESULTANT WIND DIRECTION   S (190)
  HIGHEST WIND SPEED    21   HIGHEST WIND DIRECTION     E (110)
  HIGHEST GUST SPEED    26   HIGHEST GUST DIRECTION     E (100)
  AVERAGE WIND SPEED    10.8


SKY COVER
  AVERAGE SKY COVER 1.0


WEATHER CONDITIONS
 THE FOLLOWING WEATHER WAS RECORDED YESTERDAY.
  LIGHT RAIN
  FOG
  HAZE


RELATIVE HUMIDITY (PERCENT)
 HIGHEST    92           800 AM
 LOWEST     59          1200 AM
 AVERAGE    76

..........................................................


THE MUSKEGON MI CLIMATE NORMALS FOR TODAY
                         NORMAL    RECORD    YEAR
 MAXIMUM TEMPERATURE (F)   36        62      2002
 MINIMUM TEMPERATURE (F)   22        -3      1924


SUNRISE AND SUNSET
FEBRUARY 24 2018......SUNRISE   729 AM EST   SUNSET   628 PM EST
FEBRUARY 25 2018......SUNRISE   727 AM EST   SUNSET   629 PM EST


-  INDICATES NEGATIVE NUMBERS.
R  INDICATES RECORD WAS SET OR TIED.
MM INDICATES DATA IS MISSING.
T  INDICATES TRACE AMOUNT.




$$
