000
CDUS43 KGRR 290518
CLIMKG


CLIMATE REPORT
NATIONAL WEATHER SERVICE GRAND RAPIDS, MI
118 AM EDT WED OCT 29 2014


...................................

...THE MUSKEGON MI CLIMATE SUMMARY FOR OCTOBER 28 2014...

CLIMATE NORMAL PERIOD 1981 TO 2010
CLIMATE RECORD PERIOD 1896 TO 2014


WEATHER ITEM   OBSERVED TIME   RECORD YEAR NORMAL DEPARTURE LAST
                VALUE   (LST)  VALUE       VALUE  FROM      YEAR
                                                  NORMAL
..................................................................
TEMPERATURE (F)
 YESTERDAY
  MAXIMUM         68   1202 AM  73    1927  54     14       51
  MINIMUM         50   1159 PM  25    1990  39     11       35
                                      1965
  AVERAGE         59                        47     12       43

PRECIPITATION (IN)
  YESTERDAY        T             1.09 1970   0.11  -0.11     0.00
  MONTH TO DATE    2.69                      2.80  -0.11     3.33
  SINCE SEP 1      5.89                      6.69  -0.80     5.28
  SINCE JAN 1     32.50                     27.27   5.23    36.53

SNOWFALL (IN)
  YESTERDAY        0.0           2.0  1910   0.0    0.0      0.0
  MONTH TO DATE    0.0                       0.1   -0.1       T
  SINCE SEP 1      0.0                       0.1   -0.1       T
  SINCE JUL 1      0.0                       0.1   -0.1       T
  SNOW DEPTH       0

DEGREE DAYS
 HEATING
  YESTERDAY        6                        18    -12       22
  MONTH TO DATE  360                       393    -33      319
  SINCE SEP 1    515                       536    -21      426
  SINCE JUL 1    564                       566     -2      461

 COOLING
  YESTERDAY        0                         0      0        0
  MONTH TO DATE    0                         2     -2       10
  SINCE SEP 1     46                        56    -10       87
  SINCE JAN 1    442                       563   -121      626
..................................................................


WIND (MPH)
  RESULTANT WIND SPEED  15   RESULTANT WIND DIRECTION   W (250)
  HIGHEST WIND SPEED    29   HIGHEST WIND DIRECTION     S (200)
  HIGHEST GUST SPEED    38   HIGHEST GUST DIRECTION     S (200)
  AVERAGE WIND SPEED    16.9


SKY COVER
  AVERAGE SKY COVER 0.7


WEATHER CONDITIONS
 THE FOLLOWING WEATHER WAS RECORDED YESTERDAY.
  LIGHT RAIN


RELATIVE HUMIDITY (PERCENT)
 HIGHEST    75           700 AM
 LOWEST     50           600 PM
 AVERAGE    63

..........................................................


THE MUSKEGON MI CLIMATE NORMALS FOR TODAY
                         NORMAL    RECORD    YEAR
 MAXIMUM TEMPERATURE (F)   54        74      1896
 MINIMUM TEMPERATURE (F)   39        19      1905


SUNRISE AND SUNSET
OCTOBER 29 2014.......SUNRISE   816 AM EDT   SUNSET   641 PM EDT
OCTOBER 30 2014.......SUNRISE   817 AM EDT   SUNSET   639 PM EDT


-  INDICATES NEGATIVE NUMBERS.
R  INDICATES RECORD WAS SET OR TIED.
MM INDICATES DATA IS MISSING.
T  INDICATES TRACE AMOUNT.




$$
