123
CDUS43 KGRR 270517
CLIMKG


CLIMATE REPORT
NATIONAL WEATHER SERVICE GRAND RAPIDS, MI
1216 AM EST MON FEB 27 2017


...................................

...THE MUSKEGON MI CLIMATE SUMMARY FOR FEBRUARY 26 2017...

CLIMATE NORMAL PERIOD 1981 TO 2010
CLIMATE RECORD PERIOD 1896 TO 2017


WEATHER ITEM   OBSERVED TIME   RECORD YEAR NORMAL DEPARTURE LAST
                VALUE   (LST)  VALUE       VALUE  FROM      YEAR
                                                  NORMAL
..................................................................
TEMPERATURE (F)
 YESTERDAY
  MAXIMUM         42   1046 PM  66    2000  36      6       34
  MINIMUM         24    534 AM -12    1963  23      1       28
  AVERAGE         33                        29      4       31

PRECIPITATION (IN)
  YESTERDAY        T             1.65 2009   0.07  -0.07      T
  MONTH TO DATE    1.56                      1.68  -0.12     1.67
  SINCE DEC 1      6.81                      6.26   0.55     9.03
  SINCE JAN 1      4.59                      3.71   0.88     4.13

SNOWFALL (IN)
  YESTERDAY        T             6.5  1921   0.5   -0.5       T
  MONTH TO DATE    3.1                      18.3  -15.2      8.5
  SINCE DEC 1     40.9                      75.2  -34.3     50.6
  SINCE JUL 1     41.9                      81.4  -39.5     54.5
  SNOW DEPTH       0

DEGREE DAYS
 HEATING
  YESTERDAY       32                        36     -4       34
  MONTH TO DATE  777                       991   -214      930
  SINCE DEC 1   2915                      3296   -381     2870
  SINCE JUL 1   3820                      4663   -843     3937

 COOLING
  YESTERDAY        0                         0      0        0
  MONTH TO DATE    0                         0      0        0
  SINCE DEC 1      0                         0      0        0
  SINCE JAN 1      0                         0      0        0
..................................................................


WIND (MPH)
  RESULTANT WIND SPEED  12   RESULTANT WIND DIRECTION  SW (220)
  HIGHEST WIND SPEED    30   HIGHEST WIND DIRECTION    SW (210)
  HIGHEST GUST SPEED    39   HIGHEST GUST DIRECTION     S (200)
  AVERAGE WIND SPEED    14.5


SKY COVER
  AVERAGE SKY COVER 0.6


WEATHER CONDITIONS
 THE FOLLOWING WEATHER WAS RECORDED YESTERDAY.
  LIGHT SNOW


RELATIVE HUMIDITY (PERCENT)
 HIGHEST    76           800 PM
 LOWEST     53          1200 AM
 AVERAGE    65

..........................................................


THE MUSKEGON MI CLIMATE NORMALS FOR TODAY
                         NORMAL    RECORD    YEAR
 MAXIMUM TEMPERATURE (F)   37        62      1976
 MINIMUM TEMPERATURE (F)   23       -11      1994


SUNRISE AND SUNSET
FEBRUARY 27 2017......SUNRISE   724 AM EST   SUNSET   632 PM EST
FEBRUARY 28 2017......SUNRISE   722 AM EST   SUNSET   633 PM EST


-  INDICATES NEGATIVE NUMBERS.
R  INDICATES RECORD WAS SET OR TIED.
MM INDICATES DATA IS MISSING.
T  INDICATES TRACE AMOUNT.




$$
