000
CDUS43 KGRR 050523
CLIMKG


CLIMATE REPORT
NATIONAL WEATHER SERVICE GRAND RAPIDS, MI
1222 AM EST THU MAR 5 2015


...................................

...THE MUSKEGON MI CLIMATE SUMMARY FOR MARCH 4 2015...

CLIMATE NORMAL PERIOD 1981 TO 2010
CLIMATE RECORD PERIOD 1896 TO 2015


WEATHER ITEM   OBSERVED TIME   RECORD YEAR NORMAL DEPARTURE LAST
                VALUE   (LST)  VALUE       VALUE  FROM      YEAR
                                                  NORMAL
..................................................................
TEMPERATURE (F)
 YESTERDAY
  MAXIMUM         31    330 AM  62    1992  38     -7       20
  MINIMUM         13   1145 PM  -2    1912  24    -11       11
  AVERAGE         22                        31     -9       16

PRECIPITATION (IN)
  YESTERDAY        T             1.57 1985   0.07  -0.07     0.14
  MONTH TO DATE    0.46                      0.29   0.17     0.35
  SINCE MAR 1      0.46                      0.29   0.17     0.35
  SINCE JAN 1      3.75                      4.15  -0.40     5.48

SNOWFALL (IN)
  YESTERDAY        T             5.8  1982   0.4   -0.4      3.2
  MONTH TO DATE    4.0                       1.7    2.3      6.0
  SINCE MAR 1      4.0                       1.7    2.3      6.0
  SINCE JUL 1     92.1                      84.1    8.0    129.6
  SNOW DEPTH      17

DEGREE DAYS
 HEATING
  YESTERDAY       43                        34      9       49
  MONTH TO DATE  162                       138     24      214
  SINCE MAR 1    162                       138     24      214
  SINCE JUL 1   5287                      4870    417     5354

 COOLING
  YESTERDAY        0                         0      0        0
  MONTH TO DATE    0                         0      0        0
  SINCE MAR 1      0                         0      0        0
  SINCE JAN 1      0                         0      0        0
..................................................................


WIND (MPH)
  RESULTANT WIND SPEED  13   RESULTANT WIND DIRECTION  NW (300)
  HIGHEST WIND SPEED    23   HIGHEST WIND DIRECTION    NW (320)
  HIGHEST GUST SPEED    32   HIGHEST GUST DIRECTION    NW (320)
  AVERAGE WIND SPEED    13.7


SKY COVER
  AVERAGE SKY COVER 0.8


WEATHER CONDITIONS
 THE FOLLOWING WEATHER WAS RECORDED YESTERDAY.
  LIGHT SNOW


RELATIVE HUMIDITY (PERCENT)
 HIGHEST    72          1200 AM
 LOWEST     46           900 PM
 AVERAGE    59

..........................................................


THE MUSKEGON MI CLIMATE NORMALS FOR TODAY
                         NORMAL    RECORD    YEAR
 MAXIMUM TEMPERATURE (F)   39        66      1983
 MINIMUM TEMPERATURE (F)   24        -5      1948


SUNRISE AND SUNSET
MARCH  5 2015.........SUNRISE   715 AM EST   SUNSET   639 PM EST
MARCH  6 2015.........SUNRISE   713 AM EST   SUNSET   640 PM EST


-  INDICATES NEGATIVE NUMBERS.
R  INDICATES RECORD WAS SET OR TIED.
MM INDICATES DATA IS MISSING.
T  INDICATES TRACE AMOUNT.




$$

CAS
