000
CDUS43 KGRR 290518
CLIMKG


CLIMATE REPORT
NATIONAL WEATHER SERVICE GRAND RAPIDS, MI
117 AM EDT SUN MAY 29 2016


...................................

...THE MUSKEGON MI CLIMATE SUMMARY FOR MAY 28 2016...

CLIMATE NORMAL PERIOD 1981 TO 2010
CLIMATE RECORD PERIOD 1896 TO 2016


WEATHER ITEM   OBSERVED TIME   RECORD YEAR NORMAL DEPARTURE LAST
                VALUE   (LST)  VALUE       VALUE  FROM      YEAR
                                                  NORMAL
..................................................................
TEMPERATURE (F)
 YESTERDAY
  MAXIMUM         82    229 PM  89    2012  71     11       78
  MINIMUM         68   1159 PM  31    1992  51     17       52
  AVERAGE         75                        61     14       65

PRECIPITATION (IN)
  YESTERDAY        T             1.07 2000   0.10  -0.10     0.00
  MONTH TO DATE    2.38                      2.95  -0.57     3.11
  SINCE MAR 1      9.72                      8.11   1.61     8.96
  SINCE JAN 1     13.93                     11.97   1.96    12.25

SNOWFALL (IN)
  YESTERDAY        0.0           0.0    MM   0.0    0.0      0.0
  MONTH TO DATE    0.0                       0.0    0.0      0.0
  SINCE MAR 1      7.3                      11.3   -4.0      4.0
  SINCE JUL 1     61.8                      93.7  -31.9     92.1
  SNOW DEPTH       0

DEGREE DAYS
 HEATING
  YESTERDAY        0                         6     -6        0
  MONTH TO DATE  255                       261     -6      193
  SINCE MAR 1   1599                      1747   -148     1735
  SINCE JUL 1   5619                      6479   -860     6860

 COOLING
  YESTERDAY       10                         1      9        0
  MONTH TO DATE   35                        20     15       32
  SINCE MAR 1     35                        24     11       32
  SINCE JAN 1     35                        24     11       32
..................................................................


WIND (MPH)
  RESULTANT WIND SPEED  12   RESULTANT WIND DIRECTION   S (190)
  HIGHEST WIND SPEED    23   HIGHEST WIND DIRECTION     S (200)
  HIGHEST GUST SPEED    33   HIGHEST GUST DIRECTION     W (250)
  AVERAGE WIND SPEED    12.9


SKY COVER
  AVERAGE SKY COVER 0.7


WEATHER CONDITIONS
 THE FOLLOWING WEATHER WAS RECORDED YESTERDAY.
  LIGHT RAIN


RELATIVE HUMIDITY (PERCENT)
 HIGHEST    84           500 AM
 LOWEST     58           300 PM
 AVERAGE    71

..........................................................


THE MUSKEGON MI CLIMATE NORMALS FOR TODAY
                         NORMAL    RECORD    YEAR
 MAXIMUM TEMPERATURE (F)   71        93      1962
 MINIMUM TEMPERATURE (F)   51        33      2008


SUNRISE AND SUNSET
MAY 29 2016...........SUNRISE   609 AM EDT   SUNSET   916 PM EDT
MAY 30 2016...........SUNRISE   609 AM EDT   SUNSET   917 PM EDT


-  INDICATES NEGATIVE NUMBERS.
R  INDICATES RECORD WAS SET OR TIED.
MM INDICATES DATA IS MISSING.
T  INDICATES TRACE AMOUNT.




$$
