000
CDUS43 KGRR 261346
CLIMKG


CLIMATE REPORT
NATIONAL WEATHER SERVICE GRAND RAPIDS, MI
945 AM EDT TUE SEP 26 2017


...................................

...THE MUSKEGON MI CLIMATE SUMMARY FOR SEPTEMBER 26 2017...
VALID AS OF 0900 AM LOCAL TIME.

CLIMATE NORMAL PERIOD 1981 TO 2010
CLIMATE RECORD PERIOD 1896 TO 2017


WEATHER ITEM   OBSERVED TIME   RECORD YEAR NORMAL DEPARTURE LAST
                VALUE   (LST)  VALUE       VALUE  FROM      YEAR
                                                  NORMAL
..................................................................
TEMPERATURE (F)
 TODAY
  MAXIMUM         69    745 AM  86    1920  67      2       69
  MINIMUM         61    128 AM  28    1947  49     12       58
  AVERAGE         65                        58      7       64

PRECIPITATION (IN)
  TODAY            0.00          1.55 1915   0.13  -0.13     0.08
  MONTH TO DATE    0.79                      3.39  -2.60     5.38
  SINCE SEP 1      0.79                      3.39  -2.60     5.38
  SINCE JAN 1     21.95                     23.97  -2.02    30.53

SNOWFALL (IN)
  TODAY            0.0          MM      MM   0.0    0.0      0.0
  MONTH TO DATE    0.0                       0.0    0.0      0.0
  SINCE SEP 1      0.0                       0.0    0.0      0.0
  SINCE JUL 1      0.0                       0.0    0.0      0.0
  SNOW DEPTH       0

DEGREE DAYS
 HEATING
  TODAY            0                         8     -8        1
  MONTH TO DATE   68                       108    -40        8
  SINCE SEP 1     68                       108    -40        8
  SINCE JUL 1     81                       138    -57       17

 COOLING
  TODAY            0                         1     -1        0
  MONTH TO DATE  101                        53     48      101
  SINCE SEP 1    101                        53     48      101
  SINCE JAN 1    595                       560     35      765
..................................................................


WIND (MPH)
  RESULTANT WIND SPEED   2   RESULTANT WIND DIRECTION  SE (120)
  HIGHEST WIND SPEED     9   HIGHEST WIND DIRECTION     N (340)
  HIGHEST GUST SPEED    10   HIGHEST GUST DIRECTION    NW (330)
  AVERAGE WIND SPEED     1.5


SKY COVER
  AVERAGE SKY COVER 0.3


WEATHER CONDITIONS
 THE FOLLOWING WEATHER WAS RECORDED TODAY.
  NO SIGNIFICANT WEATHER WAS OBSERVED.


RELATIVE HUMIDITY (PERCENT)
 HIGHEST    84          1200 AM
 LOWEST     76           800 AM
 AVERAGE    80

..........................................................


THE MUSKEGON MI CLIMATE NORMALS FOR TOMORROW
                         NORMAL    RECORD    YEAR
 MAXIMUM TEMPERATURE (F)   67        81      1946
 MINIMUM TEMPERATURE (F)   48        27      1989


SUNRISE AND SUNSET
SEPTEMBER 26 2017.....SUNRISE   737 AM EDT   SUNSET   735 PM EDT
SEPTEMBER 27 2017.....SUNRISE   738 AM EDT   SUNSET   733 PM EDT


-  INDICATES NEGATIVE NUMBERS.
R  INDICATES RECORD WAS SET OR TIED.
MM INDICATES DATA IS MISSING.
T  INDICATES TRACE AMOUNT.




$$
