000
CDUS43 KGRR 300518
CLIMKG


CLIMATE REPORT
NATIONAL WEATHER SERVICE GRAND RAPIDS, MI
117 AM EDT THU MAR 30 2017


...................................

...THE MUSKEGON MI CLIMATE SUMMARY FOR MARCH 29 2017...

CLIMATE NORMAL PERIOD 1981 TO 2010
CLIMATE RECORD PERIOD 1896 TO 2017


WEATHER ITEM   OBSERVED TIME   RECORD YEAR NORMAL DEPARTURE LAST
                VALUE   (LST)  VALUE       VALUE  FROM      YEAR
                                                  NORMAL
..................................................................
TEMPERATURE (F)
 YESTERDAY
  MAXIMUM         56    157 PM  75    1998  48      8       52
  MINIMUM         29    626 AM   8    1970  31     -2       26
  AVERAGE         43                        40      3       39

PRECIPITATION (IN)
  YESTERDAY        0.01          1.65 1907   0.08  -0.07     0.00
  MONTH TO DATE    1.47                      2.09  -0.62     2.72
  SINCE MAR 1      1.47                      2.09  -0.62     2.72
  SINCE JAN 1      7.17                      5.95   1.22     6.93

SNOWFALL (IN)
  YESTERDAY        0.0           7.4  1972   0.2   -0.2      0.0
  MONTH TO DATE    4.5                       8.7   -4.2      4.9
  SINCE MAR 1      4.5                       8.7   -4.2      4.9
  SINCE JUL 1     49.0                      91.1  -42.1     59.4
  SNOW DEPTH       0

DEGREE DAYS
 HEATING
  YESTERDAY       22                        25     -3       26
  MONTH TO DATE  854                       881    -27      742
  SINCE MAR 1    854                       881    -27      742
  SINCE JUL 1   4719                      5613   -894     4762

 COOLING
  YESTERDAY        0                         0      0        0
  MONTH TO DATE    0                         0      0        0
  SINCE MAR 1      0                         0      0        0
  SINCE JAN 1      0                         0      0        0
..................................................................


WIND (MPH)
  RESULTANT WIND SPEED   5   RESULTANT WIND DIRECTION   E (90)
  HIGHEST WIND SPEED    18   HIGHEST WIND DIRECTION     E (80)
  HIGHEST GUST SPEED    24   HIGHEST GUST DIRECTION     E (80)
  AVERAGE WIND SPEED     6.4


SKY COVER
  AVERAGE SKY COVER 0.7


WEATHER CONDITIONS
 THE FOLLOWING WEATHER WAS RECORDED YESTERDAY.
  LIGHT RAIN
  FOG


RELATIVE HUMIDITY (PERCENT)
 HIGHEST   100           100 AM
 LOWEST     35           200 PM
 AVERAGE    68

..........................................................


THE MUSKEGON MI CLIMATE NORMALS FOR TODAY
                         NORMAL    RECORD    YEAR
 MAXIMUM TEMPERATURE (F)   49        77      1967
 MINIMUM TEMPERATURE (F)   31         7      1954


SUNRISE AND SUNSET
MARCH 30 2017.........SUNRISE   730 AM EDT   SUNSET   809 PM EDT
MARCH 31 2017.........SUNRISE   728 AM EDT   SUNSET   811 PM EDT


-  INDICATES NEGATIVE NUMBERS.
R  INDICATES RECORD WAS SET OR TIED.
MM INDICATES DATA IS MISSING.
T  INDICATES TRACE AMOUNT.




$$
