000
CDUS43 KGRR 290518
CLIMKG


CLIMATE REPORT
NATIONAL WEATHER SERVICE GRAND RAPIDS, MI
1215 AM EST SAT NOV 29 2014


...................................

...THE MUSKEGON MI CLIMATE SUMMARY FOR NOVEMBER 28 2014...

CLIMATE NORMAL PERIOD 1981 TO 2010
CLIMATE RECORD PERIOD 1896 TO 2014


WEATHER ITEM   OBSERVED TIME   RECORD YEAR NORMAL DEPARTURE LAST
                VALUE   (LST)  VALUE       VALUE  FROM      YEAR
                                                  NORMAL
..................................................................
TEMPERATURE (F)
 YESTERDAY
  MAXIMUM         29   1159 PM  62    1990  41    -12       26
  MINIMUM         20    738 AM   7    1955  30    -10       23
  AVERAGE         25                        36    -11       25

PRECIPITATION (IN)
  YESTERDAY        0.06          1.17 2005   0.11  -0.05     0.20
  MONTH TO DATE    4.17                      3.15   1.02     3.39
  SINCE SEP 1     10.27                     10.15   0.12     9.81
  SINCE JAN 1     36.88                     30.73   6.15    41.06

SNOWFALL (IN)
  YESTERDAY        0.9           6.5  2013   0.4    0.5      6.5
                                      1955
  MONTH TO DATE   24.5                       5.2   19.3      8.9
  SINCE SEP 1     24.5                       5.4   19.1      8.9
  SINCE JUL 1     24.5                       5.4   19.1      8.9
  SNOW DEPTH       4

DEGREE DAYS
 HEATING
  YESTERDAY       40                        29     11       40
  MONTH TO DATE  814                       684    130      693
  SINCE SEP 1   1386                      1277    109     1166
  SINCE JUL 1   1435                      1307    128     1201

 COOLING
  YESTERDAY        0                         0      0        0
  MONTH TO DATE    0                         0      0        0
  SINCE SEP 1     46                        59    -13       87
  SINCE JAN 1    442                       566   -124      626
..................................................................


WIND (MPH)
  RESULTANT WIND SPEED   9   RESULTANT WIND DIRECTION  SE (140)
  HIGHEST WIND SPEED    18   HIGHEST WIND DIRECTION    SE (130)
  HIGHEST GUST SPEED    22   HIGHEST GUST DIRECTION    SE (150)
  AVERAGE WIND SPEED     9.0


SKY COVER
  AVERAGE SKY COVER 0.9


WEATHER CONDITIONS
 THE FOLLOWING WEATHER WAS RECORDED YESTERDAY.
  LIGHT SNOW
  FOG
  HAZE


RELATIVE HUMIDITY (PERCENT)
 HIGHEST    84           400 AM
 LOWEST     68           200 PM
 AVERAGE    76

..........................................................


THE MUSKEGON MI CLIMATE NORMALS FOR TODAY
                         NORMAL    RECORD    YEAR
 MAXIMUM TEMPERATURE (F)   40        65      1998
 MINIMUM TEMPERATURE (F)   30         5      1929


SUNRISE AND SUNSET
NOVEMBER 29 2014......SUNRISE   755 AM EST   SUNSET   512 PM EST
NOVEMBER 30 2014......SUNRISE   756 AM EST   SUNSET   511 PM EST


-  INDICATES NEGATIVE NUMBERS.
R  INDICATES RECORD WAS SET OR TIED.
MM INDICATES DATA IS MISSING.
T  INDICATES TRACE AMOUNT.




$$

CAS
