000
CDUS43 KGRR 312130
CLIMKG


CLIMATE REPORT
NATIONAL WEATHER SERVICE GRAND RAPIDS, MI
527 PM EDT FRI OCT 31 2014


...................................

...THE MUSKEGON MI CLIMATE SUMMARY FOR OCTOBER 31 2014...
VALID TODAY AS OF 0500 PM LOCAL TIME.

CLIMATE NORMAL PERIOD 1981 TO 2010
CLIMATE RECORD PERIOD 1896 TO 2014


WEATHER ITEM   OBSERVED TIME   RECORD YEAR NORMAL DEPARTURE LAST
                VALUE   (LST)  VALUE       VALUE  FROM      YEAR
                                                  NORMAL
..................................................................
TEMPERATURE (F)
 TODAY
  MAXIMUM         50   1224 AM  73    1979  53     -3       62
                                      1974
                                      1927
  MINIMUM         35   1138 AM  22    1930  38     -3       53
  AVERAGE         43                        46     -3       58

PRECIPITATION (IN)
  TODAY            0.20          1.28 1919   0.10   0.10     1.07
  MONTH TO DATE    2.90                      3.11  -0.21     4.47
  SINCE SEP 1      6.10                      7.00  -0.90     6.42
  SINCE JAN 1     32.71                     27.58   5.13    37.67

SNOWFALL (IN)
  TODAY            T   R         T    1996   0.0    0.0      0.0
  MONTH TO DATE    T                         0.2   -0.2       T
  SINCE SEP 1      T                         0.2   -0.2       T
  SINCE JUL 1      T                         0.2   -0.2       T
  SNOW DEPTH       0

DEGREE DAYS
 HEATING
  TODAY           22                        19      3        7
  MONTH TO DATE  416                       450    -34      366
  SINCE SEP 1    571                       593    -22      473
  SINCE JUL 1    620                       623     -3      508

 COOLING
  TODAY            0                         0      0        0
  MONTH TO DATE    0                         5     -5       10
  SINCE SEP 1     46                        59    -13       87
  SINCE JAN 1    442                       566   -124      626
..................................................................


WIND (MPH)
  RESULTANT WIND SPEED  13   RESULTANT WIND DIRECTION   N (350)
  HIGHEST WIND SPEED    28   HIGHEST WIND DIRECTION     N (10)
  HIGHEST GUST SPEED    40   HIGHEST GUST DIRECTION     N (20)
  AVERAGE WIND SPEED    15.5


SKY COVER
  AVERAGE SKY COVER 1.0


WEATHER CONDITIONS
 THE FOLLOWING WEATHER WAS RECORDED TODAY.
  LIGHT RAIN
  LIGHT SNOW
  FOG


RELATIVE HUMIDITY (PERCENT)
 HIGHEST    83           200 AM
 LOWEST     59           200 PM
 AVERAGE    71

..........................................................


THE MUSKEGON MI CLIMATE NORMALS FOR TOMORROW
                         NORMAL    RECORD    YEAR
 MAXIMUM TEMPERATURE (F)   53        74      1935
 MINIMUM TEMPERATURE (F)   38        22      1976


SUNRISE AND SUNSET
OCTOBER 31 2014.......SUNRISE   818 AM EDT   SUNSET   638 PM EDT
NOVEMBER  1 2014......SUNRISE   820 AM EDT   SUNSET   637 PM EDT


-  INDICATES NEGATIVE NUMBERS.
R  INDICATES RECORD WAS SET OR TIED.
MM INDICATES DATA IS MISSING.
T  INDICATES TRACE AMOUNT.




$$
