000
CDUS43 KGRR 281454
CLIMKG


CLIMATE REPORT
NATIONAL WEATHER SERVICE GRAND RAPIDS, MI
953 AM EST TUE FEB 28 2017


...................................

...THE MUSKEGON MI CLIMATE SUMMARY FOR FEBRUARY 28 2017...
VALID AS OF 0900 AM LOCAL TIME.

CLIMATE NORMAL PERIOD 1981 TO 2010
CLIMATE RECORD PERIOD 1896 TO 2017


WEATHER ITEM   OBSERVED TIME   RECORD YEAR NORMAL DEPARTURE LAST
                VALUE   (LST)  VALUE       VALUE  FROM      YEAR
                                                  NORMAL
..................................................................
TEMPERATURE (F)
 TODAY
  MAXIMUM         44    859 AM  53    1998  37      7       51
  MINIMUM         40    326 AM  -7    2014  23     17       33
  AVERAGE         42                        30     12       42

PRECIPITATION (IN)
  TODAY            0.37          1.00 1899   0.08   0.29     0.08
  MONTH TO DATE    1.93                      1.83   0.10     1.75
  SINCE DEC 1      7.18                      6.41   0.77     9.11
  SINCE JAN 1      4.96                      3.86   1.10     4.21

SNOWFALL (IN)
  TODAY            0.0           3.5  2005   0.5   -0.5       T
  MONTH TO DATE    3.1                      19.3  -16.2      8.5
  SINCE DEC 1     40.9                      76.2  -35.3     50.6
  SINCE JUL 1     41.9                      82.4  -40.5     54.5
  SNOW DEPTH       0

DEGREE DAYS
 HEATING
  TODAY           23                        35    -12       23
  MONTH TO DATE  828                      1061   -233      980
  SINCE DEC 1   2966                      3365   -399     2920
  SINCE JUL 1   3871                      4732   -861     3987

 COOLING
  TODAY            0                         0      0        0
  MONTH TO DATE    0                         0      0        0
  SINCE DEC 1      0                         0      0        0
  SINCE JAN 1      0                         0      0        0
..................................................................


WIND (MPH)
  RESULTANT WIND SPEED   9   RESULTANT WIND DIRECTION  SE (120)
  HIGHEST WIND SPEED    15   HIGHEST WIND DIRECTION     E (100)
  HIGHEST GUST SPEED    19   HIGHEST GUST DIRECTION     E (100)
  AVERAGE WIND SPEED     9.6


SKY COVER
  AVERAGE SKY COVER 0.8


WEATHER CONDITIONS
 THE FOLLOWING WEATHER WAS RECORDED TODAY.
  HEAVY RAIN
  RAIN
  LIGHT RAIN
  FOG


RELATIVE HUMIDITY (PERCENT)
 HIGHEST    96           700 AM
 LOWEST     70          1200 AM
 AVERAGE    83

..........................................................


THE MUSKEGON MI CLIMATE NORMALS FOR TOMORROW
                         NORMAL    RECORD    YEAR
 MAXIMUM TEMPERATURE (F)   37        54      2004
                                             2000
                                             1991
 MINIMUM TEMPERATURE (F)   23        -5      1967


SUNRISE AND SUNSET
FEBRUARY 28 2017......SUNRISE   722 AM EST   SUNSET   633 PM EST
MARCH  1 2017.........SUNRISE   721 AM EST   SUNSET   634 PM EST


-  INDICATES NEGATIVE NUMBERS.
R  INDICATES RECORD WAS SET OR TIED.
MM INDICATES DATA IS MISSING.
T  INDICATES TRACE AMOUNT.




$$
