074
CDUS43 KGRR 230521
CLIMKG


CLIMATE REPORT
NATIONAL WEATHER SERVICE GRAND RAPIDS, MI
120 AM EDT FRI JUN 23 2017


...................................

...THE MUSKEGON MI CLIMATE SUMMARY FOR JUNE 22 2017...

CLIMATE NORMAL PERIOD 1981 TO 2010
CLIMATE RECORD PERIOD 1896 TO 2017


WEATHER ITEM   OBSERVED TIME   RECORD YEAR NORMAL DEPARTURE LAST
                VALUE   (LST)  VALUE       VALUE  FROM      YEAR
                                                  NORMAL
..................................................................
TEMPERATURE (F)
 YESTERDAY
  MAXIMUM         82    337 PM  91    1995  78      4       80
  MINIMUM         63   1242 AM  32    1992  59      4       56
  AVERAGE         73                        68      5       68

PRECIPITATION (IN)
  YESTERDAY        T             1.16 2015   0.08  -0.08     0.00
  MONTH TO DATE    1.55                      1.92  -0.37     1.79
  SINCE JUN 1      1.55                      1.92  -0.37     1.79
  SINCE JAN 1     16.03                     14.19   1.84    15.72

SNOWFALL (IN)
  YESTERDAY        0.0          MM      MM   0.0    0.0      0.0
  MONTH TO DATE    0.0                       0.0    0.0      0.0
  SINCE JUN 1      0.0                       0.0    0.0      0.0
  SINCE JUL 1     49.0                      93.7  -44.7     61.8
  SNOW DEPTH       0

DEGREE DAYS
 HEATING
  YESTERDAY        0                         1     -1        0
  MONTH TO DATE   20                        58    -38       33
  SINCE JUN 1     20                        58    -38       33
  SINCE JUL 1   5491                      6552  -1061     5652

 COOLING
  YESTERDAY        8                         5      3        3
  MONTH TO DATE  109                        64     45       81
  SINCE JUN 1    109                        64     45       81
  SINCE JAN 1    131                        93     38      125
..................................................................


WIND (MPH)
  RESULTANT WIND SPEED  11   RESULTANT WIND DIRECTION   S (200)
  HIGHEST WIND SPEED    25   HIGHEST WIND DIRECTION     S (200)
  HIGHEST GUST SPEED    35   HIGHEST GUST DIRECTION     S (190)
  AVERAGE WIND SPEED    13.4


SKY COVER
  AVERAGE SKY COVER 0.8


WEATHER CONDITIONS
 THE FOLLOWING WEATHER WAS RECORDED YESTERDAY.
  THUNDERSTORM
  LIGHT RAIN


RELATIVE HUMIDITY (PERCENT)
 HIGHEST    84          1200 AM
 LOWEST     61           400 AM
 AVERAGE    73

..........................................................


THE MUSKEGON MI CLIMATE NORMALS FOR TODAY
                         NORMAL    RECORD    YEAR
 MAXIMUM TEMPERATURE (F)   78        91      1923
 MINIMUM TEMPERATURE (F)   59        39      1918


SUNRISE AND SUNSET
JUNE 23 2017..........SUNRISE   606 AM EDT   SUNSET   929 PM EDT
JUNE 24 2017..........SUNRISE   606 AM EDT   SUNSET   929 PM EDT


-  INDICATES NEGATIVE NUMBERS.
R  INDICATES RECORD WAS SET OR TIED.
MM INDICATES DATA IS MISSING.
T  INDICATES TRACE AMOUNT.




$$

jam
