000
CDUS43 KGRR 240522
CLIMKG


CLIMATE REPORT
NATIONAL WEATHER SERVICE GRAND RAPIDS, MI
122 AM EDT MON APR 24 2017


...................................

...THE MUSKEGON MI CLIMATE SUMMARY FOR APRIL 23 2017...

CLIMATE NORMAL PERIOD 1981 TO 2010
CLIMATE RECORD PERIOD 1896 TO 2017


WEATHER ITEM   OBSERVED TIME   RECORD YEAR NORMAL DEPARTURE LAST
                VALUE   (LST)  VALUE       VALUE  FROM      YEAR
                                                  NORMAL
..................................................................
TEMPERATURE (F)
 YESTERDAY
  MAXIMUM         64    258 PM  80    1985  59      5       56
  MINIMUM         32    616 AM  19    1986  40     -8       36
  AVERAGE         48                        50     -2       46

PRECIPITATION (IN)
  YESTERDAY        0.00          2.08 1947   0.10  -0.10     0.00
  MONTH TO DATE    2.96                      2.23   0.73     1.32
  SINCE MAR 1      5.57                      4.48   1.09     6.26
  SINCE JAN 1     11.27                      8.34   2.93    10.47

SNOWFALL (IN)
  YESTERDAY        0.0           1.8  1963   0.1   -0.1      0.0
  MONTH TO DATE    0.0                       2.3   -2.3      2.4
  SINCE MAR 1      4.5                      11.3   -6.8      7.3
  SINCE JUL 1     49.0                      93.7  -44.7     61.8
  SNOW DEPTH       0

DEGREE DAYS
 HEATING
  YESTERDAY       17                        16      1       19
  MONTH TO DATE  349                       456   -107      470
  SINCE MAR 1   1253                      1386   -133     1245
  SINCE JUL 1   5118                      6118  -1000     5265

 COOLING
  YESTERDAY        0                         0      0        0
  MONTH TO DATE    0                         0      0        0
  SINCE MAR 1      0                         0      0        0
  SINCE JAN 1      0                         0      0        0
..................................................................


WIND (MPH)
  RESULTANT WIND SPEED   4   RESULTANT WIND DIRECTION  SW (230)
  HIGHEST WIND SPEED    13   HIGHEST WIND DIRECTION     W (290)
  HIGHEST GUST SPEED    16   HIGHEST GUST DIRECTION     W (280)
  AVERAGE WIND SPEED     4.4


SKY COVER
  AVERAGE SKY COVER 0.1


WEATHER CONDITIONS
 THE FOLLOWING WEATHER WAS RECORDED YESTERDAY.
  NO SIGNIFICANT WEATHER WAS OBSERVED.


RELATIVE HUMIDITY (PERCENT)
 HIGHEST    89           400 AM
 LOWEST     25          1000 AM
 AVERAGE    57

..........................................................


THE MUSKEGON MI CLIMATE NORMALS FOR TODAY
                         NORMAL    RECORD    YEAR
 MAXIMUM TEMPERATURE (F)   60        81      1990
 MINIMUM TEMPERATURE (F)   40        24      1918


SUNRISE AND SUNSET
APRIL 24 2017.........SUNRISE   648 AM EDT   SUNSET   839 PM EDT
APRIL 25 2017.........SUNRISE   647 AM EDT   SUNSET   840 PM EDT


-  INDICATES NEGATIVE NUMBERS.
R  INDICATES RECORD WAS SET OR TIED.
MM INDICATES DATA IS MISSING.
T  INDICATES TRACE AMOUNT.




$$
