000
CDUS43 KGRR 010518
CLIMKG


CLIMATE REPORT
NATIONAL WEATHER SERVICE GRAND RAPIDS, MI
118 AM EDT MON SEP 1 2014


...................................

...THE MUSKEGON MI CLIMATE SUMMARY FOR AUGUST 31 2014...

CLIMATE NORMAL PERIOD 1981 TO 2010
CLIMATE RECORD PERIOD 1896 TO 2014


WEATHER ITEM   OBSERVED TIME   RECORD YEAR NORMAL DEPARTURE LAST
                VALUE   (LST)  VALUE       VALUE  FROM      YEAR
                                                  NORMAL
..................................................................
TEMPERATURE (F)
 YESTERDAY
  MAXIMUM         79    504 PM  91    1953  77      2       84
  MINIMUM         65    541 AM  41    2009  58      7       66
  AVERAGE         72                        68      4       75

PRECIPITATION (IN)
  YESTERDAY        0.00          2.97 1975   0.12  -0.12     0.00
  MONTH TO DATE    2.56                      3.39  -0.83     1.94
  SINCE JUN 1     13.31                      8.31   5.00     8.56
  SINCE JAN 1     26.61                     20.58   6.03    31.25

SNOWFALL (IN)
  YESTERDAY        0.0          MM      MM   0.0    0.0      0.0
  MONTH TO DATE    0.0                       0.0    0.0      0.0
  SINCE JUN 1      0.0                       0.0    0.0      0.0
  SINCE JUL 1      0.0                       0.0    0.0      0.0
  SNOW DEPTH       0

DEGREE DAYS
 HEATING
  YESTERDAY        0                         1     -1        0
  MONTH TO DATE   18                        14      4       18
  SINCE JUN 1     80                        96    -16       87
  SINCE JUL 1     49                        30     19       35

 COOLING
  YESTERDAY        7                         4      3       10
  MONTH TO DATE  170                       171     -1      161
  SINCE JUN 1    379                       478    -99      479
  SINCE JAN 1    396                       507   -111      539
..................................................................


WIND (MPH)
  RESULTANT WIND SPEED   3   RESULTANT WIND DIRECTION   S (200)
  HIGHEST WIND SPEED    13   HIGHEST WIND DIRECTION    SW (240)
  HIGHEST GUST SPEED    17   HIGHEST GUST DIRECTION    SW (240)
  AVERAGE WIND SPEED     5.2


SKY COVER
  AVERAGE SKY COVER 0.3


WEATHER CONDITIONS
 THE FOLLOWING WEATHER WAS RECORDED YESTERDAY.
  FOG
  HAZE


RELATIVE HUMIDITY (PERCENT)
 HIGHEST    93           200 AM
 LOWEST     64           600 PM
 AVERAGE    79

..........................................................


THE MUSKEGON MI CLIMATE NORMALS FOR TODAY
                         NORMAL    RECORD    YEAR
 MAXIMUM TEMPERATURE (F)   77        95      1953
 MINIMUM TEMPERATURE (F)   58        40      1906


SUNRISE AND SUNSET
SEPTEMBER  1 2014.....SUNRISE   709 AM EDT   SUNSET   820 PM EDT
SEPTEMBER  2 2014.....SUNRISE   710 AM EDT   SUNSET   818 PM EDT


-  INDICATES NEGATIVE NUMBERS.
R  INDICATES RECORD WAS SET OR TIED.
MM INDICATES DATA IS MISSING.
T  INDICATES TRACE AMOUNT.




$$
