000
CDUS43 KGRR 310536
CLIMKG


CLIMATE REPORT
NATIONAL WEATHER SERVICE GRAND RAPIDS, MI
133 AM EDT THU JUL 31 2014


...................................

...THE MUSKEGON MI CLIMATE SUMMARY FOR JULY 30 2014...

CLIMATE NORMAL PERIOD 1981 TO 2010
CLIMATE RECORD PERIOD 1895 TO 2014


WEATHER ITEM   OBSERVED TIME   RECORD YEAR NORMAL DEPARTURE LAST
                VALUE   (LST)  VALUE       VALUE  FROM      YEAR
                                                  NORMAL
..................................................................
TEMPERATURE (F)
 YESTERDAY
  MAXIMUM         72        MM  99    1913  80     -8       79
  MINIMUM         52        MM  46    1956  62    -10       49
  AVERAGE         62                        71     -9       64

PRECIPITATION (IN)
  YESTERDAY        0.00          0.92 2000   0.09  -0.09     0.02
  MONTH TO DATE    3.73                      2.28   1.45     2.16
  SINCE JUN 1     10.75                      4.83   5.92     6.49
  SINCE JAN 1     24.05                     17.10   6.95    29.18

SNOWFALL (IN)
  YESTERDAY        0.0          MM      MM   0.0    0.0      0.0
  MONTH TO DATE    0.0                       0.0    0.0      0.0
  SINCE JUN 1      0.0                       0.0    0.0      0.0
  SINCE JUL 1      0.0                       0.0    0.0      0.0
  SNOW DEPTH       0

DEGREE DAYS
 HEATING
  YESTERDAY        3                         0      3        1
  MONTH TO DATE   30                         4     26       17
  SINCE JUN 1     61                        70     -9       69
  SINCE JUL 1     30                         4     26       17

 COOLING
  YESTERDAY        0                         7     -7        0
  MONTH TO DATE   74                       201   -127      215
  SINCE JUN 1    209                       306    -97      315
  SINCE JAN 1    226                       335   -109      375
..................................................................


WIND (MPH)
  RESULTANT WIND SPEED   4   RESULTANT WIND DIRECTION   W (270)
  HIGHEST WIND SPEED    14   HIGHEST WIND DIRECTION    NW (310)
  HIGHEST GUST SPEED    20   HIGHEST GUST DIRECTION     W (290)
  AVERAGE WIND SPEED     5.0


SKY COVER
  AVERAGE SKY COVER 0.4


WEATHER CONDITIONS
 THE FOLLOWING WEATHER WAS RECORDED YESTERDAY.
  FOG
  FOG W/VISIBILITY <= 1/4 MILE


RELATIVE HUMIDITY (PERCENT)
 HIGHEST    93           200 AM
 LOWEST     41           500 PM
 AVERAGE    67

..........................................................


THE MUSKEGON MI CLIMATE NORMALS FOR TODAY
                         NORMAL    RECORD    YEAR
 MAXIMUM TEMPERATURE (F)   80        93      1975
 MINIMUM TEMPERATURE (F)   62        42      1934


SUNRISE AND SUNSET
JULY 31 2014..........SUNRISE   634 AM EDT   SUNSET   908 PM EDT
AUGUST  1 2014........SUNRISE   635 AM EDT   SUNSET   906 PM EDT


-  INDICATES NEGATIVE NUMBERS.
R  INDICATES RECORD WAS SET OR TIED.
MM INDICATES DATA IS MISSING.
T  INDICATES TRACE AMOUNT.




$$
