000
CDUS43 KGRR 030523
CLIMKG


CLIMATE REPORT
NATIONAL WEATHER SERVICE GRAND RAPIDS, MI
1223 AM EST SAT DEC 3 2016


...................................

...THE MUSKEGON MI CLIMATE SUMMARY FOR DECEMBER 2 2016...

CLIMATE NORMAL PERIOD 1981 TO 2010
CLIMATE RECORD PERIOD 1896 TO 2016


WEATHER ITEM   OBSERVED TIME   RECORD YEAR NORMAL DEPARTURE LAST
                VALUE   (LST)  VALUE       VALUE  FROM      YEAR
                                                  NORMAL
..................................................................
TEMPERATURE (F)
 YESTERDAY
  MAXIMUM         42    130 AM  64    1982  39      3       43
  MINIMUM         37   1159 PM  -2    1976  29      8       32
  AVERAGE         40                        34      6       38

PRECIPITATION (IN)
  YESTERDAY        T             2.58 1982   0.10  -0.10     0.08
  MONTH TO DATE    0.09                      0.20  -0.11     0.53
  SINCE DEC 1      0.09                      0.20  -0.11     0.53
  SINCE JAN 1     37.42                     31.14   6.28    32.02

SNOWFALL (IN)
  YESTERDAY        0.0           6.0  1919   0.7   -0.7      0.0
  MONTH TO DATE    0.0                       1.3   -1.3      0.0
  SINCE DEC 1      0.0                       1.3   -1.3      0.0
  SINCE JUL 1      1.0                       7.5   -6.5      3.9
  SNOW DEPTH       0

DEGREE DAYS
 HEATING
  YESTERDAY       25                        31     -6       27
  MONTH TO DATE   49                        62    -13       50
  SINCE DEC 1     49                        62    -13       50
  SINCE JUL 1    954                      1429   -475     1117

 COOLING
  YESTERDAY        0                         0      0        0
  MONTH TO DATE    0                         0      0        0
  SINCE DEC 1      0                         0      0        0
  SINCE JAN 1    774                       566    208      570
..................................................................


WIND (MPH)
  RESULTANT WIND SPEED   9   RESULTANT WIND DIRECTION  NW (310)
  HIGHEST WIND SPEED    20   HIGHEST WIND DIRECTION     W (290)
  HIGHEST GUST SPEED    26   HIGHEST GUST DIRECTION    NW (300)
  AVERAGE WIND SPEED     9.5


SKY COVER
  AVERAGE SKY COVER 1.0


WEATHER CONDITIONS
 THE FOLLOWING WEATHER WAS RECORDED YESTERDAY.
  NO SIGNIFICANT WEATHER WAS OBSERVED.


RELATIVE HUMIDITY (PERCENT)
 HIGHEST    70           400 AM
 LOWEST     54           700 AM
 AVERAGE    62

..........................................................


THE MUSKEGON MI CLIMATE NORMALS FOR TODAY
                         NORMAL    RECORD    YEAR
 MAXIMUM TEMPERATURE (F)   39        66      2012
 MINIMUM TEMPERATURE (F)   29        -3      1976


SUNRISE AND SUNSET
DECEMBER  3 2016......SUNRISE   800 AM EST   SUNSET   510 PM EST
DECEMBER  4 2016......SUNRISE   801 AM EST   SUNSET   510 PM EST


-  INDICATES NEGATIVE NUMBERS.
R  INDICATES RECORD WAS SET OR TIED.
MM INDICATES DATA IS MISSING.
T  INDICATES TRACE AMOUNT.




$$
