000
CDUS43 KGRR 030526
CLIMKG


CLIMATE REPORT
NATIONAL WEATHER SERVICE GRAND RAPIDS, MI
125 AM EDT FRI JUL 3 2015


...................................

...THE MUSKEGON MI CLIMATE SUMMARY FOR JULY 2 2015...

CLIMATE NORMAL PERIOD 1981 TO 2010
CLIMATE RECORD PERIOD 1896 TO 2015


WEATHER ITEM   OBSERVED TIME   RECORD YEAR NORMAL DEPARTURE LAST
                VALUE   (LST)  VALUE       VALUE  FROM      YEAR
                                                  NORMAL
..................................................................
TEMPERATURE (F)
 YESTERDAY
  MAXIMUM         76    333 PM  95    1966  80     -4       70
                                      1949
                                      1921
  MINIMUM         52    544 AM  39    2001  61     -9       60
  AVERAGE         64                        70     -6       65

PRECIPITATION (IN)
  YESTERDAY        0.00          1.46 1973   0.07  -0.07      T
  MONTH TO DATE    0.00                      0.15  -0.15     0.13
  SINCE JUN 1      3.30                      2.70   0.60     7.15
  SINCE JAN 1     15.73                     14.97   0.76    20.45

SNOWFALL (IN)
  YESTERDAY        0.0          MM      MM   0.0    0.0      0.0
  MONTH TO DATE    0.0                       0.0    0.0      0.0
  SINCE JUN 1      0.0                       0.0    0.0      0.0
  SINCE JUL 1      0.0                       0.0    0.0      0.0
  SNOW DEPTH       0

DEGREE DAYS
 HEATING
  YESTERDAY        1                         1      0        0
  MONTH TO DATE    7                         2      5        0
  SINCE JUN 1     40                        68    -28       31
  SINCE JUL 1      7                         2      5        0

 COOLING
  YESTERDAY        0                         6     -6        0
  MONTH TO DATE    0                        12    -12        5
  SINCE JUN 1     63                       117    -54      140
  SINCE JAN 1    102                       146    -44      157
..................................................................


WIND (MPH)
  RESULTANT WIND SPEED   4   RESULTANT WIND DIRECTION   N (20)
  HIGHEST WIND SPEED    16   HIGHEST WIND DIRECTION     W (290)
  HIGHEST GUST SPEED    19   HIGHEST GUST DIRECTION    NW (300)
  AVERAGE WIND SPEED     6.3


SKY COVER
  AVERAGE SKY COVER 0.2


WEATHER CONDITIONS
 THE FOLLOWING WEATHER WAS RECORDED YESTERDAY.
  NO SIGNIFICANT WEATHER WAS OBSERVED.


RELATIVE HUMIDITY (PERCENT)
 HIGHEST    93           200 AM
 LOWEST     38           300 PM
 AVERAGE    66

..........................................................


THE MUSKEGON MI CLIMATE NORMALS FOR TODAY
                         NORMAL    RECORD    YEAR
 MAXIMUM TEMPERATURE (F)   80        95      1949
                                             1911
 MINIMUM TEMPERATURE (F)   61        42      1907


SUNRISE AND SUNSET
JULY  3 2015..........SUNRISE   610 AM EDT   SUNSET   928 PM EDT
JULY  4 2015..........SUNRISE   611 AM EDT   SUNSET   928 PM EDT


-  INDICATES NEGATIVE NUMBERS.
R  INDICATES RECORD WAS SET OR TIED.
MM INDICATES DATA IS MISSING.
T  INDICATES TRACE AMOUNT.




$$
