000
CDUS43 KGRR 290514
CLIMKG


CLIMATE REPORT
NATIONAL WEATHER SERVICE GRAND RAPIDS, MI
113 AM EDT MON SEP 29 2014


...................................

...THE MUSKEGON MI CLIMATE SUMMARY FOR SEPTEMBER 28 2014...

CLIMATE NORMAL PERIOD 1981 TO 2010
CLIMATE RECORD PERIOD 1896 TO 2014


WEATHER ITEM   OBSERVED TIME   RECORD YEAR NORMAL DEPARTURE LAST
                VALUE   (LST)  VALUE       VALUE  FROM      YEAR
                                                  NORMAL
..................................................................
TEMPERATURE (F)
 YESTERDAY
  MAXIMUM         77    254 PM  90    1905  66     11       80
  MINIMUM         51    640 AM  27    1991  48      3       53
  AVERAGE         64                        57      7       67

PRECIPITATION (IN)
  YESTERDAY        0.00          1.57 1904   0.13  -0.13     0.00
  MONTH TO DATE    3.14                      3.64  -0.50     1.53
  SINCE SEP 1      3.14                      3.64  -0.50     1.53
  SINCE JAN 1     29.75                     24.22   5.53    32.78

SNOWFALL (IN)
  YESTERDAY        0.0           T    1949   0.0    0.0      0.0
  MONTH TO DATE    0.0                       0.0    0.0      0.0
  SINCE SEP 1      0.0                       0.0    0.0      0.0
  SINCE JUL 1      0.0                       0.0    0.0      0.0
  SNOW DEPTH       0

DEGREE DAYS
 HEATING
  YESTERDAY        1                         9     -8        0
  MONTH TO DATE  139                       125     14       98
  SINCE SEP 1    139                       125     14       98
  SINCE JUL 1    188                       155     33      133

 COOLING
  YESTERDAY        0                         1     -1        2
  MONTH TO DATE   46                        55     -9       77
  SINCE SEP 1     46                        55     -9       77
  SINCE JAN 1    442                       562   -120      616
..................................................................


WIND (MPH)
  RESULTANT WIND SPEED   2   RESULTANT WIND DIRECTION   W (270)
  HIGHEST WIND SPEED     9   HIGHEST WIND DIRECTION     W (280)
  HIGHEST GUST SPEED    12   HIGHEST GUST DIRECTION     W (260)
  AVERAGE WIND SPEED     2.3


SKY COVER
  AVERAGE SKY COVER 0.3


WEATHER CONDITIONS
 THE FOLLOWING WEATHER WAS RECORDED YESTERDAY.
  FOG


RELATIVE HUMIDITY (PERCENT)
 HIGHEST    93           300 AM
 LOWEST     46           400 PM
 AVERAGE    70

..........................................................


THE MUSKEGON MI CLIMATE NORMALS FOR TODAY
                         NORMAL    RECORD    YEAR
 MAXIMUM TEMPERATURE (F)   66        92      1953
 MINIMUM TEMPERATURE (F)   48        31      1991


SUNRISE AND SUNSET
SEPTEMBER 29 2014.....SUNRISE   740 AM EDT   SUNSET   730 PM EDT
SEPTEMBER 30 2014.....SUNRISE   741 AM EDT   SUNSET   728 PM EDT


-  INDICATES NEGATIVE NUMBERS.
R  INDICATES RECORD WAS SET OR TIED.
MM INDICATES DATA IS MISSING.
T  INDICATES TRACE AMOUNT.




$$
