000
CDUS43 KGRR 240516
CLIMKG


CLIMATE REPORT
NATIONAL WEATHER SERVICE GRAND RAPIDS, MI
1214 AM EST MON NOV 24 2014


...................................

...THE MUSKEGON MI CLIMATE SUMMARY FOR NOVEMBER 23 2014...

CLIMATE NORMAL PERIOD 1981 TO 2010
CLIMATE RECORD PERIOD 1896 TO 2014


WEATHER ITEM   OBSERVED TIME   RECORD YEAR NORMAL DEPARTURE LAST
                VALUE   (LST)  VALUE       VALUE  FROM      YEAR
                                                  NORMAL
..................................................................
TEMPERATURE (F)
 YESTERDAY
  MAXIMUM         54   1115 AM  67    1999  43     11       35
  MINIMUM         48   1217 AM   4    1956  32     16       18
  AVERAGE         51                        37     14       27

PRECIPITATION (IN)
  YESTERDAY        0.84          1.24 1983   0.11   0.73     0.01
  MONTH TO DATE    2.97                      2.62   0.35     3.07
  SINCE SEP 1      9.07                      9.62  -0.55     9.49
  SINCE JAN 1     35.68                     30.20   5.48    40.74

SNOWFALL (IN)
  YESTERDAY        0.0           4.3  1970   0.3   -0.3      0.2
  MONTH TO DATE   19.7                       3.4   16.3      0.3
  SINCE SEP 1     19.7                       3.6   16.1      0.3
  SINCE JUL 1     19.7                       3.6   16.1      0.3
  SNOW DEPTH       0

DEGREE DAYS
 HEATING
  YESTERDAY       14                        28    -14       38
  MONTH TO DATE  643                       541    102      509
  SINCE SEP 1   1215                      1134     81      982
  SINCE JUL 1   1264                      1164    100     1017

 COOLING
  YESTERDAY        0                         0      0        0
  MONTH TO DATE    0                         0      0        0
  SINCE SEP 1     46                        59    -13       87
  SINCE JAN 1    442                       566   -124      626
..................................................................


WIND (MPH)
  RESULTANT WIND SPEED  13   RESULTANT WIND DIRECTION   S (170)
  HIGHEST WIND SPEED    25   HIGHEST WIND DIRECTION     S (190)
  HIGHEST GUST SPEED    35   HIGHEST GUST DIRECTION     S (190)
  AVERAGE WIND SPEED    14.0


SKY COVER
  AVERAGE SKY COVER 1.0


WEATHER CONDITIONS
 THE FOLLOWING WEATHER WAS RECORDED YESTERDAY.
  RAIN
  LIGHT RAIN
  FOG


RELATIVE HUMIDITY (PERCENT)
 HIGHEST    93           900 PM
 LOWEST     66           800 AM
 AVERAGE    80

..........................................................


THE MUSKEGON MI CLIMATE NORMALS FOR TODAY
                         NORMAL    RECORD    YEAR
 MAXIMUM TEMPERATURE (F)   43        62      2001
 MINIMUM TEMPERATURE (F)   32        -8      1950


SUNRISE AND SUNSET
NOVEMBER 24 2014......SUNRISE   749 AM EST   SUNSET   514 PM EST
NOVEMBER 25 2014......SUNRISE   750 AM EST   SUNSET   513 PM EST


-  INDICATES NEGATIVE NUMBERS.
R  INDICATES RECORD WAS SET OR TIED.
MM INDICATES DATA IS MISSING.
T  INDICATES TRACE AMOUNT.




$$

EBW
