000
CDUS43 KGRR 272126
CLIMKG


CLIMATE REPORT
NATIONAL WEATHER SERVICE GRAND RAPIDS, MI
524 PM EDT MON OCT 27 2014


...................................

...THE MUSKEGON MI CLIMATE SUMMARY FOR OCTOBER 27 2014...
VALID TODAY AS OF 0500 PM LOCAL TIME.

CLIMATE NORMAL PERIOD 1981 TO 2010
CLIMATE RECORD PERIOD 1896 TO 2014


WEATHER ITEM   OBSERVED TIME   RECORD YEAR NORMAL DEPARTURE LAST
                VALUE   (LST)  VALUE       VALUE  FROM      YEAR
                                                  NORMAL
..................................................................
TEMPERATURE (F)
 TODAY
  MAXIMUM         75R   326 PM  74    1971  55     20       52
  MINIMUM         38   1217 AM  22    1976  40     -2       37
  AVERAGE         57                        47     10       45

PRECIPITATION (IN)
  TODAY            T             0.90 1906   0.10  -0.10     0.00
  MONTH TO DATE    2.69                      2.69   0.00     3.33
  SINCE SEP 1      5.89                      6.58  -0.69     5.28
  SINCE JAN 1     32.50                     27.16   5.34    36.53

SNOWFALL (IN)
  TODAY            0.0           4.7  1967   0.0    0.0      0.0
  MONTH TO DATE    0.0                       0.1   -0.1       T
  SINCE SEP 1      0.0                       0.1   -0.1       T
  SINCE JUL 1      0.0                       0.1   -0.1       T
  SNOW DEPTH       0

DEGREE DAYS
 HEATING
  TODAY            8                        18    -10       20
  MONTH TO DATE  354                       375    -21      297
  SINCE SEP 1    509                       518     -9      404
  SINCE JUL 1    558                       548     10      439

 COOLING
  TODAY            0                         0      0        0
  MONTH TO DATE    0                         2     -2       10
  SINCE SEP 1     46                        56    -10       87
  SINCE JAN 1    442                       563   -121      626
..................................................................


WIND (MPH)
  RESULTANT WIND SPEED  10   RESULTANT WIND DIRECTION  SE (150)
  HIGHEST WIND SPEED    22   HIGHEST WIND DIRECTION     S (190)
  HIGHEST GUST SPEED    29   HIGHEST GUST DIRECTION     S (190)
  AVERAGE WIND SPEED    11.8


SKY COVER
  AVERAGE SKY COVER 0.7


WEATHER CONDITIONS
 THE FOLLOWING WEATHER WAS RECORDED TODAY.
  LIGHT RAIN


RELATIVE HUMIDITY (PERCENT)
 HIGHEST    79          1200 AM
 LOWEST     46          1000 AM
 AVERAGE    63

..........................................................


THE MUSKEGON MI CLIMATE NORMALS FOR TOMORROW
                         NORMAL    RECORD    YEAR
 MAXIMUM TEMPERATURE (F)   54        73      1927
 MINIMUM TEMPERATURE (F)   39        25      1990
                                             1965


SUNRISE AND SUNSET
OCTOBER 27 2014.......SUNRISE   813 AM EDT   SUNSET   644 PM EDT
OCTOBER 28 2014.......SUNRISE   815 AM EDT   SUNSET   642 PM EDT


-  INDICATES NEGATIVE NUMBERS.
R  INDICATES RECORD WAS SET OR TIED.
MM INDICATES DATA IS MISSING.
T  INDICATES TRACE AMOUNT.




$$

63
