000
CDUS43 KGRR 200516
CLIMKG


CLIMATE REPORT
NATIONAL WEATHER SERVICE GRAND RAPIDS, MI
1216 AM EST MON FEB 20 2017


...................................

...THE MUSKEGON MI CLIMATE SUMMARY FOR FEBRUARY 19 2017...

CLIMATE NORMAL PERIOD 1981 TO 2010
CLIMATE RECORD PERIOD 1896 TO 2017


WEATHER ITEM   OBSERVED TIME   RECORD YEAR NORMAL DEPARTURE LAST
                VALUE   (LST)  VALUE       VALUE  FROM      YEAR
                                                  NORMAL
..................................................................
TEMPERATURE (F)
 YESTERDAY
  MAXIMUM         58R   245 PM  57    1954  34     24       54
  MINIMUM         28    752 AM -14    1920  22      6       37
  AVERAGE         43                        28     15       46

PRECIPITATION (IN)
  YESTERDAY        0.00          0.88 1994   0.07  -0.07     0.00
  MONTH TO DATE    0.16                      1.18  -1.02     1.51
  SINCE DEC 1      5.41                      5.76  -0.35     8.87
  SINCE JAN 1      3.19                      3.21  -0.02     3.97

SNOWFALL (IN)
  YESTERDAY        0.0           6.9  2013   0.7   -0.7      0.0
  MONTH TO DATE    0.3                      14.1  -13.8      5.0
  SINCE DEC 1     38.1                      71.0  -32.9     47.1
  SINCE JUL 1     39.1                      77.2  -38.1     51.0
  SNOW DEPTH       0

DEGREE DAYS
 HEATING
  YESTERDAY       22                        37    -15       19
  MONTH TO DATE  624                       736   -112      723
  SINCE DEC 1   2762                      3041   -279     2663
  SINCE JUL 1   3667                      4408   -741     3730

 COOLING
  YESTERDAY        0                         0      0        0
  MONTH TO DATE    0                         0      0        0
  SINCE DEC 1      0                         0      0        0
  SINCE JAN 1      0                         0      0        0
..................................................................


WIND (MPH)
  RESULTANT WIND SPEED   2   RESULTANT WIND DIRECTION   W (290)
  HIGHEST WIND SPEED    10   HIGHEST WIND DIRECTION     W (280)
  HIGHEST GUST SPEED    17   HIGHEST GUST DIRECTION     W (280)
  AVERAGE WIND SPEED     2.5


SKY COVER
  AVERAGE SKY COVER 0.3


WEATHER CONDITIONS
 THE FOLLOWING WEATHER WAS RECORDED YESTERDAY.
  FOG


RELATIVE HUMIDITY (PERCENT)
 HIGHEST    92           200 AM
 LOWEST     33           300 PM
 AVERAGE    63

..........................................................


THE MUSKEGON MI CLIMATE NORMALS FOR TODAY
                         NORMAL    RECORD    YEAR
 MAXIMUM TEMPERATURE (F)   34        56      1983
 MINIMUM TEMPERATURE (F)   22       -13      1904


SUNRISE AND SUNSET
FEBRUARY 20 2017......SUNRISE   735 AM EST   SUNSET   623 PM EST
FEBRUARY 21 2017......SUNRISE   733 AM EST   SUNSET   624 PM EST


-  INDICATES NEGATIVE NUMBERS.
R  INDICATES RECORD WAS SET OR TIED.
MM INDICATES DATA IS MISSING.
T  INDICATES TRACE AMOUNT.




$$
