000
CDUS43 KGRR 190516
CLIMKG


CLIMATE REPORT
NATIONAL WEATHER SERVICE GRAND RAPIDS, MI
116 AM EDT FRI SEP 19 2014


...................................

...THE MUSKEGON MI CLIMATE SUMMARY FOR SEPTEMBER 18 2014...

CLIMATE NORMAL PERIOD 1981 TO 2010
CLIMATE RECORD PERIOD 1896 TO 2014


WEATHER ITEM   OBSERVED TIME   RECORD YEAR NORMAL DEPARTURE LAST
                VALUE   (LST)  VALUE       VALUE  FROM      YEAR
                                                  NORMAL
..................................................................
TEMPERATURE (F)
 YESTERDAY
  MAXIMUM         69    328 PM  86    1906  71     -2       77
  MINIMUM         46    454 AM  34    1995  52     -6       52
                                      1973
                                      1959
  AVERAGE         58                        61     -3       65

PRECIPITATION (IN)
  YESTERDAY        0.00          2.67 1983   0.13  -0.13      T
  MONTH TO DATE    2.81                      2.29   0.52     0.92
  SINCE SEP 1      2.81                      2.29   0.52     0.92
  SINCE JAN 1     29.42                     22.87   6.55    32.17

SNOWFALL (IN)
  YESTERDAY        0.0           T    1952   0.0    0.0      0.0
  MONTH TO DATE    0.0                       0.0    0.0      0.0
  SINCE SEP 1      0.0                       0.0    0.0      0.0
  SINCE JUL 1      0.0                       0.0    0.0      0.0
  SNOW DEPTH       0

DEGREE DAYS
 HEATING
  YESTERDAY        7                         5      2        0
  MONTH TO DATE   98                        56     42       47
  SINCE SEP 1     98                        56     42       47
  SINCE JUL 1    147                        86     61       82

 COOLING
  YESTERDAY        0                         1     -1        0
  MONTH TO DATE   44                        45     -1       66
  SINCE SEP 1     44                        45     -1       66
  SINCE JAN 1    440                       552   -112      605
..................................................................


WIND (MPH)
  RESULTANT WIND SPEED   2   RESULTANT WIND DIRECTION   E (100)
  HIGHEST WIND SPEED     9   HIGHEST WIND DIRECTION     W (270)
  HIGHEST GUST SPEED    12   HIGHEST GUST DIRECTION     W (250)
  AVERAGE WIND SPEED     3.9


SKY COVER
  AVERAGE SKY COVER 0.5


WEATHER CONDITIONS
 THE FOLLOWING WEATHER WAS RECORDED YESTERDAY.
  FOG


RELATIVE HUMIDITY (PERCENT)
 HIGHEST    93           200 AM
 LOWEST     55           200 PM
 AVERAGE    74

..........................................................


THE MUSKEGON MI CLIMATE NORMALS FOR TODAY
                         NORMAL    RECORD    YEAR
 MAXIMUM TEMPERATURE (F)   70        93      1932
 MINIMUM TEMPERATURE (F)   52        36      1979


SUNRISE AND SUNSET
SEPTEMBER 19 2014.....SUNRISE   729 AM EDT   SUNSET   748 PM EDT
SEPTEMBER 20 2014.....SUNRISE   730 AM EDT   SUNSET   746 PM EDT


-  INDICATES NEGATIVE NUMBERS.
R  INDICATES RECORD WAS SET OR TIED.
MM INDICATES DATA IS MISSING.
T  INDICATES TRACE AMOUNT.




$$
