000
CDUS43 KGRR 260516
CLIMKG


CLIMATE REPORT
NATIONAL WEATHER SERVICE GRAND RAPIDS, MI
1214 AM EST WED NOV 26 2014


...................................

...THE MUSKEGON MI CLIMATE SUMMARY FOR NOVEMBER 25 2014...

CLIMATE NORMAL PERIOD 1981 TO 2010
CLIMATE RECORD PERIOD 1896 TO 2014


WEATHER ITEM   OBSERVED TIME   RECORD YEAR NORMAL DEPARTURE LAST
                VALUE   (LST)  VALUE       VALUE  FROM      YEAR
                                                  NORMAL
..................................................................
TEMPERATURE (F)
 YESTERDAY
  MAXIMUM         32    636 AM  56    1952  42    -10       36
                                      1896
  MINIMUM         30   1153 PM -14    1950  31     -1       30
  AVERAGE         31                        37     -6       33

PRECIPITATION (IN)
  YESTERDAY        0.04          0.76 1952   0.10  -0.06     0.10
  MONTH TO DATE    4.05                      2.83   1.22     3.19
  SINCE SEP 1     10.15                      9.83   0.32     9.61
  SINCE JAN 1     36.76                     30.41   6.35    40.86

SNOWFALL (IN)
  YESTERDAY        0.5           9.2  2005   0.3    0.2      1.5
  MONTH TO DATE   22.2                       4.0   18.2      2.2
  SINCE SEP 1     22.2                       4.2   18.0      2.2
  SINCE JUL 1     22.2                       4.2   18.0      2.2
  SNOW DEPTH       2

DEGREE DAYS
 HEATING
  YESTERDAY       34                        28      6       32
  MONTH TO DATE  701                       597    104      581
  SINCE SEP 1   1273                      1190     83     1054
  SINCE JUL 1   1322                      1220    102     1089

 COOLING
  YESTERDAY        0                         0      0        0
  MONTH TO DATE    0                         0      0        0
  SINCE SEP 1     46                        59    -13       87
  SINCE JAN 1    442                       566   -124      626
..................................................................


WIND (MPH)
  RESULTANT WIND SPEED  11   RESULTANT WIND DIRECTION   W (270)
  HIGHEST WIND SPEED    23   HIGHEST WIND DIRECTION     W (250)
  HIGHEST GUST SPEED    32   HIGHEST GUST DIRECTION     W (260)
  AVERAGE WIND SPEED    11.2


SKY COVER
  AVERAGE SKY COVER 1.0


WEATHER CONDITIONS
 THE FOLLOWING WEATHER WAS RECORDED YESTERDAY.
  LIGHT SNOW
  HAZE


RELATIVE HUMIDITY (PERCENT)
 HIGHEST    85          1200 AM
 LOWEST     63           600 AM
 AVERAGE    74

..........................................................


THE MUSKEGON MI CLIMATE NORMALS FOR TODAY
                         NORMAL    RECORD    YEAR
 MAXIMUM TEMPERATURE (F)   42        63      1990
                                             1984
                                             1976
 MINIMUM TEMPERATURE (F)   31         8      1977


SUNRISE AND SUNSET
NOVEMBER 26 2014......SUNRISE   751 AM EST   SUNSET   513 PM EST
NOVEMBER 27 2014......SUNRISE   752 AM EST   SUNSET   512 PM EST


-  INDICATES NEGATIVE NUMBERS.
R  INDICATES RECORD WAS SET OR TIED.
MM INDICATES DATA IS MISSING.
T  INDICATES TRACE AMOUNT.




$$

63
