000
CDUS43 KGRR 310522
CLIMKG


CLIMATE REPORT
NATIONAL WEATHER SERVICE GRAND RAPIDS, MI
121 AM EDT SUN AUG 31 2014


...................................

...THE MUSKEGON MI CLIMATE SUMMARY FOR AUGUST 30 2014...

CLIMATE NORMAL PERIOD 1981 TO 2010
CLIMATE RECORD PERIOD 1896 TO 2014


WEATHER ITEM   OBSERVED TIME   RECORD YEAR NORMAL DEPARTURE LAST
                VALUE   (LST)  VALUE       VALUE  FROM      YEAR
                                                  NORMAL
..................................................................
TEMPERATURE (F)
 YESTERDAY
  MAXIMUM         80    315 PM  90    2010  77      3       85
  MINIMUM         70   1024 PM  41    1976  59     11       65
  AVERAGE         75                        68      7       75

PRECIPITATION (IN)
  YESTERDAY        T             3.45 1993   0.11  -0.11     0.06
  MONTH TO DATE    2.56                      3.27  -0.71     1.94
  SINCE JUN 1     13.31                      8.19   5.12     8.56
  SINCE JAN 1     26.61                     20.46   6.15    31.25

SNOWFALL (IN)
  YESTERDAY        0.0          MM      MM   0.0    0.0      0.0
  MONTH TO DATE    0.0                       0.0    0.0      0.0
  SINCE JUN 1      0.0                       0.0    0.0      0.0
  SINCE JUL 1      0.0                       0.0    0.0      0.0
  SNOW DEPTH       0

DEGREE DAYS
 HEATING
  YESTERDAY        0                         1     -1        0
  MONTH TO DATE   18                        13      5       18
  SINCE JUN 1     80                        90    -10       87
  SINCE JUL 1     49                        24     25       35

 COOLING
  YESTERDAY       10                         4      6       10
  MONTH TO DATE  163                       163      0      151
  SINCE JUN 1    372                       470    -98      469
  SINCE JAN 1    389                       499   -110      529
..................................................................


WIND (MPH)
  RESULTANT WIND SPEED  13   RESULTANT WIND DIRECTION   S (200)
  HIGHEST WIND SPEED    26   HIGHEST WIND DIRECTION     S (200)
  HIGHEST GUST SPEED    35   HIGHEST GUST DIRECTION    SW (210)
  AVERAGE WIND SPEED    14.4


SKY COVER
  AVERAGE SKY COVER 0.7


WEATHER CONDITIONS
 THE FOLLOWING WEATHER WAS RECORDED YESTERDAY.
  NO SIGNIFICANT WEATHER WAS OBSERVED.


RELATIVE HUMIDITY (PERCENT)
 HIGHEST    90          1000 PM
 LOWEST     67           500 PM
 AVERAGE    79

..........................................................


THE MUSKEGON MI CLIMATE NORMALS FOR TODAY
                         NORMAL    RECORD    YEAR
 MAXIMUM TEMPERATURE (F)   77        91      1953
 MINIMUM TEMPERATURE (F)   58        41      2009


SUNRISE AND SUNSET
AUGUST 31 2014........SUNRISE   708 AM EDT   SUNSET   822 PM EDT
SEPTEMBER  1 2014.....SUNRISE   709 AM EDT   SUNSET   820 PM EDT


-  INDICATES NEGATIVE NUMBERS.
R  INDICATES RECORD WAS SET OR TIED.
MM INDICATES DATA IS MISSING.
T  INDICATES TRACE AMOUNT.




$$
