054
CDUS43 KGRR 290602
CLIMKG


CLIMATE REPORT
NATIONAL WEATHER SERVICE GRAND RAPIDS, MI
202 AM EDT MON AUG 29 2016


...................................

...THE MUSKEGON MI CLIMATE SUMMARY FOR AUGUST 28 2016...

CLIMATE NORMAL PERIOD 1981 TO 2010
CLIMATE RECORD PERIOD 1896 TO 2016


WEATHER ITEM   OBSERVED TIME   RECORD YEAR NORMAL DEPARTURE LAST
                VALUE   (LST)  VALUE       VALUE  FROM      YEAR
                                                  NORMAL
..................................................................
TEMPERATURE (F)
 YESTERDAY
  MAXIMUM         80    242 PM  91    1953  77      3       75
                                      1899
  MINIMUM         66   1158 PM  40    1941  59      7       53
                                      1929
  AVERAGE         73                        68      5       64

PRECIPITATION (IN)
  YESTERDAY        0.00          1.14 2004   0.12  -0.12     0.06
  MONTH TO DATE    2.86                      3.04  -0.18     2.03
  SINCE JUN 1     11.22                      7.96   3.26    10.38
  SINCE JAN 1     25.15                     20.23   4.92    22.81

SNOWFALL (IN)
  YESTERDAY        0.0          MM      MM   0.0    0.0      0.0
  MONTH TO DATE    0.0                       0.0    0.0      0.0
  SINCE JUN 1      0.0                       0.0    0.0      0.0
  SINCE JUL 1      0.0                       0.0    0.0      0.0
  SNOW DEPTH       0

DEGREE DAYS
 HEATING
  YESTERDAY        0                         1     -1        1
  MONTH TO DATE    0                        11    -11       17
  SINCE JUN 1     47                        88    -41       65
  SINCE JUL 1      9                        22    -13       32

 COOLING
  YESTERDAY        8                         4      4        0
  MONTH TO DATE  236                       155     81      168
  SINCE JUN 1    594                       462    132      408
  SINCE JAN 1    638                       491    147      447
..................................................................


WIND (MPH)
  RESULTANT WIND SPEED   4   RESULTANT WIND DIRECTION  NW (320)
  HIGHEST WIND SPEED    12   HIGHEST WIND DIRECTION    NW (330)
  HIGHEST GUST SPEED    14   HIGHEST GUST DIRECTION     W (270)
  AVERAGE WIND SPEED     5.4


SKY COVER
  AVERAGE SKY COVER 0.4


WEATHER CONDITIONS
 THE FOLLOWING WEATHER WAS RECORDED YESTERDAY.
  FOG


RELATIVE HUMIDITY (PERCENT)
 HIGHEST    93           100 AM
 LOWEST     62          1200 PM
 AVERAGE    78

..........................................................


THE MUSKEGON MI CLIMATE NORMALS FOR TODAY
                         NORMAL    RECORD    YEAR
 MAXIMUM TEMPERATURE (F)   77        94      1953
 MINIMUM TEMPERATURE (F)   59        38      1982


SUNRISE AND SUNSET
AUGUST 29 2016........SUNRISE   706 AM EDT   SUNSET   824 PM EDT
AUGUST 30 2016........SUNRISE   708 AM EDT   SUNSET   822 PM EDT


-  INDICATES NEGATIVE NUMBERS.
R  INDICATES RECORD WAS SET OR TIED.
MM INDICATES DATA IS MISSING.
T  INDICATES TRACE AMOUNT.




$$
