000
CDUS43 KGRR 190514
CLIMKG


CLIMATE REPORT
NATIONAL WEATHER SERVICE GRAND RAPIDS, MI
112 AM EDT SAT APR 19 2014


...................................

...THE MUSKEGON MI CLIMATE SUMMARY FOR APRIL 18 2014...

CLIMATE NORMAL PERIOD 1981 TO 2010
CLIMATE RECORD PERIOD 1895 TO 2014


WEATHER ITEM   OBSERVED TIME   RECORD YEAR NORMAL DEPARTURE LAST
                VALUE   (LST)  VALUE       VALUE  FROM      YEAR
                                                  NORMAL
..................................................................
TEMPERATURE (F)
 YESTERDAY
  MAXIMUM         55   1135 AM  84    2002  57     -2       64
  MINIMUM         36    607 AM  20    1907  38     -2       44
  AVERAGE         46                        48     -2       54

PRECIPITATION (IN)
  YESTERDAY        0.00          2.02 2013   0.10  -0.10     2.02
  MONTH TO DATE    1.89                      1.75   0.14     6.84
  SINCE MAR 1      3.56                      4.00  -0.44     8.09
  SINCE JAN 1      8.69                      7.86   0.83    17.53

SNOWFALL (IN)
  YESTERDAY        0.0           3.0  1912   0.0    0.0      0.0
  MONTH TO DATE    1.6                       2.1   -0.5       T
  SINCE MAR 1      9.1                      11.1   -2.0      5.7
  SINCE JUL 1    132.7                      93.5   39.2     98.6
  SNOW DEPTH       0

DEGREE DAYS
 HEATING
  YESTERDAY       19                        17      2       11
  MONTH TO DATE  401                       374     27      431
  SINCE MAR 1   1589                      1304    285     1465
  SINCE JUL 1   6729                      6036    693     5887

 COOLING
  YESTERDAY        0                         0      0        0
  MONTH TO DATE    0                         0      0        0
  SINCE MAR 1      0                         0      0        0
  SINCE JAN 1      0                         0      0        0
..................................................................


WIND (MPH)
  RESULTANT WIND SPEED   6   RESULTANT WIND DIRECTION  NW (320)
  HIGHEST WIND SPEED    16   HIGHEST WIND DIRECTION     W (290)
  HIGHEST GUST SPEED    21   HIGHEST GUST DIRECTION     N (20)
  AVERAGE WIND SPEED     7.9


SKY COVER
  AVERAGE SKY COVER 0.5


WEATHER CONDITIONS
 THE FOLLOWING WEATHER WAS RECORDED YESTERDAY.
  FOG
  HAZE


RELATIVE HUMIDITY (PERCENT)
 HIGHEST    82           200 AM
 LOWEST     46           300 PM
 AVERAGE    64

..........................................................


THE MUSKEGON MI CLIMATE NORMALS FOR TODAY
                         NORMAL    RECORD    YEAR
 MAXIMUM TEMPERATURE (F)   58        79      1957
 MINIMUM TEMPERATURE (F)   39        20      1983


SUNRISE AND SUNSET
APRIL 19 2014.........SUNRISE   656 AM EDT   SUNSET   832 PM EDT
APRIL 20 2014.........SUNRISE   655 AM EDT   SUNSET   834 PM EDT


-  INDICATES NEGATIVE NUMBERS.
R  INDICATES RECORD WAS SET OR TIED.
MM INDICATES DATA IS MISSING.
T  INDICATES TRACE AMOUNT.




$$
