000
CDUS43 KGRR 230522
CLIMKG


CLIMATE REPORT
NATIONAL WEATHER SERVICE GRAND RAPIDS, MI
121 AM EDT TUE AUG 23 2016


...................................

...THE MUSKEGON MI CLIMATE SUMMARY FOR AUGUST 22 2016...

CLIMATE NORMAL PERIOD 1981 TO 2010
CLIMATE RECORD PERIOD 1896 TO 2016


WEATHER ITEM   OBSERVED TIME   RECORD YEAR NORMAL DEPARTURE LAST
                VALUE   (LST)  VALUE       VALUE  FROM      YEAR
                                                  NORMAL
..................................................................
TEMPERATURE (F)
 YESTERDAY
  MAXIMUM         76    351 PM  92    1947  78     -2       82
  MINIMUM         55    339 AM  42    1907  61     -6       65
  AVERAGE         66                        69     -3       74

PRECIPITATION (IN)
  YESTERDAY        0.00          1.24 2002   0.10  -0.10     0.00
  MONTH TO DATE    1.74                      2.38  -0.64     1.42
  SINCE JUN 1     10.10                      7.30   2.80     9.77
  SINCE JAN 1     24.03                     19.57   4.46    22.20

SNOWFALL (IN)
  YESTERDAY        0.0          MM      MM   0.0    0.0      0.0
  MONTH TO DATE    0.0                       0.0    0.0      0.0
  SINCE JUN 1      0.0                       0.0    0.0      0.0
  SINCE JUL 1      0.0                       0.0    0.0      0.0
  SNOW DEPTH       0

DEGREE DAYS
 HEATING
  YESTERDAY        0                         1     -1        0
  MONTH TO DATE    0                         5     -5        1
  SINCE JUN 1     47                        82    -35       49
  SINCE JUL 1      9                        16     -7       16

 COOLING
  YESTERDAY        1                         5     -4        9
  MONTH TO DATE  195                       127     68      164
  SINCE JUN 1    553                       434    119      404
  SINCE JAN 1    597                       463    134      443
..................................................................


WIND (MPH)
  RESULTANT WIND SPEED   4   RESULTANT WIND DIRECTION  SW (210)
  HIGHEST WIND SPEED    15   HIGHEST WIND DIRECTION    SW (220)
  HIGHEST GUST SPEED    19   HIGHEST GUST DIRECTION    SW (230)
  AVERAGE WIND SPEED     5.9


SKY COVER
  AVERAGE SKY COVER 0.3


WEATHER CONDITIONS
 THE FOLLOWING WEATHER WAS RECORDED YESTERDAY.
  NO SIGNIFICANT WEATHER WAS OBSERVED.


RELATIVE HUMIDITY (PERCENT)
 HIGHEST   100           100 AM
 LOWEST     46           200 PM
 AVERAGE    73

..........................................................


THE MUSKEGON MI CLIMATE NORMALS FOR TODAY
                         NORMAL    RECORD    YEAR
 MAXIMUM TEMPERATURE (F)   78        93      1905
 MINIMUM TEMPERATURE (F)   60        44      1952
                                             1951


SUNRISE AND SUNSET
AUGUST 23 2016........SUNRISE   700 AM EDT   SUNSET   834 PM EDT
AUGUST 24 2016........SUNRISE   701 AM EDT   SUNSET   833 PM EDT


-  INDICATES NEGATIVE NUMBERS.
R  INDICATES RECORD WAS SET OR TIED.
MM INDICATES DATA IS MISSING.
T  INDICATES TRACE AMOUNT.




$$
