000
CDUS43 KGRR 172238
CLIMKG


CLIMATE REPORT
NATIONAL WEATHER SERVICE GRAND RAPIDS, MI
532 PM EST FRI FEB 17 2017


...................................

...THE MUSKEGON MI CLIMATE SUMMARY FOR FEBRUARY 17 2017...
VALID TODAY AS OF 0500 PM LOCAL TIME.

CLIMATE NORMAL PERIOD 1981 TO 2010
CLIMATE RECORD PERIOD 1896 TO 2017


WEATHER ITEM   OBSERVED TIME   RECORD YEAR NORMAL DEPARTURE LAST
                VALUE   (LST)  VALUE       VALUE  FROM      YEAR
                                                  NORMAL
..................................................................
TEMPERATURE (F)
 TODAY
  MAXIMUM         55R   456 PM  53    2011  34     21       34
  MINIMUM         28    554 AM -15    1904  21      7       12
  AVERAGE         42                        27     15       23

PRECIPITATION (IN)
  TODAY            0.00          0.85 2008   0.07  -0.07      T
  MONTH TO DATE    0.16                      1.04  -0.88     1.51
  SINCE DEC 1      5.41                      5.62  -0.21     8.87
  SINCE JAN 1      3.19                      3.07   0.12     3.97

SNOWFALL (IN)
  TODAY            0.0           6.2  2014   0.7   -0.7       T
  MONTH TO DATE    0.3                      12.7  -12.4      5.0
  SINCE DEC 1     38.1                      69.6  -31.5     47.1
  SINCE JUL 1     39.1                      75.8  -36.7     51.0
  SNOW DEPTH       0

DEGREE DAYS
 HEATING
  TODAY           23                        38    -15       42
  MONTH TO DATE  581                       662    -81      661
  SINCE DEC 1   2719                      2967   -248     2601
  SINCE JUL 1   3624                      4334   -710     3668

 COOLING
  TODAY            0                         0      0        0
  MONTH TO DATE    0                         0      0        0
  SINCE DEC 1      0                         0      0        0
  SINCE JAN 1      0                         0      0        0
..................................................................


WIND (MPH)
  RESULTANT WIND SPEED   7   RESULTANT WIND DIRECTION  SE (140)
  HIGHEST WIND SPEED    15   HIGHEST WIND DIRECTION     S (190)
  HIGHEST GUST SPEED    19   HIGHEST GUST DIRECTION     S (190)
  AVERAGE WIND SPEED     8.4


SKY COVER
  AVERAGE SKY COVER 0.4


WEATHER CONDITIONS
 THE FOLLOWING WEATHER WAS RECORDED TODAY.
  NO SIGNIFICANT WEATHER WAS OBSERVED.


RELATIVE HUMIDITY (PERCENT)
 HIGHEST    75           600 AM
 LOWEST     41           200 PM
 AVERAGE    58

..........................................................


THE MUSKEGON MI CLIMATE NORMALS FOR TOMORROW
                         NORMAL    RECORD    YEAR
 MAXIMUM TEMPERATURE (F)   34        54      1994
 MINIMUM TEMPERATURE (F)   21        -8      1936


SUNRISE AND SUNSET
FEBRUARY 17 2017......SUNRISE   739 AM EST   SUNSET   619 PM EST
FEBRUARY 18 2017......SUNRISE   738 AM EST   SUNSET   620 PM EST


-  INDICATES NEGATIVE NUMBERS.
R  INDICATES RECORD WAS SET OR TIED.
MM INDICATES DATA IS MISSING.
T  INDICATES TRACE AMOUNT.




$$

jam
