000
CDUS43 KGRR 242228
CLIMKG


CLIMATE REPORT
NATIONAL WEATHER SERVICE GRAND RAPIDS, MI
526 PM EST MON NOV 24 2014


...................................

...THE MUSKEGON MI CLIMATE SUMMARY FOR NOVEMBER 24 2014...
VALID TODAY AS OF 0500 PM LOCAL TIME.

CLIMATE NORMAL PERIOD 1981 TO 2010
CLIMATE RECORD PERIOD 1896 TO 2014


WEATHER ITEM   OBSERVED TIME   RECORD YEAR NORMAL DEPARTURE LAST
                VALUE   (LST)  VALUE       VALUE  FROM      YEAR
                                                  NORMAL
..................................................................
TEMPERATURE (F)
 TODAY
  MAXIMUM         50    414 AM  62    2001  43      7       30
  MINIMUM         34    449 PM  -8    1950  32      2       19
  AVERAGE         42                        37      5       25

PRECIPITATION (IN)
  TODAY            0.98R         0.70 1905   0.11   0.87     0.02
  MONTH TO DATE    3.95                      2.73   1.22     3.09
  SINCE SEP 1     10.05                      9.73   0.32     9.51
  SINCE JAN 1     36.66                     30.31   6.35    40.76

SNOWFALL (IN)
  TODAY            T             4.9  1991   0.3   -0.3      0.4
  MONTH TO DATE   19.7                       3.7   16.0      0.7
  SINCE SEP 1     19.7                       3.9   15.8      0.7
  SINCE JUL 1     19.7                       3.9   15.8      0.7
  SNOW DEPTH       0

DEGREE DAYS
 HEATING
  TODAY           23                        28     -5       40
  MONTH TO DATE  666                       569     97      549
  SINCE SEP 1   1238                      1162     76     1022
  SINCE JUL 1   1287                      1192     95     1057

 COOLING
  TODAY            0                         0      0        0
  MONTH TO DATE    0                         0      0        0
  SINCE SEP 1     46                        59    -13       87
  SINCE JAN 1    442                       566   -124      626
..................................................................


WIND (MPH)
  RESULTANT WIND SPEED   9   RESULTANT WIND DIRECTION  SW (230)
  HIGHEST WIND SPEED    35   HIGHEST WIND DIRECTION    SW (230)
  HIGHEST GUST SPEED    45   HIGHEST GUST DIRECTION    SW (210)
  AVERAGE WIND SPEED    10.2


SKY COVER
  AVERAGE SKY COVER 1.0


WEATHER CONDITIONS
 THE FOLLOWING WEATHER WAS RECORDED TODAY.
  HEAVY RAIN
  RAIN
  LIGHT RAIN
  SNOW
  LIGHT SNOW
  FOG


RELATIVE HUMIDITY (PERCENT)
 HIGHEST    93           200 AM
 LOWEST     82           500 PM
 AVERAGE    88

..........................................................


THE MUSKEGON MI CLIMATE NORMALS FOR TOMORROW
                         NORMAL    RECORD    YEAR
 MAXIMUM TEMPERATURE (F)   42        56      1952
                                             1896
 MINIMUM TEMPERATURE (F)   31       -14      1950


SUNRISE AND SUNSET
NOVEMBER 24 2014......SUNRISE   749 AM EST   SUNSET   514 PM EST
NOVEMBER 25 2014......SUNRISE   750 AM EST   SUNSET   513 PM EST


-  INDICATES NEGATIVE NUMBERS.
R  INDICATES RECORD WAS SET OR TIED.
MM INDICATES DATA IS MISSING.
T  INDICATES TRACE AMOUNT.




$$

63
