000
CDUS43 KGRR 270513
CLIMKG


CLIMATE REPORT
NATIONAL WEATHER SERVICE GRAND RAPIDS, MI
1213 AM EST TUE JAN 27 2015


...................................

...THE MUSKEGON MI CLIMATE SUMMARY FOR JANUARY 26 2015...

CLIMATE NORMAL PERIOD 1981 TO 2010
CLIMATE RECORD PERIOD 1896 TO 2015


WEATHER ITEM   OBSERVED TIME   RECORD YEAR NORMAL DEPARTURE LAST
                VALUE   (LST)  VALUE       VALUE  FROM      YEAR
                                                  NORMAL
..................................................................
TEMPERATURE (F)
 YESTERDAY
  MAXIMUM         24    452 PM  54    1944  30     -6       23
  MINIMUM          9    824 AM -10    1904  20    -11       10
  AVERAGE         17                        25     -8       17

PRECIPITATION (IN)
  YESTERDAY        0.00          1.46 1978   0.06  -0.06     0.26
  MONTH TO DATE    1.71                      1.73  -0.02     3.01
  SINCE DEC 1      3.43                      4.28  -0.85     5.71
  SINCE JAN 1      1.71                      1.73  -0.02     3.01

SNOWFALL (IN)
  YESTERDAY        0.0          21.7  1978   0.8   -0.8      6.7
  MONTH TO DATE   32.2                      23.4    8.8     40.7
  SINCE DEC 1     33.6                      52.3  -18.7     79.9
  SINCE JUL 1     58.1                      58.5   -0.4     88.8
  SNOW DEPTH       4

DEGREE DAYS
 HEATING
  YESTERDAY       48                        40      8       48
  MONTH TO DATE 1079                      1027     52     1136
  SINCE DEC 1   2071                      2106    -35     2329
  SINCE JUL 1   3554                      3473     81     3600

 COOLING
  YESTERDAY        0                         0      0        0
  MONTH TO DATE    0                         0      0        0
  SINCE DEC 1      0                         0      0        0
  SINCE JAN 1      0                         0      0        0
..................................................................


WIND (MPH)
  RESULTANT WIND SPEED   4   RESULTANT WIND DIRECTION   E (90)
  HIGHEST WIND SPEED    10   HIGHEST WIND DIRECTION     E (110)
  HIGHEST GUST SPEED    13   HIGHEST GUST DIRECTION     E (100)
  AVERAGE WIND SPEED     5.4


SKY COVER
  AVERAGE SKY COVER 0.6


WEATHER CONDITIONS
 THE FOLLOWING WEATHER WAS RECORDED YESTERDAY.
  NO SIGNIFICANT WEATHER WAS OBSERVED.


RELATIVE HUMIDITY (PERCENT)
 HIGHEST    83          1000 AM
 LOWEST     47           200 PM
 AVERAGE    65

..........................................................


THE MUSKEGON MI CLIMATE NORMALS FOR TODAY
                         NORMAL    RECORD    YEAR
 MAXIMUM TEMPERATURE (F)   30        58      1916
 MINIMUM TEMPERATURE (F)   20       -12      1918


SUNRISE AND SUNSET
JANUARY 27 2015.......SUNRISE   806 AM EST   SUNSET   550 PM EST
JANUARY 28 2015.......SUNRISE   805 AM EST   SUNSET   552 PM EST


-  INDICATES NEGATIVE NUMBERS.
R  INDICATES RECORD WAS SET OR TIED.
MM INDICATES DATA IS MISSING.
T  INDICATES TRACE AMOUNT.




$$
