000
CDUS43 KGRR 150526
CLIMKG


CLIMATE REPORT
NATIONAL WEATHER SERVICE GRAND RAPIDS, MI
126 AM EDT TUE AUG 15 2017


...................................

...THE MUSKEGON MI CLIMATE SUMMARY FOR AUGUST 14 2017...

CLIMATE NORMAL PERIOD 1981 TO 2010
CLIMATE RECORD PERIOD 1896 TO 2017


WEATHER ITEM   OBSERVED TIME   RECORD YEAR NORMAL DEPARTURE LAST
                VALUE   (LST)  VALUE       VALUE  FROM      YEAR
                                                  NORMAL
..................................................................
TEMPERATURE (F)
 YESTERDAY
  MAXIMUM         81   1208 PM  93    1944  79      2       83
  MINIMUM         62    528 AM  42    1990  62      0       65
  AVERAGE         72                        70      2       74

PRECIPITATION (IN)
  YESTERDAY        T             1.57 1987   0.12  -0.12     0.00
  MONTH TO DATE    0.66                      1.50  -0.84     0.96
  SINCE JUN 1      5.93                      6.42  -0.49     9.32
  SINCE JAN 1     20.41                     18.69   1.72    23.25

SNOWFALL (IN)
  YESTERDAY        0.0          MM      MM   0.0    0.0      0.0
  MONTH TO DATE    0.0                       0.0    0.0      0.0
  SINCE JUN 1      0.0                       0.0    0.0      0.0
  SINCE JUL 1      0.0                       0.0    0.0      0.0
  SNOW DEPTH       0

DEGREE DAYS
 HEATING
  YESTERDAY        0                         0      0        0
  MONTH TO DATE    3                         0      3        0
  SINCE JUN 1     37                        77    -40       47
  SINCE JUL 1      3                        11     -8        9

 COOLING
  YESTERDAY        7                         6      1        9
  MONTH TO DATE   65                        84    -19      132
  SINCE JUN 1    406                       391     15      490
  SINCE JAN 1    428                       420      8      534
..................................................................


WIND (MPH)
  RESULTANT WIND SPEED   2   RESULTANT WIND DIRECTION  SW (240)
  HIGHEST WIND SPEED    12   HIGHEST WIND DIRECTION     W (250)
  HIGHEST GUST SPEED    18   HIGHEST GUST DIRECTION    SW (240)
  AVERAGE WIND SPEED     2.4


SKY COVER
  AVERAGE SKY COVER 0.6


WEATHER CONDITIONS
 THE FOLLOWING WEATHER WAS RECORDED YESTERDAY.
  LIGHT RAIN


RELATIVE HUMIDITY (PERCENT)
 HIGHEST    93           500 AM
 LOWEST     42          1200 PM
 AVERAGE    68

..........................................................


THE MUSKEGON MI CLIMATE NORMALS FOR TODAY
                         NORMAL    RECORD    YEAR
 MAXIMUM TEMPERATURE (F)   79        93      1944
 MINIMUM TEMPERATURE (F)   62        40      1929


SUNRISE AND SUNSET
AUGUST 15 2017........SUNRISE   651 AM EDT   SUNSET   847 PM EDT
AUGUST 16 2017........SUNRISE   652 AM EDT   SUNSET   846 PM EDT


-  INDICATES NEGATIVE NUMBERS.
R  INDICATES RECORD WAS SET OR TIED.
MM INDICATES DATA IS MISSING.
T  INDICATES TRACE AMOUNT.




$$
