000
CDUS43 KGRR 260515
CLIMKG


CLIMATE REPORT
NATIONAL WEATHER SERVICE GRAND RAPIDS, MI
115 AM EDT WED AUG 26 2015


...................................

...THE MUSKEGON MI CLIMATE SUMMARY FOR AUGUST 25 2015...

CLIMATE NORMAL PERIOD 1981 TO 2010
CLIMATE RECORD PERIOD 1896 TO 2015


WEATHER ITEM   OBSERVED TIME   RECORD YEAR NORMAL DEPARTURE LAST
                VALUE   (LST)  VALUE       VALUE  FROM      YEAR
                                                  NORMAL
..................................................................
TEMPERATURE (F)
 YESTERDAY
  MAXIMUM         62    844 PM  90    1948  78    -16       81
  MINIMUM         56    639 AM  43    1977  60     -4       71
  AVERAGE         59                        69    -10       76

PRECIPITATION (IN)
  YESTERDAY        0.08          1.83 1940   0.11  -0.03     0.36
  MONTH TO DATE    1.96                      2.70  -0.74     1.72
  SINCE JUN 1     10.31                      7.62   2.69    12.47
  SINCE JAN 1     22.74                     19.89   2.85    25.77

SNOWFALL (IN)
  YESTERDAY        0.0          MM      MM   0.0    0.0      0.0
  MONTH TO DATE    0.0                       0.0    0.0      0.0
  SINCE JUN 1      0.0                       0.0    0.0      0.0
  SINCE JUL 1      0.0                       0.0    0.0      0.0
  SNOW DEPTH       0

DEGREE DAYS
 HEATING
  YESTERDAY        6                         1      5        0
  MONTH TO DATE    9                         8      1       17
  SINCE JUN 1     57                        85    -28       79
  SINCE JUL 1     24                        19      5       48

 COOLING
  YESTERDAY        0                         5     -5       11
  MONTH TO DATE  168                       142     26      142
  SINCE JUN 1    408                       449    -41      351
  SINCE JAN 1    447                       478    -31      368
..................................................................


WIND (MPH)
  RESULTANT WIND SPEED   7   RESULTANT WIND DIRECTION  NW (310)
  HIGHEST WIND SPEED    18   HIGHEST WIND DIRECTION     W (290)
  HIGHEST GUST SPEED    26   HIGHEST GUST DIRECTION     W (270)
  AVERAGE WIND SPEED     7.8


SKY COVER
  AVERAGE SKY COVER 1.0


WEATHER CONDITIONS
 THE FOLLOWING WEATHER WAS RECORDED YESTERDAY.
  RAIN
  LIGHT RAIN
  FOG


RELATIVE HUMIDITY (PERCENT)
 HIGHEST    84          1100 PM
 LOWEST     64          1100 AM
 AVERAGE    74

..........................................................


THE MUSKEGON MI CLIMATE NORMALS FOR TODAY
                         NORMAL    RECORD    YEAR
 MAXIMUM TEMPERATURE (F)   78        91      1948
 MINIMUM TEMPERATURE (F)   60        44      1945


SUNRISE AND SUNSET
AUGUST 26 2015........SUNRISE   702 AM EDT   SUNSET   830 PM EDT
AUGUST 27 2015........SUNRISE   703 AM EDT   SUNSET   829 PM EDT


-  INDICATES NEGATIVE NUMBERS.
R  INDICATES RECORD WAS SET OR TIED.
MM INDICATES DATA IS MISSING.
T  INDICATES TRACE AMOUNT.




$$
