000
CDUS43 KGRR 170606
CLIMKG


CLIMATE REPORT
NATIONAL WEATHER SERVICE GRAND RAPIDS, MI
206 AM EDT FRI MAR 17 2017


...................................

...THE MUSKEGON MI CLIMATE SUMMARY FOR MARCH 16 2017...

CLIMATE NORMAL PERIOD 1981 TO 2010
CLIMATE RECORD PERIOD 1896 TO 2017


WEATHER ITEM   OBSERVED TIME   RECORD YEAR NORMAL DEPARTURE LAST
                VALUE   (LST)  VALUE       VALUE  FROM      YEAR
                                                  NORMAL
..................................................................
TEMPERATURE (F)
 YESTERDAY
  MAXIMUM         39    247 PM  72    2012  43     -4       51
  MINIMUM         17    605 AM -11    1897  27    -10       43
  AVERAGE         28                        35     -7       47

PRECIPITATION (IN)
  YESTERDAY        0.00          1.02 1919   0.07  -0.07     0.33
  MONTH TO DATE    0.44                      1.13  -0.69     1.20
  SINCE MAR 1      0.44                      1.13  -0.69     1.20
  SINCE JAN 1      6.14                      4.99   1.15     5.41

SNOWFALL (IN)
  YESTERDAY        0.0           3.4  1974   0.3   -0.3      0.0
  MONTH TO DATE    3.8                       6.0   -2.2      4.9
  SINCE MAR 1      3.8                       6.0   -2.2      4.9
  SINCE JUL 1     48.3                      88.4  -40.1     59.4
  SNOW DEPTH       T

DEGREE DAYS
 HEATING
  YESTERDAY       37                        30      7       18
  MONTH TO DATE  532                       522     10      403
  SINCE MAR 1    532                       522     10      403
  SINCE JUL 1   4397                      5254   -857     4423

 COOLING
  YESTERDAY        0                         0      0        0
  MONTH TO DATE    0                         0      0        0
  SINCE MAR 1      0                         0      0        0
  SINCE JAN 1      0                         0      0        0
..................................................................


WIND (MPH)
  RESULTANT WIND SPEED   4   RESULTANT WIND DIRECTION   W (260)
  HIGHEST WIND SPEED    15   HIGHEST WIND DIRECTION    SW (240)
  HIGHEST GUST SPEED    20   HIGHEST GUST DIRECTION     W (280)
  AVERAGE WIND SPEED     6.2


SKY COVER
  AVERAGE SKY COVER 0.2


WEATHER CONDITIONS
 THE FOLLOWING WEATHER WAS RECORDED YESTERDAY.
  NO SIGNIFICANT WEATHER WAS OBSERVED.


RELATIVE HUMIDITY (PERCENT)
 HIGHEST    84           800 AM
 LOWEST     32          1200 PM
 AVERAGE    58

..........................................................


THE MUSKEGON MI CLIMATE NORMALS FOR TODAY
                         NORMAL    RECORD    YEAR
 MAXIMUM TEMPERATURE (F)   43        77      2012
 MINIMUM TEMPERATURE (F)   27         2      1926


SUNRISE AND SUNSET
MARCH 17 2017.........SUNRISE   753 AM EDT   SUNSET   754 PM EDT
MARCH 18 2017.........SUNRISE   751 AM EDT   SUNSET   755 PM EDT


-  INDICATES NEGATIVE NUMBERS.
R  INDICATES RECORD WAS SET OR TIED.
MM INDICATES DATA IS MISSING.
T  INDICATES TRACE AMOUNT.




$$
