000
CDUS43 KGRR 110545
CLIMKG


CLIMATE REPORT
NATIONAL WEATHER SERVICE GRAND RAPIDS, MI
140 AM EDT FRI JUL 11 2014


...................................

...THE MUSKEGON MI CLIMATE SUMMARY FOR JULY 10 2014...

CLIMATE NORMAL PERIOD 1981 TO 2010
CLIMATE RECORD PERIOD 1895 TO 2014


WEATHER ITEM   OBSERVED TIME   RECORD YEAR NORMAL DEPARTURE LAST
                VALUE   (LST)  VALUE       VALUE  FROM      YEAR
                                                  NORMAL
..................................................................
TEMPERATURE (F)
 YESTERDAY
  MAXIMUM         75    125 PM  89    1948  81     -6       80
                                      1943
  MINIMUM         53    532 AM  44    1996  62     -9       60
  AVERAGE         64                        71     -7       70

PRECIPITATION (IN)
  YESTERDAY        0.00          1.01 1922   0.07  -0.07      T
  MONTH TO DATE    0.70                      0.72  -0.02     0.60
  SINCE JUN 1      7.72                      3.27   4.45     4.93
  SINCE JAN 1     21.02                     15.54   5.48    27.62

SNOWFALL (IN)
  YESTERDAY        0.0          MM      MM   0.0    0.0      0.0
  MONTH TO DATE    0.0                       0.0    0.0      0.0
  SINCE JUN 1      0.0                       0.0    0.0      0.0
  SINCE JUL 1      0.0                       0.0    0.0      0.0
  SNOW DEPTH       0

DEGREE DAYS
 HEATING
  YESTERDAY        1                         0      1        0
  MONTH TO DATE    3                         4     -1        2
  SINCE JUN 1     34                        70    -36       54
  SINCE JUL 1      3                         4     -1        2

 COOLING
  YESTERDAY        0                         7     -7        5
  MONTH TO DATE   24                        61    -37       61
  SINCE JUN 1    156                       166    -10      161
  SINCE JAN 1    173                       195    -22      221
..................................................................


WIND (MPH)
  RESULTANT WIND SPEED   2   RESULTANT WIND DIRECTION  NW (300)
  HIGHEST WIND SPEED    12   HIGHEST WIND DIRECTION     W (270)
  HIGHEST GUST SPEED    15   HIGHEST GUST DIRECTION     W (250)
  AVERAGE WIND SPEED     3.9


SKY COVER
  AVERAGE SKY COVER 0.2


WEATHER CONDITIONS
 THE FOLLOWING WEATHER WAS RECORDED YESTERDAY.
  NO SIGNIFICANT WEATHER WAS OBSERVED.


RELATIVE HUMIDITY (PERCENT)
 HIGHEST    87           455 AM
 LOWEST     41           655 PM
 AVERAGE    64

..........................................................


THE MUSKEGON MI CLIMATE NORMALS FOR TODAY
                         NORMAL    RECORD    YEAR
 MAXIMUM TEMPERATURE (F)   81        91      2005
 MINIMUM TEMPERATURE (F)   62        40      1945


SUNRISE AND SUNSET
JULY 11 2014..........SUNRISE   616 AM EDT   SUNSET   925 PM EDT
JULY 12 2014..........SUNRISE   616 AM EDT   SUNSET   924 PM EDT


-  INDICATES NEGATIVE NUMBERS.
R  INDICATES RECORD WAS SET OR TIED.
MM INDICATES DATA IS MISSING.
T  INDICATES TRACE AMOUNT.




$$
