000
CDUS43 KGRR 170519
CLIMKG


CLIMATE REPORT
NATIONAL WEATHER SERVICE GRAND RAPIDS, MI
118 AM EDT SAT JUN 17 2017


...................................

...THE MUSKEGON MI CLIMATE SUMMARY FOR JUNE 16 2017...

CLIMATE NORMAL PERIOD 1981 TO 2010
CLIMATE RECORD PERIOD 1896 TO 2017


WEATHER ITEM   OBSERVED TIME   RECORD YEAR NORMAL DEPARTURE LAST
                VALUE   (LST)  VALUE       VALUE  FROM      YEAR
                                                  NORMAL
..................................................................
TEMPERATURE (F)
 YESTERDAY
  MAXIMUM         79    344 PM  92    2012  76      3       74
  MINIMUM         67   1145 PM  39    1961  57     10       58
                                      1917
                                      1914
  AVERAGE         73                        67      6       66

PRECIPITATION (IN)
  YESTERDAY        0.00          0.99 1997   0.08  -0.08     0.00
  MONTH TO DATE    0.59                      1.43  -0.84     1.76
  SINCE JUN 1      0.59                      1.43  -0.84     1.76
  SINCE JAN 1     15.07                     13.70   1.37    15.69

SNOWFALL (IN)
  YESTERDAY        0.0          MM      MM   0.0    0.0      0.0
  MONTH TO DATE    0.0                       0.0    0.0      0.0
  SINCE JUN 1      0.0                       0.0    0.0      0.0
  SINCE JUL 1     49.0                      93.7  -44.7     61.8
  SNOW DEPTH       0

DEGREE DAYS
 HEATING
  YESTERDAY        0                         2     -2        0
  MONTH TO DATE   15                        48    -33       33
  SINCE JUN 1     15                        48    -33       33
  SINCE JUL 1   5486                      6542  -1056     5652

 COOLING
  YESTERDAY        8                         4      4        1
  MONTH TO DATE   87                        39     48       42
  SINCE JUN 1     87                        39     48       42
  SINCE JAN 1    109                        68     41       86
..................................................................


WIND (MPH)
  RESULTANT WIND SPEED   8   RESULTANT WIND DIRECTION  SW (210)
  HIGHEST WIND SPEED    18   HIGHEST WIND DIRECTION     S (200)
  HIGHEST GUST SPEED    24   HIGHEST GUST DIRECTION     S (190)
  AVERAGE WIND SPEED     9.0


SKY COVER
  AVERAGE SKY COVER 0.6


WEATHER CONDITIONS
 THE FOLLOWING WEATHER WAS RECORDED YESTERDAY.
  NO SIGNIFICANT WEATHER WAS OBSERVED.


RELATIVE HUMIDITY (PERCENT)
 HIGHEST    87          1200 AM
 LOWEST     54          1200 PM
 AVERAGE    71

..........................................................


THE MUSKEGON MI CLIMATE NORMALS FOR TODAY
                         NORMAL    RECORD    YEAR
 MAXIMUM TEMPERATURE (F)   77        92      1987
                                             1905
 MINIMUM TEMPERATURE (F)   57        38      1980


SUNRISE AND SUNSET
JUNE 17 2017..........SUNRISE   605 AM EDT   SUNSET   927 PM EDT
JUNE 18 2017..........SUNRISE   605 AM EDT   SUNSET   928 PM EDT


-  INDICATES NEGATIVE NUMBERS.
R  INDICATES RECORD WAS SET OR TIED.
MM INDICATES DATA IS MISSING.
T  INDICATES TRACE AMOUNT.




$$
