000
CDUS43 KGRR 211339
CLIMKG


CLIMATE REPORT
NATIONAL WEATHER SERVICE GRAND RAPIDS, MI
938 AM EDT WED SEP 21 2016


...................................

...THE MUSKEGON MI CLIMATE SUMMARY FOR SEPTEMBER 21 2016...
VALID AS OF 0900 AM LOCAL TIME.

CLIMATE NORMAL PERIOD 1981 TO 2010
CLIMATE RECORD PERIOD 1896 TO 2016


WEATHER ITEM   OBSERVED TIME   RECORD YEAR NORMAL DEPARTURE LAST
                VALUE   (LST)  VALUE       VALUE  FROM      YEAR
                                                  NORMAL
..................................................................
TEMPERATURE (F)
 TODAY
  MAXIMUM         67    726 AM  86    1941  69     -2       71
  MINIMUM         57    306 AM  31    1962  51      6       45
  AVERAGE         62                        60      2       58

PRECIPITATION (IN)
  TODAY            0.20          3.46 1947   0.15   0.05     0.00
  MONTH TO DATE    5.04                      2.72   2.32     2.34
  SINCE SEP 1      5.04                      2.72   2.32     2.34
  SINCE JAN 1     30.19                     23.30   6.89    25.47

SNOWFALL (IN)
  TODAY            0.0          MM      MM   0.0    0.0      0.0
  MONTH TO DATE    0.0                       0.0    0.0      0.0
  SINCE SEP 1      0.0                       0.0    0.0      0.0
  SINCE JUL 1      0.0                       0.0    0.0      0.0
  SNOW DEPTH       0

DEGREE DAYS
 HEATING
  TODAY            3                         6     -3        7
  MONTH TO DATE    7                        73    -66       37
  SINCE SEP 1      7                        73    -66       37
  SINCE JUL 1     16                       103    -87       69

 COOLING
  TODAY            0                         1     -1        0
  MONTH TO DATE   90                        48     42      105
  SINCE SEP 1     90                        48     42      105
  SINCE JAN 1    754                       555    199      559
..................................................................


WIND (MPH)
  RESULTANT WIND SPEED   5   RESULTANT WIND DIRECTION   E (110)
  HIGHEST WIND SPEED    17   HIGHEST WIND DIRECTION    NW (300)
  HIGHEST GUST SPEED    23   HIGHEST GUST DIRECTION    NW (310)
  AVERAGE WIND SPEED     5.2


SKY COVER
  AVERAGE SKY COVER 0.5


WEATHER CONDITIONS
 THE FOLLOWING WEATHER WAS RECORDED TODAY.
  THUNDERSTORM
  HEAVY RAIN
  FOG


RELATIVE HUMIDITY (PERCENT)
 HIGHEST    93          1200 AM
 LOWEST     78           600 AM
 AVERAGE    86

..........................................................


THE MUSKEGON MI CLIMATE NORMALS FOR TOMORROW
                         NORMAL    RECORD    YEAR
 MAXIMUM TEMPERATURE (F)   69        86      1946
 MINIMUM TEMPERATURE (F)   50        31      1976


SUNRISE AND SUNSET
SEPTEMBER 21 2016.....SUNRISE   732 AM EDT   SUNSET   743 PM EDT
SEPTEMBER 22 2016.....SUNRISE   733 AM EDT   SUNSET   741 PM EDT


-  INDICATES NEGATIVE NUMBERS.
R  INDICATES RECORD WAS SET OR TIED.
MM INDICATES DATA IS MISSING.
T  INDICATES TRACE AMOUNT.




$$
