000
CDUS43 KGRR 162135
CLIMKG


CLIMATE REPORT
NATIONAL WEATHER SERVICE GRAND RAPIDS, MI
534 PM EDT MON OCT 16 2017


...................................

...THE MUSKEGON MI CLIMATE SUMMARY FOR OCTOBER 16 2017...
VALID TODAY AS OF 0500 PM LOCAL TIME.

CLIMATE NORMAL PERIOD 1981 TO 2010
CLIMATE RECORD PERIOD 1896 TO 2017


WEATHER ITEM   OBSERVED TIME   RECORD YEAR NORMAL DEPARTURE LAST
                VALUE   (LST)  VALUE       VALUE  FROM      YEAR
                                                  NORMAL
..................................................................
TEMPERATURE (F)
 TODAY
  MAXIMUM         59    246 PM  81    1968  59      0       67
                                      1947
  MINIMUM         45    830 AM  25    1977  42      3       63
  AVERAGE         52                        50      2       65

PRECIPITATION (IN)
  TODAY            0.05          1.61 2016   0.09  -0.04     1.61
  MONTH TO DATE    3.71                      1.61   2.10     2.48
  SINCE SEP 1      4.53                      5.50  -0.97     8.40
  SINCE JAN 1     25.69                     26.08  -0.39    33.55

SNOWFALL (IN)
  TODAY            0.0           T    1992   0.0    0.0      0.0
  MONTH TO DATE    0.0                       0.0    0.0      0.0
  SINCE SEP 1      0.0                       0.0    0.0      0.0
  SINCE JUL 1      0.0                       0.0    0.0      0.0
  SNOW DEPTH       0

DEGREE DAYS
 HEATING
  TODAY           13                        15     -2        0
  MONTH TO DATE   85                       195   -110      105
  SINCE SEP 1    177                       338   -161      130
  SINCE JUL 1    190                       368   -178      139

 COOLING
  TODAY            0                         0      0        0
  MONTH TO DATE    8                         2      6        3
  SINCE SEP 1    119                        56     63      104
  SINCE JAN 1    613                       563     50      768
..................................................................


WIND (MPH)
  RESULTANT WIND SPEED   3   RESULTANT WIND DIRECTION  SW (210)
  HIGHEST WIND SPEED    15   HIGHEST WIND DIRECTION     W (280)
  HIGHEST GUST SPEED    20   HIGHEST GUST DIRECTION    SW (210)
  AVERAGE WIND SPEED     7.4


SKY COVER
  AVERAGE SKY COVER 0.9


WEATHER CONDITIONS
 THE FOLLOWING WEATHER WAS RECORDED TODAY.
  THUNDERSTORM
  LIGHT RAIN
  FOG


RELATIVE HUMIDITY (PERCENT)
 HIGHEST   100           500 AM
 LOWEST     47           200 PM
 AVERAGE    74

..........................................................


THE MUSKEGON MI CLIMATE NORMALS FOR TOMORROW
                         NORMAL    RECORD    YEAR
 MAXIMUM TEMPERATURE (F)   58        78      1968
                                             1947
                                             1910
 MINIMUM TEMPERATURE (F)   42        25      1982
                                             1977


SUNRISE AND SUNSET
OCTOBER 16 2017.......SUNRISE   800 AM EDT   SUNSET   700 PM EDT
OCTOBER 17 2017.......SUNRISE   801 AM EDT   SUNSET   658 PM EDT


-  INDICATES NEGATIVE NUMBERS.
R  INDICATES RECORD WAS SET OR TIED.
MM INDICATES DATA IS MISSING.
T  INDICATES TRACE AMOUNT.




$$

63
