000
CDUS43 KGRR 230520
CLIMKG


CLIMATE REPORT
NATIONAL WEATHER SERVICE GRAND RAPIDS, MI
119 AM EDT SAT JUL 23 2016


...................................

...THE MUSKEGON MI CLIMATE SUMMARY FOR JULY 22 2016...

CLIMATE NORMAL PERIOD 1981 TO 2010
CLIMATE RECORD PERIOD 1896 TO 2016


WEATHER ITEM   OBSERVED TIME   RECORD YEAR NORMAL DEPARTURE LAST
                VALUE   (LST)  VALUE       VALUE  FROM      YEAR
                                                  NORMAL
..................................................................
TEMPERATURE (F)
 YESTERDAY
  MAXIMUM         82    342 PM  93    1901  81      1       80
  MINIMUM         67   1154 PM  46    1947  62      5       57
  AVERAGE         75                        71      4       69

PRECIPITATION (IN)
  YESTERDAY        0.00          1.39 2010   0.08  -0.08     0.00
  MONTH TO DATE    1.25                      1.60  -0.35     5.05
  SINCE JUN 1      3.59                      4.15  -0.56     8.35
  SINCE JAN 1     17.52                     16.42   1.10    20.78

SNOWFALL (IN)
  YESTERDAY        0.0          MM      MM   0.0    0.0      0.0
  MONTH TO DATE    0.0                       0.0    0.0      0.0
  SINCE JUN 1      0.0                       0.0    0.0      0.0
  SINCE JUL 1      0.0                       0.0    0.0      0.0
  SNOW DEPTH       0

DEGREE DAYS
 HEATING
  YESTERDAY        0                         0      0        0
  MONTH TO DATE    9                         4      5       15
  SINCE JUN 1     47                        70    -23       48
  SINCE JUL 1      9                         4      5       15

 COOLING
  YESTERDAY       10                         7      3        4
  MONTH TO DATE  151                       145      6       82
  SINCE JUN 1    268                       250     18      145
  SINCE JAN 1    312                       279     33      184
..................................................................


WIND (MPH)
  RESULTANT WIND SPEED   6   RESULTANT WIND DIRECTION   W (250)
  HIGHEST WIND SPEED    15   HIGHEST WIND DIRECTION    SW (230)
  HIGHEST GUST SPEED    21   HIGHEST GUST DIRECTION    NW (300)
  AVERAGE WIND SPEED     6.9


SKY COVER
  AVERAGE SKY COVER 0.3


WEATHER CONDITIONS
 THE FOLLOWING WEATHER WAS RECORDED YESTERDAY.
  FOG


RELATIVE HUMIDITY (PERCENT)
 HIGHEST    93           900 PM
 LOWEST     62           100 PM
 AVERAGE    78

..........................................................


THE MUSKEGON MI CLIMATE NORMALS FOR TODAY
                         NORMAL    RECORD    YEAR
 MAXIMUM TEMPERATURE (F)   81        94      1965
 MINIMUM TEMPERATURE (F)   62        42      1921


SUNRISE AND SUNSET
JULY 23 2016..........SUNRISE   627 AM EDT   SUNSET   916 PM EDT
JULY 24 2016..........SUNRISE   628 AM EDT   SUNSET   915 PM EDT


-  INDICATES NEGATIVE NUMBERS.
R  INDICATES RECORD WAS SET OR TIED.
MM INDICATES DATA IS MISSING.
T  INDICATES TRACE AMOUNT.




$$
