000
CDUS43 KGRR 162124
CLIMKG


CLIMATE REPORT
NATIONAL WEATHER SERVICE GRAND RAPIDS, MI
524 PM EDT WED AUG 16 2017


...................................

...THE MUSKEGON MI CLIMATE SUMMARY FOR AUGUST 16 2017...
VALID TODAY AS OF 0500 PM LOCAL TIME.

CLIMATE NORMAL PERIOD 1981 TO 2010
CLIMATE RECORD PERIOD 1896 TO 2017


WEATHER ITEM   OBSERVED TIME   RECORD YEAR NORMAL DEPARTURE LAST
                VALUE   (LST)  VALUE       VALUE  FROM      YEAR
                                                  NORMAL
..................................................................
TEMPERATURE (F)
 TODAY
  MAXIMUM         87    359 PM  95    1988  79      8       84
  MINIMUM         59    638 AM  36    1979  61     -2       71
  AVERAGE         73                        70      3       78

PRECIPITATION (IN)
  TODAY            0.00          3.28 1987   0.12  -0.12      T
  MONTH TO DATE    0.66                      1.73  -1.07     0.96
  SINCE JUN 1      5.93                      6.65  -0.72     9.32
  SINCE JAN 1     20.41                     18.92   1.49    23.25

SNOWFALL (IN)
  TODAY            0.0          MM      MM   0.0    0.0      0.0
  MONTH TO DATE    0.0                       0.0    0.0      0.0
  SINCE JUN 1      0.0                       0.0    0.0      0.0
  SINCE JUL 1      0.0                       0.0    0.0      0.0
  SNOW DEPTH       0

DEGREE DAYS
 HEATING
  TODAY            0                         0      0        0
  MONTH TO DATE    3                         0      3        0
  SINCE JUN 1     37                        77    -40       47
  SINCE JUL 1      3                        11     -8        9

 COOLING
  TODAY            8                         6      2       13
  MONTH TO DATE   81                        96    -15      154
  SINCE JUN 1    422                       403     19      512
  SINCE JAN 1    444                       432     12      556
..................................................................


WIND (MPH)
  RESULTANT WIND SPEED   2   RESULTANT WIND DIRECTION   S (190)
  HIGHEST WIND SPEED    15   HIGHEST WIND DIRECTION     S (200)
  HIGHEST GUST SPEED    19   HIGHEST GUST DIRECTION     S (160)
  AVERAGE WIND SPEED     4.9


SKY COVER
  AVERAGE SKY COVER 0.4


WEATHER CONDITIONS
 THE FOLLOWING WEATHER WAS RECORDED TODAY.
  NO SIGNIFICANT WEATHER WAS OBSERVED.


RELATIVE HUMIDITY (PERCENT)
 HIGHEST    90           600 AM
 LOWEST     40           100 PM
 AVERAGE    65

..........................................................


THE MUSKEGON MI CLIMATE NORMALS FOR TOMORROW
                         NORMAL    RECORD    YEAR
 MAXIMUM TEMPERATURE (F)   79        93      1988
 MINIMUM TEMPERATURE (F)   61        44      1954


SUNRISE AND SUNSET
AUGUST 16 2017........SUNRISE   652 AM EDT   SUNSET   846 PM EDT
AUGUST 17 2017........SUNRISE   653 AM EDT   SUNSET   844 PM EDT


-  INDICATES NEGATIVE NUMBERS.
R  INDICATES RECORD WAS SET OR TIED.
MM INDICATES DATA IS MISSING.
T  INDICATES TRACE AMOUNT.




$$
