000
CDUS43 KGRR 220513
CLIMKG


CLIMATE REPORT
NATIONAL WEATHER SERVICE GRAND RAPIDS, MI
113 AM EDT FRI MAY 22 2015


...................................

...THE MUSKEGON MI CLIMATE SUMMARY FOR MAY 21 2015...

CLIMATE NORMAL PERIOD 1981 TO 2010
CLIMATE RECORD PERIOD 1896 TO 2015


WEATHER ITEM   OBSERVED TIME   RECORD YEAR NORMAL DEPARTURE LAST
                VALUE   (LST)  VALUE       VALUE  FROM      YEAR
                                                  NORMAL
..................................................................
TEMPERATURE (F)
 YESTERDAY
  MAXIMUM         60    413 PM  88    1977  68     -8       73
  MINIMUM         39    517 AM  27    2002  48     -9       49
  AVERAGE         50                        58     -8       61

PRECIPITATION (IN)
  YESTERDAY        T             2.30 2004   0.11  -0.11     0.23
  MONTH TO DATE    2.28                      2.21   0.07     3.71
  SINCE MAR 1      8.13                      7.37   0.76     8.16
  SINCE JAN 1     11.42                     11.23   0.19    13.29

SNOWFALL (IN)
  YESTERDAY        0.0           T    1963   0.0    0.0      0.0
  MONTH TO DATE    0.0                       0.0    0.0      0.0
  SINCE MAR 1      4.0                      11.3   -7.3      9.1
  SINCE JUL 1     92.1                      93.7   -1.6    132.7
  SNOW DEPTH       0

DEGREE DAYS
 HEATING
  YESTERDAY       15                         8      7        4
  MONTH TO DATE  163                       215    -52      230
  SINCE MAR 1   1705                      1701      4     1995
  SINCE JUL 1   6830                      6433    397     7135

 COOLING
  YESTERDAY        0                         1     -1        0
  MONTH TO DATE   22                        13      9        7
  SINCE MAR 1     22                        17      5        7
  SINCE JAN 1     22                        17      5        7
..................................................................


WIND (MPH)
  RESULTANT WIND SPEED   8   RESULTANT WIND DIRECTION  SW (230)
  HIGHEST WIND SPEED    20   HIGHEST WIND DIRECTION     S (200)
  HIGHEST GUST SPEED    26   HIGHEST GUST DIRECTION     S (200)
  AVERAGE WIND SPEED     8.7


SKY COVER
  AVERAGE SKY COVER 0.7


WEATHER CONDITIONS
 THE FOLLOWING WEATHER WAS RECORDED YESTERDAY.
  LIGHT RAIN


RELATIVE HUMIDITY (PERCENT)
 HIGHEST    85           500 AM
 LOWEST     44           400 PM
 AVERAGE    65

..........................................................


THE MUSKEGON MI CLIMATE NORMALS FOR TODAY
                         NORMAL    RECORD    YEAR
 MAXIMUM TEMPERATURE (F)   69        88      1977
 MINIMUM TEMPERATURE (F)   49        34      1979
                                             1971


SUNRISE AND SUNSET
MAY 22 2015...........SUNRISE   615 AM EDT   SUNSET   909 PM EDT
MAY 23 2015...........SUNRISE   614 AM EDT   SUNSET   910 PM EDT


-  INDICATES NEGATIVE NUMBERS.
R  INDICATES RECORD WAS SET OR TIED.
MM INDICATES DATA IS MISSING.
T  INDICATES TRACE AMOUNT.




$$
