000
CDUS43 KGRR 102245
CLIMKG


CLIMATE REPORT
NATIONAL WEATHER SERVICE GRAND RAPIDS, MI
544 PM EST SAT FEB 10 2018


...................................

...THE MUSKEGON MI CLIMATE SUMMARY FOR FEBRUARY 10 2018...
VALID TODAY AS OF 0500 PM LOCAL TIME.

CLIMATE NORMAL PERIOD 1981 TO 2010
CLIMATE RECORD PERIOD 1896 TO 2018


WEATHER ITEM   OBSERVED TIME   RECORD YEAR NORMAL DEPARTURE LAST
                VALUE   (LST)  VALUE       VALUE  FROM      YEAR
                                                  NORMAL
..................................................................
TEMPERATURE (F)
 TODAY
  MAXIMUM         24    457 PM  54    1966  32     -8       39
  MINIMUM         18    907 AM -22    1912  20     -2       22
  AVERAGE         21                        26     -5       31

PRECIPITATION (IN)
  TODAY            T             0.92 1981   0.07  -0.07     0.00
  MONTH TO DATE    1.03                      0.59   0.44     0.13
  SINCE DEC 1      6.72                      5.17   1.55     5.38
  SINCE JAN 1      3.95                      2.62   1.33     3.16

SNOWFALL (IN)
  TODAY            T            13.6  1981   0.8   -0.8      0.0
  MONTH TO DATE   16.0                       7.8    8.2      0.3
  SINCE DEC 1     86.7                      64.7   22.0     40.7
  SINCE JUL 1     86.7                      70.9   15.8     41.7
  SNOW DEPTH      11

DEGREE DAYS
 HEATING
  TODAY           44                        39      5       34
  MONTH TO DATE  442                       394     48      378
  SINCE DEC 1   2798                      2699     99     2516
  SINCE JUL 1   3957                      4066   -109     3421

 COOLING
  TODAY            0                         0      0        0
  MONTH TO DATE    0                         0      0        0
  SINCE DEC 1      0                         0      0        0
  SINCE JAN 1      0                         0      0        0
..................................................................


WIND (MPH)
  RESULTANT WIND SPEED   4   RESULTANT WIND DIRECTION   N (20)
  HIGHEST WIND SPEED    10   HIGHEST WIND DIRECTION     N (340)
  HIGHEST GUST SPEED    12   HIGHEST GUST DIRECTION     N (340)
  AVERAGE WIND SPEED     4.4


SKY COVER
  AVERAGE SKY COVER 1.0


WEATHER CONDITIONS
 THE FOLLOWING WEATHER WAS RECORDED TODAY.
  LIGHT SNOW
  HAZE


RELATIVE HUMIDITY (PERCENT)
 HIGHEST    74           800 AM
 LOWEST     60           300 PM
 AVERAGE    67

..........................................................


THE MUSKEGON MI CLIMATE NORMALS FOR TOMORROW
                         NORMAL    RECORD    YEAR
 MAXIMUM TEMPERATURE (F)   32        67      1999
 MINIMUM TEMPERATURE (F)   21       -30      1899


SUNRISE AND SUNSET
FEBRUARY 10 2018......SUNRISE   749 AM EST   SUNSET   609 PM EST
FEBRUARY 11 2018......SUNRISE   748 AM EST   SUNSET   611 PM EST


-  INDICATES NEGATIVE NUMBERS.
R  INDICATES RECORD WAS SET OR TIED.
MM INDICATES DATA IS MISSING.
T  INDICATES TRACE AMOUNT.




$$

JAM
