000
CDUS43 KGRR 290531
CLIMKG


CLIMATE REPORT
NATIONAL WEATHER SERVICE GRAND RAPIDS, MI
130 AM EDT TUE JUL 29 2014


...................................

...THE MUSKEGON MI CLIMATE SUMMARY FOR JULY 28 2014...

CLIMATE NORMAL PERIOD 1981 TO 2010
CLIMATE RECORD PERIOD 1895 TO 2014


WEATHER ITEM   OBSERVED TIME   RECORD YEAR NORMAL DEPARTURE LAST
                VALUE   (LST)  VALUE       VALUE  FROM      YEAR
                                                  NORMAL
..................................................................
TEMPERATURE (F)
 YESTERDAY
  MAXIMUM         69    309 PM  91    1941  80    -11       68
                                      1916
  MINIMUM         50   1159 PM  47    1978  62    -12       55
  AVERAGE         60                        71    -11       62

PRECIPITATION (IN)
  YESTERDAY        0.00          1.53 1993   0.09  -0.09     0.66
  MONTH TO DATE    3.73                      2.11   1.62     2.14
  SINCE JUN 1     10.75                      4.66   6.09     6.47
  SINCE JAN 1     24.05                     16.93   7.12    29.16

SNOWFALL (IN)
  YESTERDAY        0.0          MM      MM   0.0    0.0      0.0
  MONTH TO DATE    0.0                       0.0    0.0      0.0
  SINCE JUN 1      0.0                       0.0    0.0      0.0
  SINCE JUL 1      0.0                       0.0    0.0      0.0
  SNOW DEPTH       0

DEGREE DAYS
 HEATING
  YESTERDAY        5                         0      5        3
  MONTH TO DATE   23                         4     19       12
  SINCE JUN 1     54                        70    -16       64
  SINCE JUL 1     23                         4     19       12

 COOLING
  YESTERDAY        0                         7     -7        0
  MONTH TO DATE   74                       187   -113      215
  SINCE JUN 1    209                       292    -83      315
  SINCE JAN 1    226                       321    -95      375
..................................................................


WIND (MPH)
  RESULTANT WIND SPEED  10   RESULTANT WIND DIRECTION  NW (330)
  HIGHEST WIND SPEED    17   HIGHEST WIND DIRECTION     N (340)
  HIGHEST GUST SPEED    23   HIGHEST GUST DIRECTION     N (350)
  AVERAGE WIND SPEED    10.6


SKY COVER
  AVERAGE SKY COVER 0.6


WEATHER CONDITIONS
 THE FOLLOWING WEATHER WAS RECORDED YESTERDAY.
  NO SIGNIFICANT WEATHER WAS OBSERVED.


RELATIVE HUMIDITY (PERCENT)
 HIGHEST    89          1100 PM
 LOWEST     49           300 PM
 AVERAGE    69

..........................................................


THE MUSKEGON MI CLIMATE NORMALS FOR TODAY
                         NORMAL    RECORD    YEAR
 MAXIMUM TEMPERATURE (F)   80        95      1916
 MINIMUM TEMPERATURE (F)   62        48      1971
                                             1956
                                             1952


SUNRISE AND SUNSET
JULY 29 2014..........SUNRISE   632 AM EDT   SUNSET   910 PM EDT
JULY 30 2014..........SUNRISE   633 AM EDT   SUNSET   909 PM EDT


-  INDICATES NEGATIVE NUMBERS.
R  INDICATES RECORD WAS SET OR TIED.
MM INDICATES DATA IS MISSING.
T  INDICATES TRACE AMOUNT.




$$
