168
CDUS43 KGRR 060521
CLIMKG


CLIMATE REPORT
NATIONAL WEATHER SERVICE GRAND RAPIDS, MI
1220 AM EST TUE DEC 6 2016


...................................

...THE MUSKEGON MI CLIMATE SUMMARY FOR DECEMBER 5 2016...

CLIMATE NORMAL PERIOD 1981 TO 2010
CLIMATE RECORD PERIOD 1896 TO 2016


WEATHER ITEM   OBSERVED TIME   RECORD YEAR NORMAL DEPARTURE LAST
                VALUE   (LST)  VALUE       VALUE  FROM      YEAR
                                                  NORMAL
..................................................................
TEMPERATURE (F)
 YESTERDAY
  MAXIMUM         44    344 PM  63    2001  38      6       45
  MINIMUM         32   1159 PM  10    1926  28      4       32
  AVERAGE         38                        33      5       39

PRECIPITATION (IN)
  YESTERDAY        0.00          1.02 1999   0.09  -0.09     0.00
  MONTH TO DATE    0.46                      0.48  -0.02     0.53
  SINCE DEC 1      0.46                      0.48  -0.02     0.53
  SINCE JAN 1     37.79                     31.42   6.37    32.02

SNOWFALL (IN)
  YESTERDAY        0.0           8.9  1991   0.7   -0.7      0.0
  MONTH TO DATE    1.0                       3.5   -2.5       T
  SINCE DEC 1      1.0                       3.5   -2.5       T
  SINCE JUL 1      2.0                       9.7   -7.7      3.9
  SNOW DEPTH       2

DEGREE DAYS
 HEATING
  YESTERDAY       27                        32     -5       26
  MONTH TO DATE  133                       157    -24      127
  SINCE DEC 1    133                       157    -24      127
  SINCE JUL 1   1038                      1524   -486     1194

 COOLING
  YESTERDAY        0                         0      0        0
  MONTH TO DATE    0                         0      0        0
  SINCE DEC 1      0                         0      0        0
  SINCE JAN 1    774                       566    208      570
..................................................................


WIND (MPH)
  RESULTANT WIND SPEED   8   RESULTANT WIND DIRECTION  SW (230)
  HIGHEST WIND SPEED    21   HIGHEST WIND DIRECTION     W (280)
  HIGHEST GUST SPEED    28   HIGHEST GUST DIRECTION     W (280)
  AVERAGE WIND SPEED    11.5


SKY COVER
  AVERAGE SKY COVER 0.9


WEATHER CONDITIONS
 THE FOLLOWING WEATHER WAS RECORDED YESTERDAY.
  NO SIGNIFICANT WEATHER WAS OBSERVED.


RELATIVE HUMIDITY (PERCENT)
 HIGHEST    89           900 PM
 LOWEST     65          1100 AM
 AVERAGE    77

..........................................................


THE MUSKEGON MI CLIMATE NORMALS FOR TODAY
                         NORMAL    RECORD    YEAR
 MAXIMUM TEMPERATURE (F)   38        63      1951
 MINIMUM TEMPERATURE (F)   28         8      1972


SUNRISE AND SUNSET
DECEMBER  6 2016......SUNRISE   803 AM EST   SUNSET   510 PM EST
DECEMBER  7 2016......SUNRISE   804 AM EST   SUNSET   510 PM EST


-  INDICATES NEGATIVE NUMBERS.
R  INDICATES RECORD WAS SET OR TIED.
MM INDICATES DATA IS MISSING.
T  INDICATES TRACE AMOUNT.




$$
