000
CDUS43 KGRR 080511
CLIMKG


CLIMATE REPORT
NATIONAL WEATHER SERVICE GRAND RAPIDS, MI
111 AM EDT TUE JUL 8 2014


...................................

...THE MUSKEGON MI CLIMATE SUMMARY FOR JULY 7 2014...

CLIMATE NORMAL PERIOD 1981 TO 2010
CLIMATE RECORD PERIOD 1895 TO 2014


WEATHER ITEM   OBSERVED TIME   RECORD YEAR NORMAL DEPARTURE LAST
                VALUE   (LST)  VALUE       VALUE  FROM      YEAR
                                                  NORMAL
..................................................................
TEMPERATURE (F)
 YESTERDAY
  MAXIMUM         81    259 PM  93    1988  80      1       82
                                      1897
  MINIMUM         66    710 AM  45    1984  61      5       70
                                      1983
  AVERAGE         74                        71      3       76

PRECIPITATION (IN)
  YESTERDAY        T             1.25 1902   0.07  -0.07      T
  MONTH TO DATE    0.20                      0.51  -0.31     0.45
  SINCE JUN 1      7.22                      3.06   4.16     4.78
  SINCE JAN 1     20.52                     15.33   5.19    27.47

SNOWFALL (IN)
  YESTERDAY        0.0          MM      MM   0.0    0.0      0.0
  MONTH TO DATE    0.0                       0.0    0.0      0.0
  SINCE JUN 1      0.0                       0.0    0.0      0.0
  SINCE JUL 1      0.0                       0.0    0.0      0.0
  SNOW DEPTH       0

DEGREE DAYS
 HEATING
  YESTERDAY        0                         0      0        0
  MONTH TO DATE    2                         4     -2        2
  SINCE JUN 1     33                        70    -37       54
  SINCE JUL 1      2                         4     -2        2

 COOLING
  YESTERDAY        9                         6      3       11
  MONTH TO DATE   20                        42    -22       41
  SINCE JUN 1    152                       147      5      141
  SINCE JAN 1    169                       176     -7      201
..................................................................


WIND (MPH)
  RESULTANT WIND SPEED   8   RESULTANT WIND DIRECTION  SW (240)
  HIGHEST WIND SPEED    22   HIGHEST WIND DIRECTION    SW (230)
  HIGHEST GUST SPEED    30   HIGHEST GUST DIRECTION    SW (230)
  AVERAGE WIND SPEED     9.3


SKY COVER
  AVERAGE SKY COVER 0.5


WEATHER CONDITIONS
 THE FOLLOWING WEATHER WAS RECORDED YESTERDAY.
  THUNDERSTORM
  LIGHT RAIN
  FOG
  FOG W/VISIBILITY <= 1/4 MILE
  HAZE


RELATIVE HUMIDITY (PERCENT)
 HIGHEST    93           800 AM
 LOWEST     48           500 PM
 AVERAGE    71

..........................................................


THE MUSKEGON MI CLIMATE NORMALS FOR TODAY
                         NORMAL    RECORD    YEAR
 MAXIMUM TEMPERATURE (F)   80        93      1911
 MINIMUM TEMPERATURE (F)   62        45      1984
                                             1934


SUNRISE AND SUNSET
JULY  8 2014..........SUNRISE   613 AM EDT   SUNSET   926 PM EDT
JULY  9 2014..........SUNRISE   614 AM EDT   SUNSET   926 PM EDT


-  INDICATES NEGATIVE NUMBERS.
R  INDICATES RECORD WAS SET OR TIED.
MM INDICATES DATA IS MISSING.
T  INDICATES TRACE AMOUNT.




$$
