000
CDUS43 KGRR 250516
CLIMKG


CLIMATE REPORT
NATIONAL WEATHER SERVICE GRAND RAPIDS, MI
116 AM EDT SAT JUL 25 2015


...................................

...THE MUSKEGON MI CLIMATE SUMMARY FOR JULY 24 2015...

CLIMATE NORMAL PERIOD 1981 TO 2010
CLIMATE RECORD PERIOD 1896 TO 2015


WEATHER ITEM   OBSERVED TIME   RECORD YEAR NORMAL DEPARTURE LAST
                VALUE   (LST)  VALUE       VALUE  FROM      YEAR
                                                  NORMAL
..................................................................
TEMPERATURE (F)
 YESTERDAY
  MAXIMUM         83    319 PM  93    1964  81      2       74
                                      1940
                                      1917
  MINIMUM         61    423 AM  43    1921  62     -1       54
  AVERAGE         72                        71      1       64

PRECIPITATION (IN)
  YESTERDAY        0.00          0.76 1899   0.08  -0.08     0.00
  MONTH TO DATE    5.05                      1.76   3.29     3.70
  SINCE JUN 1      8.35                      4.31   4.04    10.72
  SINCE JAN 1     20.78                     16.58   4.20    24.02

SNOWFALL (IN)
  YESTERDAY        0.0          MM      MM   0.0    0.0      0.0
  MONTH TO DATE    0.0                       0.0    0.0      0.0
  SINCE JUN 1      0.0                       0.0    0.0      0.0
  SINCE JUL 1      0.0                       0.0    0.0      0.0
  SNOW DEPTH       0

DEGREE DAYS
 HEATING
  YESTERDAY        0                         0      0        1
  MONTH TO DATE   15                         4     11       16
  SINCE JUN 1     48                        70    -22       47
  SINCE JUL 1     15                         4     11       16

 COOLING
  YESTERDAY        7                         7      0        0
  MONTH TO DATE   97                       159    -62       63
  SINCE JUN 1    160                       264   -104      198
  SINCE JAN 1    199                       293    -94      215
..................................................................


WIND (MPH)
  RESULTANT WIND SPEED   6   RESULTANT WIND DIRECTION  SW (210)
  HIGHEST WIND SPEED    15   HIGHEST WIND DIRECTION    SW (220)
  HIGHEST GUST SPEED    20   HIGHEST GUST DIRECTION    SW (220)
  AVERAGE WIND SPEED     6.5


SKY COVER
  AVERAGE SKY COVER 0.4


WEATHER CONDITIONS
 THE FOLLOWING WEATHER WAS RECORDED YESTERDAY.
  NO SIGNIFICANT WEATHER WAS OBSERVED.


RELATIVE HUMIDITY (PERCENT)
 HIGHEST    90           500 AM
 LOWEST     47           200 PM
 AVERAGE    69

..........................................................


THE MUSKEGON MI CLIMATE NORMALS FOR TODAY
                         NORMAL    RECORD    YEAR
 MAXIMUM TEMPERATURE (F)   80        94      1940
 MINIMUM TEMPERATURE (F)   62        47      1920


SUNRISE AND SUNSET
JULY 25 2015..........SUNRISE   628 AM EDT   SUNSET   914 PM EDT
JULY 26 2015..........SUNRISE   629 AM EDT   SUNSET   913 PM EDT


-  INDICATES NEGATIVE NUMBERS.
R  INDICATES RECORD WAS SET OR TIED.
MM INDICATES DATA IS MISSING.
T  INDICATES TRACE AMOUNT.




$$
