000
CDUS43 KGRR 210517
CLIMKG


CLIMATE REPORT
NATIONAL WEATHER SERVICE GRAND RAPIDS, MI
1217 AM EST SAT JAN 21 2017


...................................

...THE MUSKEGON MI CLIMATE SUMMARY FOR JANUARY 20 2017...

CLIMATE NORMAL PERIOD 1981 TO 2010
CLIMATE RECORD PERIOD 1896 TO 2017


WEATHER ITEM   OBSERVED TIME   RECORD YEAR NORMAL DEPARTURE LAST
                VALUE   (LST)  VALUE       VALUE  FROM      YEAR
                                                  NORMAL
..................................................................
TEMPERATURE (F)
 YESTERDAY
  MAXIMUM         39    107 AM  47    2006  30      9       23
  MINIMUM         36    922 AM  -4    2009  20     16       16
                                      1962
  AVERAGE         38                        25     13       20

PRECIPITATION (IN)
  YESTERDAY        0.30          1.14 1974   0.06   0.24     0.17
  MONTH TO DATE    2.51                      1.37   1.14     2.15
  SINCE DEC 1      4.73                      3.92   0.81     7.05
  SINCE JAN 1      2.51                      1.37   1.14     2.15

SNOWFALL (IN)
  YESTERDAY        0.0          10.0  1918   0.9   -0.9      5.0
                                      1916
  MONTH TO DATE   11.8                      18.0   -6.2     35.9
  SINCE DEC 1     32.2                      46.9  -14.7     40.8
  SINCE JUL 1     33.2                      53.1  -19.9     44.7
  SNOW DEPTH       0

DEGREE DAYS
 HEATING
  YESTERDAY       27                        40    -13       45
  MONTH TO DATE  749                       787    -38      792
  SINCE DEC 1   1809                      1866    -57     1565
  SINCE JUL 1   2714                      3233   -519     2632

 COOLING
  YESTERDAY        0                         0      0        0
  MONTH TO DATE    0                         0      0        0
  SINCE DEC 1      0                         0      0        0
  SINCE JAN 1      0                         0      0        0
..................................................................


WIND (MPH)
  RESULTANT WIND SPEED   5   RESULTANT WIND DIRECTION   E (90)
  HIGHEST WIND SPEED    13   HIGHEST WIND DIRECTION    NE (40)
  HIGHEST GUST SPEED    18   HIGHEST GUST DIRECTION    NE (50)
  AVERAGE WIND SPEED     5.9


SKY COVER
  AVERAGE SKY COVER 1.0


WEATHER CONDITIONS
 THE FOLLOWING WEATHER WAS RECORDED YESTERDAY.
  RAIN
  LIGHT RAIN
  FOG


RELATIVE HUMIDITY (PERCENT)
 HIGHEST   100           500 AM
 LOWEST     85          1200 AM
 AVERAGE    93

..........................................................


THE MUSKEGON MI CLIMATE NORMALS FOR TODAY
                         NORMAL    RECORD    YEAR
 MAXIMUM TEMPERATURE (F)   30        49      1997
 MINIMUM TEMPERATURE (F)   20        -5      1924


SUNRISE AND SUNSET
JANUARY 21 2017.......SUNRISE   810 AM EST   SUNSET   543 PM EST
JANUARY 22 2017.......SUNRISE   809 AM EST   SUNSET   544 PM EST


-  INDICATES NEGATIVE NUMBERS.
R  INDICATES RECORD WAS SET OR TIED.
MM INDICATES DATA IS MISSING.
T  INDICATES TRACE AMOUNT.




$$
