000
CDUS43 KGRR 132128
CLIMKG


CLIMATE REPORT
NATIONAL WEATHER SERVICE GRAND RAPIDS, MI
526 PM EDT THU JUL 13 2017


...................................

...THE MUSKEGON MI CLIMATE SUMMARY FOR JULY 13 2017...
VALID TODAY AS OF 0500 PM LOCAL TIME.

CLIMATE NORMAL PERIOD 1981 TO 2010
CLIMATE RECORD PERIOD 1896 TO 2017


WEATHER ITEM   OBSERVED TIME   RECORD YEAR NORMAL DEPARTURE LAST
                VALUE   (LST)  VALUE       VALUE  FROM      YEAR
                                                  NORMAL
..................................................................
TEMPERATURE (F)
 TODAY
  MAXIMUM         79   1208 PM  93    1995  81     -2       87
  MINIMUM         73    908 AM  45    1940  62     11       69
                                      1929
  AVERAGE         76                        71      5       78

PRECIPITATION (IN)
  TODAY            T             1.13 1981   0.07  -0.07     0.00
  MONTH TO DATE    1.14                      0.93   0.21     1.01
  SINCE JUN 1      4.78                      3.48   1.30     3.35
  SINCE JAN 1     19.26                     15.75   3.51    17.28

SNOWFALL (IN)
  TODAY            0.0          MM      MM   0.0    0.0      0.0
  MONTH TO DATE    0.0                       0.0    0.0      0.0
  SINCE JUN 1      0.0                       0.0    0.0      0.0
  SINCE JUL 1      0.0                       0.0    0.0      0.0
  SNOW DEPTH       0

DEGREE DAYS
 HEATING
  TODAY            0                         0      0        0
  MONTH TO DATE    0                         4     -4        8
  SINCE JUN 1     34                        70    -36       46
  SINCE JUL 1      0                         4     -4        8

 COOLING
  TODAY           11                         7      4       13
  MONTH TO DATE   90                        82      8       85
  SINCE JUN 1    220                       187     33      202
  SINCE JAN 1    242                       216     26      246
..................................................................


WIND (MPH)
  RESULTANT WIND SPEED   7   RESULTANT WIND DIRECTION   W (270)
  HIGHEST WIND SPEED    16   HIGHEST WIND DIRECTION    NW (320)
  HIGHEST GUST SPEED    24   HIGHEST GUST DIRECTION    NW (330)
  AVERAGE WIND SPEED     9.3


SKY COVER
  AVERAGE SKY COVER 0.9


WEATHER CONDITIONS
 THE FOLLOWING WEATHER WAS RECORDED TODAY.
  THUNDERSTORM
  LIGHT RAIN
  FOG


RELATIVE HUMIDITY (PERCENT)
 HIGHEST    93           300 AM
 LOWEST     64           400 PM
 AVERAGE    79

..........................................................


THE MUSKEGON MI CLIMATE NORMALS FOR TOMORROW
                         NORMAL    RECORD    YEAR
 MAXIMUM TEMPERATURE (F)   81        94      1995
 MINIMUM TEMPERATURE (F)   62        41      1950


SUNRISE AND SUNSET
JULY 13 2017..........SUNRISE   617 AM EDT   SUNSET   924 PM EDT
JULY 14 2017..........SUNRISE   618 AM EDT   SUNSET   923 PM EDT


-  INDICATES NEGATIVE NUMBERS.
R  INDICATES RECORD WAS SET OR TIED.
MM INDICATES DATA IS MISSING.
T  INDICATES TRACE AMOUNT.




$$

63
