000
CDUS43 KGRR 170511
CLIMKG


CLIMATE REPORT
NATIONAL WEATHER SERVICE GRAND RAPIDS, MI
111 AM EDT SUN AUG 17 2014


...................................

...THE MUSKEGON MI CLIMATE SUMMARY FOR AUGUST 16 2014...

CLIMATE NORMAL PERIOD 1981 TO 2010
CLIMATE RECORD PERIOD 1896 TO 2014


WEATHER ITEM   OBSERVED TIME   RECORD YEAR NORMAL DEPARTURE LAST
                VALUE   (LST)  VALUE       VALUE  FROM      YEAR
                                                  NORMAL
..................................................................
TEMPERATURE (F)
 YESTERDAY
  MAXIMUM         76    507 PM  95    1988  79     -3       77
  MINIMUM         62    505 AM  36    1979  61      1       53
  AVERAGE         69                        70     -1       65

PRECIPITATION (IN)
  YESTERDAY        0.08          3.28 1987   0.12  -0.04     0.00
  MONTH TO DATE    0.68                      1.73  -1.05     0.34
  SINCE JUN 1     11.43                      6.65   4.78     6.96
  SINCE JAN 1     24.73                     18.92   5.81    29.65

SNOWFALL (IN)
  YESTERDAY        0.0          MM      MM   0.0    0.0      0.0
  MONTH TO DATE    0.0                       0.0    0.0      0.0
  SINCE JUN 1      0.0                       0.0    0.0      0.0
  SINCE JUL 1      0.0                       0.0    0.0      0.0
  SNOW DEPTH       0

DEGREE DAYS
 HEATING
  YESTERDAY        0                         0      0        0
  MONTH TO DATE   17                         0     17       18
  SINCE JUN 1     79                        77      2       87
  SINCE JUL 1     48                        11     37       35

 COOLING
  YESTERDAY        4                         6     -2        0
  MONTH TO DATE   65                        96    -31       39
  SINCE JUN 1    274                       403   -129      357
  SINCE JAN 1    291                       432   -141      417
..................................................................


WIND (MPH)
  RESULTANT WIND SPEED   9   RESULTANT WIND DIRECTION  SW (220)
  HIGHEST WIND SPEED    18   HIGHEST WIND DIRECTION    SW (220)
  HIGHEST GUST SPEED    24   HIGHEST GUST DIRECTION    SW (210)
  AVERAGE WIND SPEED     8.9


SKY COVER
  AVERAGE SKY COVER 0.6


WEATHER CONDITIONS
 THE FOLLOWING WEATHER WAS RECORDED YESTERDAY.
  LIGHT RAIN
  FOG


RELATIVE HUMIDITY (PERCENT)
 HIGHEST    90           500 AM
 LOWEST     58          1200 AM
 AVERAGE    74

..........................................................


THE MUSKEGON MI CLIMATE NORMALS FOR TODAY
                         NORMAL    RECORD    YEAR
 MAXIMUM TEMPERATURE (F)   79        93      1988
 MINIMUM TEMPERATURE (F)   61        44      1954


SUNRISE AND SUNSET
AUGUST 17 2014........SUNRISE   653 AM EDT   SUNSET   844 PM EDT
AUGUST 18 2014........SUNRISE   654 AM EDT   SUNSET   843 PM EDT


-  INDICATES NEGATIVE NUMBERS.
R  INDICATES RECORD WAS SET OR TIED.
MM INDICATES DATA IS MISSING.
T  INDICATES TRACE AMOUNT.




$$
