000
CDUS43 KGRR 220517
CLIMKG


CLIMATE REPORT
NATIONAL WEATHER SERVICE GRAND RAPIDS, MI
116 AM EDT MON AUG 22 2016


...................................

...THE MUSKEGON MI CLIMATE SUMMARY FOR AUGUST 21 2016...

CLIMATE NORMAL PERIOD 1981 TO 2010
CLIMATE RECORD PERIOD 1896 TO 2016


WEATHER ITEM   OBSERVED TIME   RECORD YEAR NORMAL DEPARTURE LAST
                VALUE   (LST)  VALUE       VALUE  FROM      YEAR
                                                  NORMAL
..................................................................
TEMPERATURE (F)
 YESTERDAY
  MAXIMUM         73    412 PM  92    1955  79     -6       78
  MINIMUM         58   1131 PM  42    2004  61     -3       53
  AVERAGE         66                        70     -4       66

PRECIPITATION (IN)
  YESTERDAY        0.12          1.33 2013   0.11   0.01     0.00
  MONTH TO DATE    1.74                      2.28  -0.54     1.42
  SINCE JUN 1     10.10                      7.20   2.90     9.77
  SINCE JAN 1     24.03                     19.47   4.56    22.20

SNOWFALL (IN)
  YESTERDAY        0.0          MM      MM   0.0    0.0      0.0
  MONTH TO DATE    0.0                       0.0    0.0      0.0
  SINCE JUN 1      0.0                       0.0    0.0      0.0
  SINCE JUL 1      0.0                       0.0    0.0      0.0
  SNOW DEPTH       0

DEGREE DAYS
 HEATING
  YESTERDAY        0                         1     -1        0
  MONTH TO DATE    0                         4     -4        1
  SINCE JUN 1     47                        81    -34       49
  SINCE JUL 1      9                        15     -6       16

 COOLING
  YESTERDAY        1                         5     -4        1
  MONTH TO DATE  194                       122     72      155
  SINCE JUN 1    552                       429    123      395
  SINCE JAN 1    596                       458    138      434
..................................................................


WIND (MPH)
  RESULTANT WIND SPEED  11   RESULTANT WIND DIRECTION   W (290)
  HIGHEST WIND SPEED    20   HIGHEST WIND DIRECTION     W (280)
  HIGHEST GUST SPEED    27   HIGHEST GUST DIRECTION     W (290)
  AVERAGE WIND SPEED    10.6


SKY COVER
  AVERAGE SKY COVER 0.7


WEATHER CONDITIONS
 THE FOLLOWING WEATHER WAS RECORDED YESTERDAY.
  HEAVY RAIN
  LIGHT RAIN
  FOG


RELATIVE HUMIDITY (PERCENT)
 HIGHEST    87          1100 PM
 LOWEST     57           400 PM
 AVERAGE    72

..........................................................


THE MUSKEGON MI CLIMATE NORMALS FOR TODAY
                         NORMAL    RECORD    YEAR
 MAXIMUM TEMPERATURE (F)   78        92      1947
 MINIMUM TEMPERATURE (F)   61        42      1907


SUNRISE AND SUNSET
AUGUST 22 2016........SUNRISE   659 AM EDT   SUNSET   836 PM EDT
AUGUST 23 2016........SUNRISE   700 AM EDT   SUNSET   834 PM EDT


-  INDICATES NEGATIVE NUMBERS.
R  INDICATES RECORD WAS SET OR TIED.
MM INDICATES DATA IS MISSING.
T  INDICATES TRACE AMOUNT.




$$
