000
CDUS43 KGRR 030518
CLIMKG


CLIMATE REPORT
NATIONAL WEATHER SERVICE GRAND RAPIDS, MI
1217 AM EST WED FEB 3 2016


...................................

...THE MUSKEGON MI CLIMATE SUMMARY FOR FEBRUARY 2 2016...

CLIMATE NORMAL PERIOD 1981 TO 2010
CLIMATE RECORD PERIOD 1896 TO 2016


WEATHER ITEM   OBSERVED TIME   RECORD YEAR NORMAL DEPARTURE LAST
                VALUE   (LST)  VALUE       VALUE  FROM      YEAR
                                                  NORMAL
..................................................................
TEMPERATURE (F)
 YESTERDAY
  MAXIMUM         38    223 PM  44    1987  31      7       21
                                      1984
                                      1973
  MINIMUM         22    942 PM -10    1985  20      2        4
  AVERAGE         30                        25      5       13

PRECIPITATION (IN)
  YESTERDAY        1.25R         0.57 1968   0.05   1.20     0.03
  MONTH TO DATE    1.25                      0.11   1.14     0.47
  SINCE DEC 1      8.61                      4.69   3.92     3.91
  SINCE JAN 1      3.71                      2.14   1.57     2.19

SNOWFALL (IN)
  YESTERDAY        T            10.4  1978   0.8   -0.8      0.6
  MONTH TO DATE    T                         1.7   -1.7      6.6
  SINCE DEC 1     42.1                      58.6  -16.5     40.5
  SINCE JUL 1     46.0                      64.8  -18.8     65.0
  SNOW DEPTH       3

DEGREE DAYS
 HEATING
  YESTERDAY       35                        40     -5       52
  MONTH TO DATE   65                        80    -15       97
  SINCE DEC 1   2005                      2385   -380     2371
  SINCE JUL 1   3072                      3752   -680     3854

 COOLING
  YESTERDAY        0                         0      0        0
  MONTH TO DATE    0                         0      0        0
  SINCE DEC 1      0                         0      0        0
  SINCE JAN 1      0                         0      0        0
..................................................................


WIND (MPH)
  RESULTANT WIND SPEED  10   RESULTANT WIND DIRECTION   E (90)
  HIGHEST WIND SPEED    35   HIGHEST WIND DIRECTION     E (90)
  HIGHEST GUST SPEED    46   HIGHEST GUST DIRECTION     E (90)
  AVERAGE WIND SPEED    14.3


SKY COVER
  AVERAGE SKY COVER 0.8


WEATHER CONDITIONS
 THE FOLLOWING WEATHER WAS RECORDED YESTERDAY.
  THUNDERSTORM
  HEAVY RAIN
  RAIN
  LIGHT RAIN
  LIGHT SNOW
  FOG
  FOG W/VISIBILITY <= 1/4 MILE
  HAZE


RELATIVE HUMIDITY (PERCENT)
 HIGHEST    92           300 AM
 LOWEST     70           200 PM
 AVERAGE    81

..........................................................


THE MUSKEGON MI CLIMATE NORMALS FOR TODAY
                         NORMAL    RECORD    YEAR
 MAXIMUM TEMPERATURE (F)   31        46      1992
                                             1991
                                             1919
 MINIMUM TEMPERATURE (F)   20       -14      1996


SUNRISE AND SUNSET
FEBRUARY  3 2016......SUNRISE   759 AM EST   SUNSET   559 PM EST
FEBRUARY  4 2016......SUNRISE   758 AM EST   SUNSET   601 PM EST


-  INDICATES NEGATIVE NUMBERS.
R  INDICATES RECORD WAS SET OR TIED.
MM INDICATES DATA IS MISSING.
T  INDICATES TRACE AMOUNT.




$$

JAM
