000
CDUS43 KGRR 210517
CLIMKG


CLIMATE REPORT
NATIONAL WEATHER SERVICE GRAND RAPIDS, MI
116 AM EDT SUN AUG 21 2016


...................................

...THE MUSKEGON MI CLIMATE SUMMARY FOR AUGUST 20 2016...

CLIMATE NORMAL PERIOD 1981 TO 2010
CLIMATE RECORD PERIOD 1896 TO 2016


WEATHER ITEM   OBSERVED TIME   RECORD YEAR NORMAL DEPARTURE LAST
                VALUE   (LST)  VALUE       VALUE  FROM      YEAR
                                                  NORMAL
..................................................................
TEMPERATURE (F)
 YESTERDAY
  MAXIMUM         78    415 PM  94    1947  79     -1       68
  MINIMUM         69   1159 PM  42    1992  61      8       60
                                      1908
  AVERAGE         74                        70      4       64

PRECIPITATION (IN)
  YESTERDAY        0.62          3.30 1938   0.11   0.51     0.09
  MONTH TO DATE    1.62                      2.17  -0.55     1.42
  SINCE JUN 1      9.98                      7.09   2.89     9.77
  SINCE JAN 1     23.91                     19.36   4.55    22.20

SNOWFALL (IN)
  YESTERDAY        0.0          MM      MM   0.0    0.0      0.0
  MONTH TO DATE    0.0                       0.0    0.0      0.0
  SINCE JUN 1      0.0                       0.0    0.0      0.0
  SINCE JUL 1      0.0                       0.0    0.0      0.0
  SNOW DEPTH       0

DEGREE DAYS
 HEATING
  YESTERDAY        0                         1     -1        1
  MONTH TO DATE    0                         3     -3        1
  SINCE JUN 1     47                        80    -33       49
  SINCE JUL 1      9                        14     -5       16

 COOLING
  YESTERDAY        9                         5      4        0
  MONTH TO DATE  193                       117     76      154
  SINCE JUN 1    551                       424    127      394
  SINCE JAN 1    595                       453    142      433
..................................................................


WIND (MPH)
  RESULTANT WIND SPEED   6   RESULTANT WIND DIRECTION  SW (220)
  HIGHEST WIND SPEED    24   HIGHEST WIND DIRECTION     W (280)
  HIGHEST GUST SPEED    32   HIGHEST GUST DIRECTION     W (290)
  AVERAGE WIND SPEED    11.1


SKY COVER
  AVERAGE SKY COVER 0.7


WEATHER CONDITIONS
 THE FOLLOWING WEATHER WAS RECORDED YESTERDAY.
  THUNDERSTORM
  RAIN
  LIGHT RAIN
  FOG


RELATIVE HUMIDITY (PERCENT)
 HIGHEST    93          1200 AM
 LOWEST     66           900 PM
 AVERAGE    80

..........................................................


THE MUSKEGON MI CLIMATE NORMALS FOR TODAY
                         NORMAL    RECORD    YEAR
 MAXIMUM TEMPERATURE (F)   79        92      1955
 MINIMUM TEMPERATURE (F)   61        42      2004


SUNRISE AND SUNSET
AUGUST 21 2016........SUNRISE   658 AM EDT   SUNSET   837 PM EDT
AUGUST 22 2016........SUNRISE   659 AM EDT   SUNSET   836 PM EDT


-  INDICATES NEGATIVE NUMBERS.
R  INDICATES RECORD WAS SET OR TIED.
MM INDICATES DATA IS MISSING.
T  INDICATES TRACE AMOUNT.




$$
