000
CDUS43 KGRR 140525
CLIMKG


CLIMATE REPORT
NATIONAL WEATHER SERVICE GRAND RAPIDS, MI
1225 AM EST SUN DEC 14 2014


...................................

...THE MUSKEGON MI CLIMATE SUMMARY FOR DECEMBER 13 2014...

CLIMATE NORMAL PERIOD 1981 TO 2010
CLIMATE RECORD PERIOD 1896 TO 2014


WEATHER ITEM   OBSERVED TIME   RECORD YEAR NORMAL DEPARTURE LAST
                VALUE   (LST)  VALUE       VALUE  FROM      YEAR
                                                  NORMAL
..................................................................
TEMPERATURE (F)
 YESTERDAY
  MAXIMUM         43   1159 PM  60    1975  36      7       28
  MINIMUM         37    752 AM   1    1958  26     11       21
                                      1956
  AVERAGE         40                        31      9       25

PRECIPITATION (IN)
  YESTERDAY        0.02          0.50 1923   0.08  -0.06     0.00
  MONTH TO DATE    0.36                      1.20  -0.84     0.83
  SINCE DEC 1      0.36                      1.20  -0.84     0.83
  SINCE JAN 1     37.24                     32.14   5.10    41.89

SNOWFALL (IN)
  YESTERDAY        0.0           5.5  1962   1.1   -1.1      0.0
  MONTH TO DATE    1.1                      10.8   -9.7     10.8
  SINCE DEC 1      1.1                      10.8   -9.7     10.8
  SINCE JUL 1     25.6                      17.0    8.6     19.7
  SNOW DEPTH       0

DEGREE DAYS
 HEATING
  YESTERDAY       25                        34     -9       40
  MONTH TO DATE  434                       423     11      485
  SINCE DEC 1    434                       423     11      485
  SINCE JUL 1   1917                      1790    127     1756

 COOLING
  YESTERDAY        0                         0      0        0
  MONTH TO DATE    0                         0      0        0
  SINCE DEC 1      0                         0      0        0
  SINCE JAN 1    442                       566   -124      626
..................................................................


WIND (MPH)
  RESULTANT WIND SPEED   9   RESULTANT WIND DIRECTION  SW (240)
  HIGHEST WIND SPEED    15   HIGHEST WIND DIRECTION     W (250)
  HIGHEST GUST SPEED    20   HIGHEST GUST DIRECTION    SW (240)
  AVERAGE WIND SPEED     9.5


SKY COVER
  AVERAGE SKY COVER 1.0


WEATHER CONDITIONS
 THE FOLLOWING WEATHER WAS RECORDED YESTERDAY.
  LIGHT RAIN
  FOG
  FOG W/VISIBILITY <= 1/4 MILE


RELATIVE HUMIDITY (PERCENT)
 HIGHEST   100           300 PM
 LOWEST     82          1100 AM
 AVERAGE    91

..........................................................


THE MUSKEGON MI CLIMATE NORMALS FOR TODAY
                         NORMAL    RECORD    YEAR
 MAXIMUM TEMPERATURE (F)   35        57      1975
 MINIMUM TEMPERATURE (F)   26         1      1917


SUNRISE AND SUNSET
DECEMBER 14 2014......SUNRISE   809 AM EST   SUNSET   510 PM EST
DECEMBER 15 2014......SUNRISE   810 AM EST   SUNSET   510 PM EST


-  INDICATES NEGATIVE NUMBERS.
R  INDICATES RECORD WAS SET OR TIED.
MM INDICATES DATA IS MISSING.
T  INDICATES TRACE AMOUNT.




$$
