000
CDUS43 KGRR 150516
CLIMKG


CLIMATE REPORT
NATIONAL WEATHER SERVICE GRAND RAPIDS, MI
116 AM EDT THU JUN 15 2017


...................................

...THE MUSKEGON MI CLIMATE SUMMARY FOR JUNE 14 2017...

CLIMATE NORMAL PERIOD 1981 TO 2010
CLIMATE RECORD PERIOD 1896 TO 2017


WEATHER ITEM   OBSERVED TIME   RECORD YEAR NORMAL DEPARTURE LAST
                VALUE   (LST)  VALUE       VALUE  FROM      YEAR
                                                  NORMAL
..................................................................
TEMPERATURE (F)
 YESTERDAY
  MAXIMUM         90R   358 PM  89    2007  76     14       81
                                      2001
                                      1994
  MINIMUM         67    521 AM  39    1978  56     11       60
                                      1958
  AVERAGE         79                        66     13       71

PRECIPITATION (IN)
  YESTERDAY        0.16          2.11 1949   0.08   0.08     0.44
  MONTH TO DATE    0.59                      1.26  -0.67     0.99
  SINCE JUN 1      0.59                      1.26  -0.67     0.99
  SINCE JAN 1     15.07                     13.53   1.54    14.92

SNOWFALL (IN)
  YESTERDAY        0.0          MM      MM   0.0    0.0      0.0
  MONTH TO DATE    0.0                       0.0    0.0      0.0
  SINCE JUN 1      0.0                       0.0    0.0      0.0
  SINCE JUL 1     49.0                      93.7  -44.7     61.8
  SNOW DEPTH       0

DEGREE DAYS
 HEATING
  YESTERDAY        0                         2     -2        0
  MONTH TO DATE   15                        44    -29       33
  SINCE JUN 1     15                        44    -29       33
  SINCE JUL 1   5486                      6538  -1052     5652

 COOLING
  YESTERDAY       14                         3     11        6
  MONTH TO DATE   72                        32     40       34
  SINCE JUN 1     72                        32     40       34
  SINCE JAN 1     94                        61     33       78
..................................................................


WIND (MPH)
  RESULTANT WIND SPEED   7   RESULTANT WIND DIRECTION   S (170)
  HIGHEST WIND SPEED    36   HIGHEST WIND DIRECTION    SW (210)
  HIGHEST GUST SPEED    44   HIGHEST GUST DIRECTION    SW (210)
  AVERAGE WIND SPEED     9.3


SKY COVER
  AVERAGE SKY COVER 0.7


WEATHER CONDITIONS
 THE FOLLOWING WEATHER WAS RECORDED YESTERDAY.
  THUNDERSTORM
  RAIN
  LIGHT RAIN
  FOG


RELATIVE HUMIDITY (PERCENT)
 HIGHEST    97          1100 PM
 LOWEST     46          1100 AM
 AVERAGE    72

..........................................................


THE MUSKEGON MI CLIMATE NORMALS FOR TODAY
                         NORMAL    RECORD    YEAR
 MAXIMUM TEMPERATURE (F)   76        90      1987
                                             1954
 MINIMUM TEMPERATURE (F)   57        39      1997
                                             1914


SUNRISE AND SUNSET
JUNE 15 2017..........SUNRISE   605 AM EDT   SUNSET   927 PM EDT
JUNE 16 2017..........SUNRISE   605 AM EDT   SUNSET   927 PM EDT


-  INDICATES NEGATIVE NUMBERS.
R  INDICATES RECORD WAS SET OR TIED.
MM INDICATES DATA IS MISSING.
T  INDICATES TRACE AMOUNT.




$$
