000
CDUS43 KGRR 200514
CLIMKG


CLIMATE REPORT
NATIONAL WEATHER SERVICE GRAND RAPIDS, MI
114 AM EDT WED MAY 20 2015


...................................

...THE MUSKEGON MI CLIMATE SUMMARY FOR MAY 19 2015...

CLIMATE NORMAL PERIOD 1981 TO 2010
CLIMATE RECORD PERIOD 1896 TO 2015


WEATHER ITEM   OBSERVED TIME   RECORD YEAR NORMAL DEPARTURE LAST
                VALUE   (LST)  VALUE       VALUE  FROM      YEAR
                                                  NORMAL
..................................................................
TEMPERATURE (F)
 YESTERDAY
  MAXIMUM         52    952 AM  87    2013  68    -16       67
                                      1911
  MINIMUM         39   1159 PM  29    2002  48     -9       49
  AVERAGE         46                        58    -12       58

PRECIPITATION (IN)
  YESTERDAY        T             1.05 1960   0.11  -0.11     0.09
  MONTH TO DATE    2.28                      1.98   0.30     3.47
  SINCE MAR 1      8.13                      7.14   0.99     7.92
  SINCE JAN 1     11.42                     11.00   0.42    13.05

SNOWFALL (IN)
  YESTERDAY        0.0           0.0    MM   0.0    0.0      0.0
  MONTH TO DATE    0.0                       0.0    0.0      0.0
  SINCE MAR 1      4.0                      11.3   -7.3      9.1
  SINCE JUL 1     92.1                      93.7   -1.6    132.7
  SNOW DEPTH       0

DEGREE DAYS
 HEATING
  YESTERDAY       19                         8     11        7
  MONTH TO DATE  128                       199    -71      226
  SINCE MAR 1   1670                      1685    -15     1991
  SINCE JUL 1   6795                      6417    378     7131

 COOLING
  YESTERDAY        0                         1     -1        0
  MONTH TO DATE   22                        11     11        7
  SINCE MAR 1     22                        15      7        7
  SINCE JAN 1     22                        15      7        7
..................................................................


WIND (MPH)
  RESULTANT WIND SPEED  13   RESULTANT WIND DIRECTION  NW (330)
  HIGHEST WIND SPEED    23   HIGHEST WIND DIRECTION    NW (320)
  HIGHEST GUST SPEED    33   HIGHEST GUST DIRECTION    NW (330)
  AVERAGE WIND SPEED    13.8


SKY COVER
  AVERAGE SKY COVER 0.8


WEATHER CONDITIONS
 THE FOLLOWING WEATHER WAS RECORDED YESTERDAY.
  LIGHT RAIN
  FOG


RELATIVE HUMIDITY (PERCENT)
 HIGHEST    76           400 AM
 LOWEST     42           100 PM
 AVERAGE    59

..........................................................


THE MUSKEGON MI CLIMATE NORMALS FOR TODAY
                         NORMAL    RECORD    YEAR
 MAXIMUM TEMPERATURE (F)   68        90      2012
 MINIMUM TEMPERATURE (F)   48        30      1924
                                             1906


SUNRISE AND SUNSET
MAY 20 2015...........SUNRISE   617 AM EDT   SUNSET   907 PM EDT
MAY 21 2015...........SUNRISE   616 AM EDT   SUNSET   908 PM EDT


-  INDICATES NEGATIVE NUMBERS.
R  INDICATES RECORD WAS SET OR TIED.
MM INDICATES DATA IS MISSING.
T  INDICATES TRACE AMOUNT.




$$
