840
CDUS43 KGRR 182133
CLIMKG


CLIMATE REPORT
NATIONAL WEATHER SERVICE GRAND RAPIDS, MI
533 PM EDT SAT MAR 18 2017


...................................

...THE MUSKEGON MI CLIMATE SUMMARY FOR MARCH 18 2017...
VALID TODAY AS OF 0500 PM LOCAL TIME.

CLIMATE NORMAL PERIOD 1981 TO 2010
CLIMATE RECORD PERIOD 1896 TO 2017


WEATHER ITEM   OBSERVED TIME   RECORD YEAR NORMAL DEPARTURE LAST
                VALUE   (LST)  VALUE       VALUE  FROM      YEAR
                                                  NORMAL
..................................................................
TEMPERATURE (F)
 TODAY
  MAXIMUM         40    359 PM  73    2012  44     -4       44
  MINIMUM         36    924 AM   5    1967  27      9       32
  AVERAGE         38                        36      2       38

PRECIPITATION (IN)
  TODAY            0.07          0.89 1952   0.07   0.00      T
  MONTH TO DATE    0.62                      1.27  -0.65     1.20
  SINCE MAR 1      0.62                      1.27  -0.65     1.20
  SINCE JAN 1      6.32                      5.13   1.19     5.41

SNOWFALL (IN)
  TODAY            0.0           6.0  1914   0.3   -0.3       T
  MONTH TO DATE    4.5                       6.5   -2.0      4.9
  SINCE MAR 1      4.5                       6.5   -2.0      4.9
  SINCE JUL 1     49.0                      88.9  -39.9     59.4
  SNOW DEPTH       0

DEGREE DAYS
 HEATING
  TODAY           27                        29     -2       27
  MONTH TO DATE  594                       581     13      454
  SINCE MAR 1    594                       581     13      454
  SINCE JUL 1   4459                      5313   -854     4474

 COOLING
  TODAY            0                         0      0        0
  MONTH TO DATE    0                         0      0        0
  SINCE MAR 1      0                         0      0        0
  SINCE JAN 1      0                         0      0        0
..................................................................


WIND (MPH)
  RESULTANT WIND SPEED  10   RESULTANT WIND DIRECTION  NW (310)
  HIGHEST WIND SPEED    18   HIGHEST WIND DIRECTION    NW (320)
  HIGHEST GUST SPEED    25   HIGHEST GUST DIRECTION     W (290)
  AVERAGE WIND SPEED    10.4


SKY COVER
  AVERAGE SKY COVER 0.9


WEATHER CONDITIONS
 THE FOLLOWING WEATHER WAS RECORDED TODAY.
  LIGHT RAIN
  FOG


RELATIVE HUMIDITY (PERCENT)
 HIGHEST   100           200 AM
 LOWEST     79           300 PM
 AVERAGE    90

..........................................................


THE MUSKEGON MI CLIMATE NORMALS FOR TOMORROW
                         NORMAL    RECORD    YEAR
 MAXIMUM TEMPERATURE (F)   44        76      2012
 MINIMUM TEMPERATURE (F)   28        -1      1923


SUNRISE AND SUNSET
MARCH 18 2017.........SUNRISE   751 AM EDT   SUNSET   755 PM EDT
MARCH 19 2017.........SUNRISE   749 AM EDT   SUNSET   756 PM EDT


-  INDICATES NEGATIVE NUMBERS.
R  INDICATES RECORD WAS SET OR TIED.
MM INDICATES DATA IS MISSING.
T  INDICATES TRACE AMOUNT.




$$
