000
CDUS43 KGRR 130521
CLIMKG


CLIMATE REPORT
NATIONAL WEATHER SERVICE GRAND RAPIDS, MI
121 AM EDT SUN AUG 13 2017


...................................

...THE MUSKEGON MI CLIMATE SUMMARY FOR AUGUST 12 2017...

CLIMATE NORMAL PERIOD 1981 TO 2010
CLIMATE RECORD PERIOD 1896 TO 2017


WEATHER ITEM   OBSERVED TIME   RECORD YEAR NORMAL DEPARTURE LAST
                VALUE   (LST)  VALUE       VALUE  FROM      YEAR
                                                  NORMAL
..................................................................
TEMPERATURE (F)
 YESTERDAY
  MAXIMUM         76    332 PM  91    1993  79     -3       79
                                      1988
                                      1918
  MINIMUM         55   1142 PM  45    1979  62     -7       73
  AVERAGE         66                        71     -5       76

PRECIPITATION (IN)
  YESTERDAY        T             1.06 2007   0.11  -0.11     0.57
                                      2005
  MONTH TO DATE    0.66                      1.27  -0.61     0.57
  SINCE JUN 1      5.93                      6.19  -0.26     8.93
  SINCE JAN 1     20.41                     18.46   1.95    22.86

SNOWFALL (IN)
  YESTERDAY        0.0          MM      MM   0.0    0.0      0.0
  MONTH TO DATE    0.0                       0.0    0.0      0.0
  SINCE JUN 1      0.0                       0.0    0.0      0.0
  SINCE JUL 1      0.0                       0.0    0.0      0.0
  SNOW DEPTH       0

DEGREE DAYS
 HEATING
  YESTERDAY        0                         0      0        0
  MONTH TO DATE    1                         0      1        0
  SINCE JUN 1     35                        77    -42       47
  SINCE JUL 1      1                        11    -10        9

 COOLING
  YESTERDAY        1                         6     -5       11
  MONTH TO DATE   58                        72    -14      113
  SINCE JUN 1    399                       379     20      471
  SINCE JAN 1    421                       408     13      515
..................................................................


WIND (MPH)
  RESULTANT WIND SPEED   8   RESULTANT WIND DIRECTION  NW (320)
  HIGHEST WIND SPEED    18   HIGHEST WIND DIRECTION    NW (320)
  HIGHEST GUST SPEED    24   HIGHEST GUST DIRECTION     W (290)
  AVERAGE WIND SPEED     8.1


SKY COVER
  AVERAGE SKY COVER 0.6


WEATHER CONDITIONS
 THE FOLLOWING WEATHER WAS RECORDED YESTERDAY.
  LIGHT RAIN


RELATIVE HUMIDITY (PERCENT)
 HIGHEST    87          1200 AM
 LOWEST     53           600 PM
 AVERAGE    70

..........................................................


THE MUSKEGON MI CLIMATE NORMALS FOR TODAY
                         NORMAL    RECORD    YEAR
 MAXIMUM TEMPERATURE (F)   79        91      1940
 MINIMUM TEMPERATURE (F)   62        45      1954
                                             1950
                                             1941


SUNRISE AND SUNSET
AUGUST 13 2017........SUNRISE   649 AM EDT   SUNSET   850 PM EDT
AUGUST 14 2017........SUNRISE   650 AM EDT   SUNSET   849 PM EDT


-  INDICATES NEGATIVE NUMBERS.
R  INDICATES RECORD WAS SET OR TIED.
MM INDICATES DATA IS MISSING.
T  INDICATES TRACE AMOUNT.




$$
