000
CDUS43 KGRR 290515
CLIMKG


CLIMATE REPORT
NATIONAL WEATHER SERVICE GRAND RAPIDS, MI
114 AM EDT FRI AUG 29 2014


...................................

...THE MUSKEGON MI CLIMATE SUMMARY FOR AUGUST 28 2014...

CLIMATE NORMAL PERIOD 1981 TO 2010
CLIMATE RECORD PERIOD 1896 TO 2014


WEATHER ITEM   OBSERVED TIME   RECORD YEAR NORMAL DEPARTURE LAST
                VALUE   (LST)  VALUE       VALUE  FROM      YEAR
                                                  NORMAL
..................................................................
TEMPERATURE (F)
 YESTERDAY
  MAXIMUM         76    243 PM  91    1953  77     -1       87
                                      1899
  MINIMUM         52    633 AM  40    1941  59     -7       69
                                      1929
  AVERAGE         64                        68     -4       78

PRECIPITATION (IN)
  YESTERDAY        0.00          1.14 2004   0.12  -0.12     0.00
  MONTH TO DATE    1.92                      3.04  -1.12     1.88
  SINCE JUN 1     12.67                      7.96   4.71     8.50
  SINCE JAN 1     25.97                     20.23   5.74    31.19

SNOWFALL (IN)
  YESTERDAY        0.0          MM      MM   0.0    0.0      0.0
  MONTH TO DATE    0.0                       0.0    0.0      0.0
  SINCE JUN 1      0.0                       0.0    0.0      0.0
  SINCE JUL 1      0.0                       0.0    0.0      0.0
  SNOW DEPTH       0

DEGREE DAYS
 HEATING
  YESTERDAY        1                         1      0        0
  MONTH TO DATE   18                        11      7       18
  SINCE JUN 1     80                        88     -8       87
  SINCE JUL 1     49                        22     27       35

 COOLING
  YESTERDAY        0                         4     -4       13
  MONTH TO DATE  147                       155     -8      129
  SINCE JUN 1    356                       462   -106      447
  SINCE JAN 1    373                       491   -118      507
..................................................................


WIND (MPH)
  RESULTANT WIND SPEED   6   RESULTANT WIND DIRECTION   E (100)
  HIGHEST WIND SPEED    14   HIGHEST WIND DIRECTION     E (70)
  HIGHEST GUST SPEED    19   HIGHEST GUST DIRECTION     E (110)
  AVERAGE WIND SPEED     6.5


SKY COVER
  AVERAGE SKY COVER 0.4


WEATHER CONDITIONS
 THE FOLLOWING WEATHER WAS RECORDED YESTERDAY.
  NO SIGNIFICANT WEATHER WAS OBSERVED.


RELATIVE HUMIDITY (PERCENT)
 HIGHEST    86          1200 AM
 LOWEST     41           300 PM
 AVERAGE    64

..........................................................


THE MUSKEGON MI CLIMATE NORMALS FOR TODAY
                         NORMAL    RECORD    YEAR
 MAXIMUM TEMPERATURE (F)   77        94      1953
 MINIMUM TEMPERATURE (F)   59        38      1982


SUNRISE AND SUNSET
AUGUST 29 2014........SUNRISE   706 AM EDT   SUNSET   825 PM EDT
AUGUST 30 2014........SUNRISE   707 AM EDT   SUNSET   823 PM EDT


-  INDICATES NEGATIVE NUMBERS.
R  INDICATES RECORD WAS SET OR TIED.
MM INDICATES DATA IS MISSING.
T  INDICATES TRACE AMOUNT.




$$
