847
CDUS43 KGRR 010517
CLIMKG


CLIMATE REPORT
NATIONAL WEATHER SERVICE GRAND RAPIDS, MI
1217 AM EST MON FEB 1 2016


...................................

...THE MUSKEGON MI CLIMATE SUMMARY FOR JANUARY 31 2016...

CLIMATE NORMAL PERIOD 1981 TO 2010
CLIMATE RECORD PERIOD 1896 TO 2016


WEATHER ITEM   OBSERVED TIME   RECORD YEAR NORMAL DEPARTURE LAST
                VALUE   (LST)  VALUE       VALUE  FROM      YEAR
                                                  NORMAL
..................................................................
TEMPERATURE (F)
 YESTERDAY
  MAXIMUM         46   1249 PM  50    2012  31     15       34
  MINIMUM         36    820 AM -11    1918  20     16       19
  AVERAGE         41                        25     16       27

PRECIPITATION (IN)
  YESTERDAY        0.16          1.00 1908   0.06   0.10     0.00
  MONTH TO DATE    2.46                      2.03   0.43     1.72
  SINCE DEC 1      7.36                      4.58   2.78     3.44
  SINCE JAN 1      2.46                      2.03   0.43     1.72

SNOWFALL (IN)
  YESTERDAY        0.0           7.1  1962   0.9   -0.9      0.0
  MONTH TO DATE   37.2                      28.0    9.2     32.5
  SINCE DEC 1     42.1                      56.9  -14.8     33.9
  SINCE JUL 1     46.0                      63.1  -17.1     58.4
  SNOW DEPTH       5

DEGREE DAYS
 HEATING
  YESTERDAY       24                        40    -16       38
  MONTH TO DATE 1167                      1227    -60     1282
  SINCE DEC 1   1940                      2305   -365     2274
  SINCE JUL 1   3007                      3672   -665     3757

 COOLING
  YESTERDAY        0                         0      0        0
  MONTH TO DATE    0                         0      0        0
  SINCE DEC 1      0                         0      0        0
  SINCE JAN 1      0                         0      0        0
..................................................................


WIND (MPH)
  RESULTANT WIND SPEED   2   RESULTANT WIND DIRECTION   S (200)
  HIGHEST WIND SPEED    16   HIGHEST WIND DIRECTION    NW (310)
  HIGHEST GUST SPEED    22   HIGHEST GUST DIRECTION    NW (320)
  AVERAGE WIND SPEED     7.2


SKY COVER
  AVERAGE SKY COVER 0.9


WEATHER CONDITIONS
 THE FOLLOWING WEATHER WAS RECORDED YESTERDAY.
  RAIN
  LIGHT RAIN
  FOG
  FOG W/VISIBILITY <= 1/4 MILE
  HAZE


RELATIVE HUMIDITY (PERCENT)
 HIGHEST    92           100 PM
 LOWEST     79          1200 AM
 AVERAGE    86

..........................................................


THE MUSKEGON MI CLIMATE NORMALS FOR TODAY
                         NORMAL    RECORD    YEAR
 MAXIMUM TEMPERATURE (F)   31        52      1968
 MINIMUM TEMPERATURE (F)   20       -22      1918


SUNRISE AND SUNSET
FEBRUARY  1 2016......SUNRISE   801 AM EST   SUNSET   557 PM EST
FEBRUARY  2 2016......SUNRISE   800 AM EST   SUNSET   558 PM EST


-  INDICATES NEGATIVE NUMBERS.
R  INDICATES RECORD WAS SET OR TIED.
MM INDICATES DATA IS MISSING.
T  INDICATES TRACE AMOUNT.




$$
