000
CDUS43 KGRR 220542
CLIMKG


CLIMATE REPORT
NATIONAL WEATHER SERVICE GRAND RAPIDS, MI
1239 AM EST SUN FEB 22 2015


...................................

...THE MUSKEGON MI CLIMATE SUMMARY FOR FEBRUARY 21 2015...

CLIMATE NORMAL PERIOD 1981 TO 2010
CLIMATE RECORD PERIOD 1896 TO 2015


WEATHER ITEM   OBSERVED TIME   RECORD YEAR NORMAL DEPARTURE LAST
                VALUE   (LST)  VALUE       VALUE  FROM      YEAR
                                                  NORMAL
..................................................................
TEMPERATURE (F)
 YESTERDAY
  MAXIMUM         27    717 PM  58    1930  35     -8       37
  MINIMUM         16    306 AM -10    1936  22     -6       26
  AVERAGE         22                        28     -6       32

PRECIPITATION (IN)
  YESTERDAY        T             1.44 1997   0.06  -0.06     0.05
  MONTH TO DATE    1.44                      1.31   0.13     1.74
  SINCE DEC 1      4.88                      5.89  -1.01     7.76
  SINCE JAN 1      3.16                      3.34  -0.18     5.06

SNOWFALL (IN)
  YESTERDAY        T             8.0  2009   0.6   -0.6      1.0
  MONTH TO DATE   26.8                      15.4   11.4     25.2
  SINCE DEC 1     60.7                      72.3  -11.6    112.8
  SINCE JUL 1     85.2                      78.5    6.7    121.7
  SNOW DEPTH      19

DEGREE DAYS
 HEATING
  YESTERDAY       43                        37      6       33
  MONTH TO DATE  999                       810    189      951
  SINCE DEC 1   3273                      3115    158     3523
  SINCE JUL 1   4756                      4482    274     4794

 COOLING
  YESTERDAY        0                         0      0        0
  MONTH TO DATE    0                         0      0        0
  SINCE DEC 1      0                         0      0        0
  SINCE JAN 1      0                         0      0        0
..................................................................


WIND (MPH)
  RESULTANT WIND SPEED   5   RESULTANT WIND DIRECTION   S (160)
  HIGHEST WIND SPEED    12   HIGHEST WIND DIRECTION     S (160)
  HIGHEST GUST SPEED    16   HIGHEST GUST DIRECTION    SE (150)
  AVERAGE WIND SPEED     5.8


SKY COVER
  AVERAGE SKY COVER 1.0


WEATHER CONDITIONS
 THE FOLLOWING WEATHER WAS RECORDED YESTERDAY.
  LIGHT SNOW
  FOG
  HAZE


RELATIVE HUMIDITY (PERCENT)
 HIGHEST    84          1100 AM
 LOWEST     67           200 AM
 AVERAGE    76

..........................................................


THE MUSKEGON MI CLIMATE NORMALS FOR TODAY
                         NORMAL    RECORD    YEAR
 MAXIMUM TEMPERATURE (F)   35        55      1930
 MINIMUM TEMPERATURE (F)   22       -16      1936


SUNRISE AND SUNSET
FEBRUARY 22 2015......SUNRISE   733 AM EST   SUNSET   625 PM EST
FEBRUARY 23 2015......SUNRISE   731 AM EST   SUNSET   626 PM EST


-  INDICATES NEGATIVE NUMBERS.
R  INDICATES RECORD WAS SET OR TIED.
MM INDICATES DATA IS MISSING.
T  INDICATES TRACE AMOUNT.




$$
