000
CDUS43 KGRR 280517
CLIMKG


CLIMATE REPORT
NATIONAL WEATHER SERVICE GRAND RAPIDS, MI
113 AM EDT THU AUG 28 2014


...................................

...THE MUSKEGON MI CLIMATE SUMMARY FOR AUGUST 27 2014...

CLIMATE NORMAL PERIOD 1981 TO 2010
CLIMATE RECORD PERIOD 1896 TO 2014


WEATHER ITEM   OBSERVED TIME   RECORD YEAR NORMAL DEPARTURE LAST
                VALUE   (LST)  VALUE       VALUE  FROM      YEAR
                                                  NORMAL
..................................................................
TEMPERATURE (F)
 YESTERDAY
  MAXIMUM         77   1255 PM  91    1948  78     -1       84
  MINIMUM         57   1147 PM  40    1915  59     -2       74
  AVERAGE         67                        68     -1       79

PRECIPITATION (IN)
  YESTERDAY        0.00          2.80 1921   0.11  -0.11     0.19
  MONTH TO DATE    1.92                      2.92  -1.00     1.88
  SINCE JUN 1     12.67                      7.84   4.83     8.50
  SINCE JAN 1     25.97                     20.11   5.86    31.19

SNOWFALL (IN)
  YESTERDAY        0.0          MM      MM   0.0    0.0      0.0
  MONTH TO DATE    0.0                       0.0    0.0      0.0
  SINCE JUN 1      0.0                       0.0    0.0      0.0
  SINCE JUL 1      0.0                       0.0    0.0      0.0
  SNOW DEPTH       0

DEGREE DAYS
 HEATING
  YESTERDAY        0                         1     -1        0
  MONTH TO DATE   17                        10      7       18
  SINCE JUN 1     79                        87     -8       87
  SINCE JUL 1     48                        21     27       35

 COOLING
  YESTERDAY        2                         4     -2       14
  MONTH TO DATE  147                       151     -4      116
  SINCE JUN 1    356                       458   -102      434
  SINCE JAN 1    373                       487   -114      494
..................................................................


WIND (MPH)
  RESULTANT WIND SPEED   3   RESULTANT WIND DIRECTION  NW (330)
  HIGHEST WIND SPEED    14   HIGHEST WIND DIRECTION    NW (320)
  HIGHEST GUST SPEED    18   HIGHEST GUST DIRECTION    NW (320)
  AVERAGE WIND SPEED     4.5


SKY COVER
  AVERAGE SKY COVER 0.5


WEATHER CONDITIONS
 THE FOLLOWING WEATHER WAS RECORDED YESTERDAY.
  NO SIGNIFICANT WEATHER WAS OBSERVED.


RELATIVE HUMIDITY (PERCENT)
 HIGHEST    90          1200 AM
 LOWEST     46           500 PM
 AVERAGE    68

..........................................................


THE MUSKEGON MI CLIMATE NORMALS FOR TODAY
                         NORMAL    RECORD    YEAR
 MAXIMUM TEMPERATURE (F)   77        91      1953
                                             1899
 MINIMUM TEMPERATURE (F)   59        40      1941
                                             1929


SUNRISE AND SUNSET
AUGUST 28 2014........SUNRISE   705 AM EDT   SUNSET   827 PM EDT
AUGUST 29 2014........SUNRISE   706 AM EDT   SUNSET   825 PM EDT


-  INDICATES NEGATIVE NUMBERS.
R  INDICATES RECORD WAS SET OR TIED.
MM INDICATES DATA IS MISSING.
T  INDICATES TRACE AMOUNT.




$$
