000
CDUS43 KGRR 130521
CLIMKG


CLIMATE REPORT
NATIONAL WEATHER SERVICE GRAND RAPIDS, MI
1220 AM EST FRI JAN 13 2017


...................................

...THE MUSKEGON MI CLIMATE SUMMARY FOR JANUARY 12 2017...

CLIMATE NORMAL PERIOD 1981 TO 2010
CLIMATE RECORD PERIOD 1896 TO 2017


WEATHER ITEM   OBSERVED TIME   RECORD YEAR NORMAL DEPARTURE LAST
                VALUE   (LST)  VALUE       VALUE  FROM      YEAR
                                                  NORMAL
..................................................................
TEMPERATURE (F)
 YESTERDAY
  MAXIMUM         33    205 PM  59    2005  31      2       24
  MINIMUM         22   1159 PM -21    1912  20      2       15
  AVERAGE         28                        26      2       20

PRECIPITATION (IN)
  YESTERDAY        T             1.56 1960   0.06  -0.06     0.31
  MONTH TO DATE    1.04                      0.85   0.19     1.39
  SINCE DEC 1      3.26                      3.40  -0.14     6.29
  SINCE JAN 1      1.04                      0.85   0.19     1.39

SNOWFALL (IN)
  YESTERDAY        T             8.0  1918   0.9   -0.9      6.1
  MONTH TO DATE   11.8                      10.8    1.0     16.4
  SINCE DEC 1     32.2                      39.7   -7.5     21.3
  SINCE JUL 1     33.2                      45.9  -12.7     25.2
  SNOW DEPTH       0

DEGREE DAYS
 HEATING
  YESTERDAY       37                        40     -3       45
  MONTH TO DATE  478                       467     11      437
  SINCE DEC 1   1538                      1546     -8     1210
  SINCE JUL 1   2443                      2913   -470     2277

 COOLING
  YESTERDAY        0                         0      0        0
  MONTH TO DATE    0                         0      0        0
  SINCE DEC 1      0                         0      0        0
  SINCE JAN 1      0                         0      0        0
..................................................................


WIND (MPH)
  RESULTANT WIND SPEED   9   RESULTANT WIND DIRECTION  NW (320)
  HIGHEST WIND SPEED    23   HIGHEST WIND DIRECTION     W (290)
  HIGHEST GUST SPEED    29   HIGHEST GUST DIRECTION    NW (300)
  AVERAGE WIND SPEED    10.6


SKY COVER
  AVERAGE SKY COVER 0.8


WEATHER CONDITIONS
 THE FOLLOWING WEATHER WAS RECORDED YESTERDAY.
  LIGHT SNOW
  FOG


RELATIVE HUMIDITY (PERCENT)
 HIGHEST    92          1200 AM
 LOWEST     46          1000 PM
 AVERAGE    69

..........................................................


THE MUSKEGON MI CLIMATE NORMALS FOR TODAY
                         NORMAL    RECORD    YEAR
 MAXIMUM TEMPERATURE (F)   31        52      1932
 MINIMUM TEMPERATURE (F)   20        -2      2015
                                             1912


SUNRISE AND SUNSET
JANUARY 13 2017.......SUNRISE   815 AM EST   SUNSET   533 PM EST
JANUARY 14 2017.......SUNRISE   814 AM EST   SUNSET   534 PM EST


-  INDICATES NEGATIVE NUMBERS.
R  INDICATES RECORD WAS SET OR TIED.
MM INDICATES DATA IS MISSING.
T  INDICATES TRACE AMOUNT.




$$

JAM
