568
CDUS43 KGRR 122130
CLIMKG


CLIMATE REPORT
NATIONAL WEATHER SERVICE GRAND RAPIDS, MI
529 PM EDT TUE MAY 12 2015


...................................

...THE MUSKEGON MI CLIMATE SUMMARY FOR MAY 12 2015...
VALID TODAY AS OF 0500 PM LOCAL TIME.

CLIMATE NORMAL PERIOD 1981 TO 2010
CLIMATE RECORD PERIOD 1896 TO 2015


WEATHER ITEM   OBSERVED TIME   RECORD YEAR NORMAL DEPARTURE LAST
                VALUE   (LST)  VALUE       VALUE  FROM      YEAR
                                                  NORMAL
..................................................................
TEMPERATURE (F)
 TODAY
  MAXIMUM         50    359 PM  83    2011  66    -16       78
  MINIMUM         45   1049 AM  32    1996  46     -1       59
                                      1951
                                      1946
  AVERAGE         48                        56     -8       69

PRECIPITATION (IN)
  TODAY            0.00          1.23 1999   0.10  -0.10     0.41
  MONTH TO DATE    1.93                      1.23   0.70     2.72
  SINCE MAR 1      7.78                      6.39   1.39     7.17
  SINCE JAN 1     11.07                     10.25   0.82    12.30

SNOWFALL (IN)
  TODAY            0.0           0.0    MM   0.0    0.0      0.0
  MONTH TO DATE    0.0                       0.0    0.0      0.0
  SINCE MAR 1      4.0                      11.3   -7.3      9.1
  SINCE JUL 1     92.1                      93.7   -1.6    132.7
  SNOW DEPTH       0

DEGREE DAYS
 HEATING
  TODAY           17                        10      7        0
  MONTH TO DATE   73                       137    -64      123
  SINCE MAR 1   1615                      1623     -8     1888
  SINCE JUL 1   6740                      6355    385     7028

 COOLING
  TODAY            0                         1     -1        4
  MONTH TO DATE   12                         4      8        7
  SINCE MAR 1     12                         8      4        7
  SINCE JAN 1     12                         8      4        7
..................................................................


WIND (MPH)
  RESULTANT WIND SPEED  14   RESULTANT WIND DIRECTION   W (250)
  HIGHEST WIND SPEED    22   HIGHEST WIND DIRECTION    SW (240)
  HIGHEST GUST SPEED    30   HIGHEST GUST DIRECTION    SW (240)
  AVERAGE WIND SPEED    14.9


SKY COVER
  AVERAGE SKY COVER 1.0


WEATHER CONDITIONS
 THE FOLLOWING WEATHER WAS RECORDED TODAY.
  NO SIGNIFICANT WEATHER WAS OBSERVED.


RELATIVE HUMIDITY (PERCENT)
 HIGHEST    76           500 AM
 LOWEST     66           400 PM
 AVERAGE    71

..........................................................


THE MUSKEGON MI CLIMATE NORMALS FOR TOMORROW
                         NORMAL    RECORD    YEAR
 MAXIMUM TEMPERATURE (F)   66        84      1982
 MINIMUM TEMPERATURE (F)   46        25      1996


SUNRISE AND SUNSET
MAY 12 2015...........SUNRISE   625 AM EDT   SUNSET   858 PM EDT
MAY 13 2015...........SUNRISE   624 AM EDT   SUNSET   859 PM EDT


-  INDICATES NEGATIVE NUMBERS.
R  INDICATES RECORD WAS SET OR TIED.
MM INDICATES DATA IS MISSING.
T  INDICATES TRACE AMOUNT.




$$

JAM
