000
CDUS43 KGRR 141351
CLIMKG


CLIMATE REPORT
NATIONAL WEATHER SERVICE GRAND RAPIDS, MI
950 AM EDT THU SEP 14 2017


...................................

...THE MUSKEGON MI CLIMATE SUMMARY FOR SEPTEMBER 14 2017...
VALID AS OF 0900 AM LOCAL TIME.

CLIMATE NORMAL PERIOD 1981 TO 2010
CLIMATE RECORD PERIOD 1896 TO 2017


WEATHER ITEM   OBSERVED TIME   RECORD YEAR NORMAL DEPARTURE LAST
                VALUE   (LST)  VALUE       VALUE  FROM      YEAR
                                                  NORMAL
..................................................................
TEMPERATURE (F)
 TODAY
  MAXIMUM         64    100 AM  87    1897  72     -8       75
  MINIMUM         59    643 AM  34    1919  53      6       58
  AVERAGE         62                        63     -1       67

PRECIPITATION (IN)
  TODAY            0.00          1.68 1961   0.13  -0.13      T
  MONTH TO DATE    0.79                      1.75  -0.96     4.52
  SINCE SEP 1      0.79                      1.75  -0.96     4.52
  SINCE JAN 1     21.95                     22.33  -0.38    29.67

SNOWFALL (IN)
  TODAY            0.0          MM      MM   0.0    0.0      0.0
  MONTH TO DATE    0.0                       0.0    0.0      0.0
  SINCE SEP 1      0.0                       0.0    0.0      0.0
  SINCE JUL 1      0.0                       0.0    0.0      0.0
  SNOW DEPTH       0

DEGREE DAYS
 HEATING
  TODAY            3                         4     -1        0
  MONTH TO DATE   71                        37     34        4
  SINCE SEP 1     71                        37     34        4
  SINCE JUL 1     84                        67     17       13

 COOLING
  TODAY            0                         2     -2        2
  MONTH TO DATE    2                        39    -37       68
  SINCE SEP 1      2                        39    -37       68
  SINCE JAN 1    496                       546    -50      732
..................................................................


WIND (MPH)
  RESULTANT WIND SPEED   1   RESULTANT WIND DIRECTION  SE (120)
  HIGHEST WIND SPEED     5   HIGHEST WIND DIRECTION    SE (130)
  HIGHEST GUST SPEED     6   HIGHEST GUST DIRECTION    SE (120)
  AVERAGE WIND SPEED     0.8


SKY COVER
  AVERAGE SKY COVER 0.9


WEATHER CONDITIONS
 THE FOLLOWING WEATHER WAS RECORDED TODAY.
  FOG
  FOG W/VISIBILITY <= 1/4 MILE


RELATIVE HUMIDITY (PERCENT)
 HIGHEST   100          1200 AM
 LOWEST     90           200 AM
 AVERAGE    95

..........................................................


THE MUSKEGON MI CLIMATE NORMALS FOR TOMORROW
                         NORMAL    RECORD    YEAR
 MAXIMUM TEMPERATURE (F)   72        86      1897
 MINIMUM TEMPERATURE (F)   53        38      1964


SUNRISE AND SUNSET
SEPTEMBER 14 2017.....SUNRISE   724 AM EDT   SUNSET   756 PM EDT
SEPTEMBER 15 2017.....SUNRISE   725 AM EDT   SUNSET   754 PM EDT


-  INDICATES NEGATIVE NUMBERS.
R  INDICATES RECORD WAS SET OR TIED.
MM INDICATES DATA IS MISSING.
T  INDICATES TRACE AMOUNT.




$$
