000
CDUS43 KGRR 202127
CLIMKG


CLIMATE REPORT
NATIONAL WEATHER SERVICE GRAND RAPIDS, MI
525 PM EDT SUN JUL 20 2014


...................................

...THE MUSKEGON MI CLIMATE SUMMARY FOR JULY 20 2014...
VALID TODAY AS OF 0500 PM LOCAL TIME.

CLIMATE NORMAL PERIOD 1981 TO 2010
CLIMATE RECORD PERIOD 1895 TO 2014


WEATHER ITEM   OBSERVED TIME   RECORD YEAR NORMAL DEPARTURE LAST
                VALUE   (LST)  VALUE       VALUE  FROM      YEAR
                                                  NORMAL
..................................................................
TEMPERATURE (F)
 TODAY
  MAXIMUM         79    150 PM  92    2011  81     -2       85
                                      1955
  MINIMUM         56    614 AM  44    1941  62     -6       66
  AVERAGE         68                        71     -3       76

PRECIPITATION (IN)
  TODAY            0.00          1.50 1912   0.08  -0.08     0.00
  MONTH TO DATE    2.49                      1.44   1.05     0.60
  SINCE JUN 1      9.51                      3.99   5.52     4.93
  SINCE JAN 1     22.81                     16.26   6.55    27.62

SNOWFALL (IN)
  TODAY            0.0          MM      MM   0.0    0.0      0.0
  MONTH TO DATE    0.0                       0.0    0.0      0.0
  SINCE JUN 1      0.0                       0.0    0.0      0.0
  SINCE JUL 1      0.0                       0.0    0.0      0.0
  SNOW DEPTH       0

DEGREE DAYS
 HEATING
  TODAY            0                         0      0        0
  MONTH TO DATE   15                         4     11        2
  SINCE JUN 1     46                        70    -24       54
  SINCE JUL 1     15                         4     11        2

 COOLING
  TODAY            3                         7     -4       11
  MONTH TO DATE   42                       131    -89      192
  SINCE JUN 1    177                       236    -59      292
  SINCE JAN 1    194                       265    -71      352
..................................................................


WIND (MPH)
  RESULTANT WIND SPEED   3   RESULTANT WIND DIRECTION  SW (210)
  HIGHEST WIND SPEED    10   HIGHEST WIND DIRECTION     W (250)
  HIGHEST GUST SPEED    13   HIGHEST GUST DIRECTION     S (200)
  AVERAGE WIND SPEED     4.5


SKY COVER
  AVERAGE SKY COVER 0.3


WEATHER CONDITIONS
 THE FOLLOWING WEATHER WAS RECORDED TODAY.
  FOG
  HAZE


RELATIVE HUMIDITY (PERCENT)
 HIGHEST    87           300 AM
 LOWEST     39           200 PM
 AVERAGE    63

..........................................................


THE MUSKEGON MI CLIMATE NORMALS FOR TOMORROW
                         NORMAL    RECORD    YEAR
 MAXIMUM TEMPERATURE (F)   81        95      1934
 MINIMUM TEMPERATURE (F)   62        43      1921


SUNRISE AND SUNSET
JULY 20 2014..........SUNRISE   623 AM EDT   SUNSET   919 PM EDT
JULY 21 2014..........SUNRISE   624 AM EDT   SUNSET   918 PM EDT


-  INDICATES NEGATIVE NUMBERS.
R  INDICATES RECORD WAS SET OR TIED.
MM INDICATES DATA IS MISSING.
T  INDICATES TRACE AMOUNT.




$$

JAM
