000
CDUS43 KGRR 082229
CLIMKG


CLIMATE REPORT
NATIONAL WEATHER SERVICE GRAND RAPIDS, MI
529 PM EST MON JAN 8 2018


...................................

...THE MUSKEGON MI CLIMATE SUMMARY FOR JANUARY 8 2018...
VALID TODAY AS OF 0500 PM LOCAL TIME.

CLIMATE NORMAL PERIOD 1981 TO 2010
CLIMATE RECORD PERIOD 1896 TO 2018


WEATHER ITEM   OBSERVED TIME   RECORD YEAR NORMAL DEPARTURE LAST
                VALUE   (LST)  VALUE       VALUE  FROM      YEAR
                                                  NORMAL
..................................................................
TEMPERATURE (F)
 TODAY
  MAXIMUM         41    214 AM  55    1965  31     10       21
  MINIMUM         32    546 AM  -3    1996  21     11       12
                                      1988
  AVERAGE         37                        26     11       17

PRECIPITATION (IN)
  TODAY            0.17          0.97 1937   0.07   0.10     0.06
  MONTH TO DATE    0.93                      0.58   0.35     0.46
  SINCE DEC 1      3.70                      3.13   0.57     2.68
  SINCE JAN 1      0.93                      0.58   0.35     0.46

SNOWFALL (IN)
  TODAY            1.2           8.0  2015   0.9    0.3      1.6
  MONTH TO DATE   11.5                       7.2    4.3      8.5
  SINCE DEC 1     63.2                      36.1   27.1     31.5
  SINCE JUL 1     63.2                      42.3   20.9     32.5
  SNOW DEPTH      15

DEGREE DAYS
 HEATING
  TODAY           28                        39    -11       48
  MONTH TO DATE  381                       310     71      342
  SINCE DEC 1   1575                      1389    186     1402
  SINCE JUL 1   2734                      2756    -22     2307

 COOLING
  TODAY            0                         0      0        0
  MONTH TO DATE    0                         0      0        0
  SINCE DEC 1      0                         0      0        0
  SINCE JAN 1      0                         0      0        0
..................................................................


WIND (MPH)
  RESULTANT WIND SPEED  14   RESULTANT WIND DIRECTION   W (250)
  HIGHEST WIND SPEED    26   HIGHEST WIND DIRECTION    SW (220)
  HIGHEST GUST SPEED    39   HIGHEST GUST DIRECTION    SW (220)
  AVERAGE WIND SPEED    14.4


SKY COVER
  AVERAGE SKY COVER 0.8


WEATHER CONDITIONS
 THE FOLLOWING WEATHER WAS RECORDED TODAY.
  LIGHT RAIN
  LIGHT SNOW
  FOG
  HAZE


RELATIVE HUMIDITY (PERCENT)
 HIGHEST    89           600 AM
 LOWEST     64           400 PM
 AVERAGE    77

..........................................................


THE MUSKEGON MI CLIMATE NORMALS FOR TOMORROW
                         NORMAL    RECORD    YEAR
 MAXIMUM TEMPERATURE (F)   31        48      1928
 MINIMUM TEMPERATURE (F)   20        -8      1977


SUNRISE AND SUNSET
JANUARY  8 2018.......SUNRISE   816 AM EST   SUNSET   527 PM EST
JANUARY  9 2018.......SUNRISE   816 AM EST   SUNSET   528 PM EST


-  INDICATES NEGATIVE NUMBERS.
R  INDICATES RECORD WAS SET OR TIED.
MM INDICATES DATA IS MISSING.
T  INDICATES TRACE AMOUNT.




$$
