000
CDUS43 KGRR 200517
CLIMKG


CLIMATE REPORT
NATIONAL WEATHER SERVICE GRAND RAPIDS, MI
117 AM EDT TUE SEP 20 2016


...................................

...THE MUSKEGON MI CLIMATE SUMMARY FOR SEPTEMBER 19 2016...

CLIMATE NORMAL PERIOD 1981 TO 2010
CLIMATE RECORD PERIOD 1896 TO 2016


WEATHER ITEM   OBSERVED TIME   RECORD YEAR NORMAL DEPARTURE LAST
                VALUE   (LST)  VALUE       VALUE  FROM      YEAR
                                                  NORMAL
..................................................................
TEMPERATURE (F)
 YESTERDAY
  MAXIMUM         80    359 PM  93    1932  70     10       70
  MINIMUM         57    637 AM  36    1979  52      5       51
  AVERAGE         69                        61      8       61

PRECIPITATION (IN)
  YESTERDAY        0.05          1.07 1988   0.14  -0.09     0.04
  MONTH TO DATE    4.84                      2.43   2.41     2.34
  SINCE SEP 1      4.84                      2.43   2.41     2.34
  SINCE JAN 1     29.99                     23.01   6.98    25.47

SNOWFALL (IN)
  YESTERDAY        0.0           T    1991   0.0    0.0      0.0
  MONTH TO DATE    0.0                       0.0    0.0      0.0
  SINCE SEP 1      0.0                       0.0    0.0      0.0
  SINCE JUL 1      0.0                       0.0    0.0      0.0
  SNOW DEPTH       0

DEGREE DAYS
 HEATING
  YESTERDAY        0                         5     -5        4
  MONTH TO DATE    4                        61    -57       25
  SINCE SEP 1      4                        61    -57       25
  SINCE JUL 1     13                        91    -78       57

 COOLING
  YESTERDAY        4                         1      3        0
  MONTH TO DATE   84                        46     38      105
  SINCE SEP 1     84                        46     38      105
  SINCE JAN 1    748                       553    195      559
..................................................................


WIND (MPH)
  RESULTANT WIND SPEED   8   RESULTANT WIND DIRECTION   S (190)
  HIGHEST WIND SPEED    20   HIGHEST WIND DIRECTION     S (190)
  HIGHEST GUST SPEED    26   HIGHEST GUST DIRECTION     S (200)
  AVERAGE WIND SPEED     8.8


SKY COVER
  AVERAGE SKY COVER 0.4


WEATHER CONDITIONS
 THE FOLLOWING WEATHER WAS RECORDED YESTERDAY.
  LIGHT RAIN


RELATIVE HUMIDITY (PERCENT)
 HIGHEST    93           100 AM
 LOWEST     51           400 PM
 AVERAGE    72

..........................................................


THE MUSKEGON MI CLIMATE NORMALS FOR TODAY
                         NORMAL    RECORD    YEAR
 MAXIMUM TEMPERATURE (F)   70        85      1908
 MINIMUM TEMPERATURE (F)   51        33      1956


SUNRISE AND SUNSET
SEPTEMBER 20 2016.....SUNRISE   731 AM EDT   SUNSET   745 PM EDT
SEPTEMBER 21 2016.....SUNRISE   732 AM EDT   SUNSET   743 PM EDT


-  INDICATES NEGATIVE NUMBERS.
R  INDICATES RECORD WAS SET OR TIED.
MM INDICATES DATA IS MISSING.
T  INDICATES TRACE AMOUNT.




$$
