000
CDUS43 KGRR 122131
CLIMKG


CLIMATE REPORT
NATIONAL WEATHER SERVICE GRAND RAPIDS, MI
525 PM EDT FRI MAY 12 2017


...................................

...THE MUSKEGON MI CLIMATE SUMMARY FOR MAY 12 2017...
VALID TODAY AS OF 0500 PM LOCAL TIME.

CLIMATE NORMAL PERIOD 1981 TO 2010
CLIMATE RECORD PERIOD 1896 TO 2017


WEATHER ITEM   OBSERVED TIME   RECORD YEAR NORMAL DEPARTURE LAST
                VALUE   (LST)  VALUE       VALUE  FROM      YEAR
                                                  NORMAL
..................................................................
TEMPERATURE (F)
 TODAY
  MAXIMUM         68   1056 AM  83    2011  66      2       68
  MINIMUM         45    550 AM  32    1996  46     -1       50
                                      1951
                                      1946
  AVERAGE         57                        56      1       59

PRECIPITATION (IN)
  TODAY            0.00          1.23 1999   0.10  -0.10     0.10
  MONTH TO DATE    0.52                      1.23  -0.71     1.38
  SINCE MAR 1      7.80                      6.39   1.41     8.72
  SINCE JAN 1     13.50                     10.25   3.25    12.93

SNOWFALL (IN)
  TODAY            0.0           0.0    MM   0.0    0.0      0.0
  MONTH TO DATE    0.0                       0.0    0.0      0.0
  SINCE MAR 1      4.5                      11.3   -6.8      7.3
  SINCE JUL 1     49.0                      93.7  -44.7     61.8
  SNOW DEPTH       0

DEGREE DAYS
 HEATING
  TODAY            8                        10     -2        6
  MONTH TO DATE  182                       137     45      141
  SINCE MAR 1   1509                      1623   -114     1485
  SINCE JUL 1   5374                      6355   -981     5505

 COOLING
  TODAY            0                         1     -1        0
  MONTH TO DATE    0                         4     -4        0
  SINCE MAR 1      5                         8     -3        0
  SINCE JAN 1      5                         8     -3        0
..................................................................


WIND (MPH)
  RESULTANT WIND SPEED   1   RESULTANT WIND DIRECTION   W (260)
  HIGHEST WIND SPEED    14   HIGHEST WIND DIRECTION     W (270)
  HIGHEST GUST SPEED    19   HIGHEST GUST DIRECTION    NW (300)
  AVERAGE WIND SPEED     5.6


SKY COVER
  AVERAGE SKY COVER 0.1


WEATHER CONDITIONS
 THE FOLLOWING WEATHER WAS RECORDED TODAY.
  NO SIGNIFICANT WEATHER WAS OBSERVED.


RELATIVE HUMIDITY (PERCENT)
 HIGHEST    76           400 AM
 LOWEST     37          1000 AM
 AVERAGE    57

..........................................................


THE MUSKEGON MI CLIMATE NORMALS FOR TOMORROW
                         NORMAL    RECORD    YEAR
 MAXIMUM TEMPERATURE (F)   66        84      1982
 MINIMUM TEMPERATURE (F)   46        25      1996


SUNRISE AND SUNSET
MAY 12 2017...........SUNRISE   624 AM EDT   SUNSET   859 PM EDT
MAY 13 2017...........SUNRISE   623 AM EDT   SUNSET   900 PM EDT


-  INDICATES NEGATIVE NUMBERS.
R  INDICATES RECORD WAS SET OR TIED.
MM INDICATES DATA IS MISSING.
T  INDICATES TRACE AMOUNT.




$$

63
