000
CDUS43 KGRR 240520
CLIMKG


CLIMATE REPORT
NATIONAL WEATHER SERVICE GRAND RAPIDS, MI
120 AM EDT WED JUN 24 2015


...................................

...THE MUSKEGON MI CLIMATE SUMMARY FOR JUNE 23 2015...

CLIMATE NORMAL PERIOD 1981 TO 2010
CLIMATE RECORD PERIOD 1896 TO 2015


WEATHER ITEM   OBSERVED TIME   RECORD YEAR NORMAL DEPARTURE LAST
                VALUE   (LST)  VALUE       VALUE  FROM      YEAR
                                                  NORMAL
..................................................................
TEMPERATURE (F)
 YESTERDAY
  MAXIMUM         74    521 PM  91    1923  78     -4       76
  MINIMUM         55   1155 PM  39    1918  59     -4       65
  AVERAGE         65                        68     -3       71

PRECIPITATION (IN)
  YESTERDAY        0.00          2.18 1994   0.08  -0.08     0.27
  MONTH TO DATE    2.97                      2.00   0.97     6.62
  SINCE JUN 1      2.97                      2.00   0.97     6.62
  SINCE JAN 1     15.40                     14.27   1.13    19.92

SNOWFALL (IN)
  YESTERDAY        0.0          MM      MM   0.0    0.0      0.0
  MONTH TO DATE    0.0                       0.0    0.0      0.0
  SINCE JUN 1      0.0                       0.0    0.0      0.0
  SINCE JUL 1     92.1                      93.7   -1.6    132.7
  SNOW DEPTH       0

DEGREE DAYS
 HEATING
  YESTERDAY        0                         1     -1        0
  MONTH TO DATE   29                        59    -30       31
  SINCE JUN 1     29                        59    -30       31
  SINCE JUL 1   6907                      6553    354     7195

 COOLING
  YESTERDAY        0                         5     -5        6
  MONTH TO DATE   47                        69    -22       72
  SINCE JUN 1     47                        69    -22       72
  SINCE JAN 1     86                        98    -12       89
..................................................................


WIND (MPH)
  RESULTANT WIND SPEED  11   RESULTANT WIND DIRECTION  NW (300)
  HIGHEST WIND SPEED    24   HIGHEST WIND DIRECTION    NW (320)
  HIGHEST GUST SPEED    30   HIGHEST GUST DIRECTION    NW (330)
  AVERAGE WIND SPEED    10.7


SKY COVER
  AVERAGE SKY COVER 0.2


WEATHER CONDITIONS
 THE FOLLOWING WEATHER WAS RECORDED YESTERDAY.
  NO SIGNIFICANT WEATHER WAS OBSERVED.


RELATIVE HUMIDITY (PERCENT)
 HIGHEST    93          1000 PM
 LOWEST     49           300 PM
 AVERAGE    71

..........................................................


THE MUSKEGON MI CLIMATE NORMALS FOR TODAY
                         NORMAL    RECORD    YEAR
 MAXIMUM TEMPERATURE (F)   78        94      1901
 MINIMUM TEMPERATURE (F)   59        40      1936


SUNRISE AND SUNSET
JUNE 24 2015..........SUNRISE   606 AM EDT   SUNSET   929 PM EDT
JUNE 25 2015..........SUNRISE   606 AM EDT   SUNSET   929 PM EDT


-  INDICATES NEGATIVE NUMBERS.
R  INDICATES RECORD WAS SET OR TIED.
MM INDICATES DATA IS MISSING.
T  INDICATES TRACE AMOUNT.




$$
