000
CDUS43 KGRR 152124
CLIMKG


CLIMATE REPORT
NATIONAL WEATHER SERVICE GRAND RAPIDS, MI
523 PM EDT SAT APR 15 2017


...................................

...THE MUSKEGON MI CLIMATE SUMMARY FOR APRIL 15 2017...
VALID TODAY AS OF 0500 PM LOCAL TIME.

CLIMATE NORMAL PERIOD 1981 TO 2010
CLIMATE RECORD PERIOD 1896 TO 2017


WEATHER ITEM   OBSERVED TIME   RECORD YEAR NORMAL DEPARTURE LAST
                VALUE   (LST)  VALUE       VALUE  FROM      YEAR
                                                  NORMAL
..................................................................
TEMPERATURE (F)
 TODAY
  MAXIMUM         76    334 PM  80    2002  56     20       70
  MINIMUM         53    315 AM  16    1943  37     16       37
  AVERAGE         65                        46     19       54

PRECIPITATION (IN)
  TODAY            0.06          1.48 1991   0.10  -0.04     0.00
  MONTH TO DATE    1.92                      1.45   0.47     1.08
  SINCE MAR 1      4.53                      3.70   0.83     6.02
  SINCE JAN 1     10.23                      7.56   2.67    10.23

SNOWFALL (IN)
  TODAY            0.0           3.0  1904   0.1   -0.1      0.0
  MONTH TO DATE    0.0                       1.9   -1.9      2.4
  SINCE MAR 1      4.5                      10.9   -6.4      7.3
  SINCE JUL 1     49.0                      93.3  -44.3     61.8
  SNOW DEPTH       0

DEGREE DAYS
 HEATING
  TODAY            0                        19    -19       11
  MONTH TO DATE  253                       321    -68      401
  SINCE MAR 1   1157                      1251    -94     1176
  SINCE JUL 1   5022                      5983   -961     5196

 COOLING
  TODAY            0                         0      0        0
  MONTH TO DATE    0                         0      0        0
  SINCE MAR 1      0                         0      0        0
  SINCE JAN 1      0                         0      0        0
..................................................................


WIND (MPH)
  RESULTANT WIND SPEED  14   RESULTANT WIND DIRECTION   S (190)
  HIGHEST WIND SPEED    26   HIGHEST WIND DIRECTION    SW (210)
  HIGHEST GUST SPEED    36   HIGHEST GUST DIRECTION     S (190)
  AVERAGE WIND SPEED    17.2


SKY COVER
  AVERAGE SKY COVER 0.8


WEATHER CONDITIONS
 THE FOLLOWING WEATHER WAS RECORDED TODAY.
  LIGHT RAIN


RELATIVE HUMIDITY (PERCENT)
 HIGHEST    93           500 AM
 LOWEST     46           300 PM
 AVERAGE    70

..........................................................


THE MUSKEGON MI CLIMATE NORMALS FOR TOMORROW
                         NORMAL    RECORD    YEAR
 MAXIMUM TEMPERATURE (F)   56        81      1976
 MINIMUM TEMPERATURE (F)   38        20      1907


SUNRISE AND SUNSET
APRIL 15 2017.........SUNRISE   702 AM EDT   SUNSET   828 PM EDT
APRIL 16 2017.........SUNRISE   701 AM EDT   SUNSET   829 PM EDT


-  INDICATES NEGATIVE NUMBERS.
R  INDICATES RECORD WAS SET OR TIED.
MM INDICATES DATA IS MISSING.
T  INDICATES TRACE AMOUNT.




$$
