000
CDUS43 KGRR 110512
CLIMKG


CLIMATE REPORT
NATIONAL WEATHER SERVICE GRAND RAPIDS, MI
1211 AM EST THU DEC 11 2014


...................................

...THE MUSKEGON MI CLIMATE SUMMARY FOR DECEMBER 10 2014...

CLIMATE NORMAL PERIOD 1981 TO 2010
CLIMATE RECORD PERIOD 1896 TO 2014


WEATHER ITEM   OBSERVED TIME   RECORD YEAR NORMAL DEPARTURE LAST
                VALUE   (LST)  VALUE       VALUE  FROM      YEAR
                                                  NORMAL
..................................................................
TEMPERATURE (F)
 YESTERDAY
  MAXIMUM         38    326 PM  61    1971  36      2       23
  MINIMUM         25   1159 PM   6    1932  27     -2       15
  AVERAGE         32                        32      0       19

PRECIPITATION (IN)
  YESTERDAY        0.00          1.82 1971   0.09  -0.09     0.03
  MONTH TO DATE    0.34                      0.94  -0.60     0.73
  SINCE DEC 1      0.34                      0.94  -0.60     0.73
  SINCE JAN 1     37.22                     31.88   5.34    41.79

SNOWFALL (IN)
  YESTERDAY        0.0           8.0  1977   0.9   -0.9      1.4
  MONTH TO DATE    1.1                       7.8   -6.7      7.3
  SINCE DEC 1      1.1                       7.8   -6.7      7.3
  SINCE JUL 1     25.6                      14.0   11.6     16.2
  SNOW DEPTH       0

DEGREE DAYS
 HEATING
  YESTERDAY       33                        33      0       46
  MONTH TO DATE  345                       321     24      352
  SINCE DEC 1    345                       321     24      352
  SINCE JUL 1   1828                      1688    140     1623

 COOLING
  YESTERDAY        0                         0      0        0
  MONTH TO DATE    0                         0      0        0
  SINCE DEC 1      0                         0      0        0
  SINCE JAN 1    442                       566   -124      626
..................................................................


WIND (MPH)
  RESULTANT WIND SPEED   7   RESULTANT WIND DIRECTION   N (0)
  HIGHEST WIND SPEED    14   HIGHEST WIND DIRECTION     N (350)
  HIGHEST GUST SPEED    17   HIGHEST GUST DIRECTION     N (350)
  AVERAGE WIND SPEED     8.1


SKY COVER
  AVERAGE SKY COVER 0.6


WEATHER CONDITIONS
 THE FOLLOWING WEATHER WAS RECORDED YESTERDAY.
  NO SIGNIFICANT WEATHER WAS OBSERVED.


RELATIVE HUMIDITY (PERCENT)
 HIGHEST    78           200 AM
 LOWEST     52           300 PM
 AVERAGE    65

..........................................................


THE MUSKEGON MI CLIMATE NORMALS FOR TODAY
                         NORMAL    RECORD    YEAR
 MAXIMUM TEMPERATURE (F)   36        60      1949
 MINIMUM TEMPERATURE (F)   27         2      1958


SUNRISE AND SUNSET
DECEMBER 11 2014......SUNRISE   807 AM EST   SUNSET   510 PM EST
DECEMBER 12 2014......SUNRISE   807 AM EST   SUNSET   510 PM EST


-  INDICATES NEGATIVE NUMBERS.
R  INDICATES RECORD WAS SET OR TIED.
MM INDICATES DATA IS MISSING.
T  INDICATES TRACE AMOUNT.




$$
