000
CDUS43 KGRR 130517
CLIMKG


CLIMATE REPORT
NATIONAL WEATHER SERVICE GRAND RAPIDS, MI
117 AM EDT SAT SEP 13 2014


...................................

...THE MUSKEGON MI CLIMATE SUMMARY FOR SEPTEMBER 12 2014...

CLIMATE NORMAL PERIOD 1981 TO 2010
CLIMATE RECORD PERIOD 1896 TO 2014


WEATHER ITEM   OBSERVED TIME   RECORD YEAR NORMAL DEPARTURE LAST
                VALUE   (LST)  VALUE       VALUE  FROM      YEAR
                                                  NORMAL
..................................................................
TEMPERATURE (F)
 YESTERDAY
  MAXIMUM         57    117 PM  92    1952  73    -16       77
  MINIMUM         47    614 AM  38    1958  54     -7       57
                                      1955
                                      1943
  AVERAGE         52                        64    -12       67

PRECIPITATION (IN)
  YESTERDAY        0.22          1.33 1951   0.13   0.09      T
  MONTH TO DATE    2.74                      1.49   1.25     0.76
  SINCE SEP 1      2.74                      1.49   1.25     0.76
  SINCE JAN 1     29.35                     22.07   7.28    32.01

SNOWFALL (IN)
  YESTERDAY       MM            MM      MM   0.0   MM        0.0
  MONTH TO DATE    0.0                       0.0    0.0      0.0
  SINCE SEP 1      0.0                       0.0    0.0      0.0
  SINCE JUL 1      0.0                       0.0    0.0      0.0
  SNOW DEPTH       0

DEGREE DAYS
 HEATING
  YESTERDAY       13                         3     10        0
  MONTH TO DATE   25                        29     -4        3
  SINCE SEP 1     25                        29     -4        3
  SINCE JUL 1     74                        59     15       38

 COOLING
  YESTERDAY        0                         2     -2        2
  MONTH TO DATE   44                        35      9       66
  SINCE SEP 1     44                        35      9       66
  SINCE JAN 1    440                       542   -102      605
..................................................................


WIND (MPH)
  RESULTANT WIND SPEED   5   RESULTANT WIND DIRECTION   N (20)
  HIGHEST WIND SPEED    10   HIGHEST WIND DIRECTION     E (70)
  HIGHEST GUST SPEED    14   HIGHEST GUST DIRECTION    NE (60)
  AVERAGE WIND SPEED     4.9


SKY COVER
  AVERAGE SKY COVER 0.8


WEATHER CONDITIONS
 THE FOLLOWING WEATHER WAS RECORDED YESTERDAY.
  LIGHT RAIN


RELATIVE HUMIDITY (PERCENT)
 HIGHEST    86          1200 AM
 LOWEST     59           200 PM
 AVERAGE    73

..........................................................


THE MUSKEGON MI CLIMATE NORMALS FOR TODAY
                         NORMAL    RECORD    YEAR
 MAXIMUM TEMPERATURE (F)   73        92      1952
 MINIMUM TEMPERATURE (F)   54        36      1946


SUNRISE AND SUNSET
SEPTEMBER 13 2014.....SUNRISE   722 AM EDT   SUNSET   759 PM EDT
SEPTEMBER 14 2014.....SUNRISE   723 AM EDT   SUNSET   757 PM EDT


-  INDICATES NEGATIVE NUMBERS.
R  INDICATES RECORD WAS SET OR TIED.
MM INDICATES DATA IS MISSING.
T  INDICATES TRACE AMOUNT.




$$
