000
CDUS43 KGRR 250526
CLIMKG


CLIMATE REPORT
NATIONAL WEATHER SERVICE GRAND RAPIDS, MI
1226 AM EST WED FEB 25 2015


...................................

...THE MUSKEGON MI CLIMATE SUMMARY FOR FEBRUARY 24 2015...

CLIMATE NORMAL PERIOD 1981 TO 2010
CLIMATE RECORD PERIOD 1896 TO 2015


WEATHER ITEM   OBSERVED TIME   RECORD YEAR NORMAL DEPARTURE LAST
                VALUE   (LST)  VALUE       VALUE  FROM      YEAR
                                                  NORMAL
..................................................................
TEMPERATURE (F)
 YESTERDAY
  MAXIMUM         31    832 PM  62    2002  36     -5       21
  MINIMUM         14    200 AM  -3    1924  22     -8       15
  AVERAGE         23                        29     -6       18

PRECIPITATION (IN)
  YESTERDAY        0.04          0.85 1949   0.07  -0.03      T
  MONTH TO DATE    1.56                      1.53   0.03     1.74
  SINCE DEC 1      5.00                      6.11  -1.11     7.76
  SINCE JAN 1      3.28                      3.56  -0.28     5.06

SNOWFALL (IN)
  YESTERDAY        0.9           6.3  1990   0.6    0.3      0.1
  MONTH TO DATE   29.5                      17.2   12.3     25.3
  SINCE DEC 1     63.4                      74.1  -10.7    112.9
  SINCE JUL 1     87.9                      80.3    7.6    121.8
  SNOW DEPTH      18

DEGREE DAYS
 HEATING
  YESTERDAY       42                        36      6       47
  MONTH TO DATE 1147                       919    228     1080
  SINCE DEC 1   3421                      3224    197     3652
  SINCE JUL 1   4904                      4591    313     4923

 COOLING
  YESTERDAY        0                         0      0        0
  MONTH TO DATE    0                         0      0        0
  SINCE DEC 1      0                         0      0        0
  SINCE JAN 1      0                         0      0        0
..................................................................


WIND (MPH)
  RESULTANT WIND SPEED  20   RESULTANT WIND DIRECTION  SW (230)
  HIGHEST WIND SPEED    32   HIGHEST WIND DIRECTION    SW (230)
  HIGHEST GUST SPEED    45   HIGHEST GUST DIRECTION    SW (220)
  AVERAGE WIND SPEED    20.8


SKY COVER
  AVERAGE SKY COVER 0.7


WEATHER CONDITIONS
 THE FOLLOWING WEATHER WAS RECORDED YESTERDAY.
  HEAVY SNOW
  SNOW
  LIGHT SNOW
  FOG
  FOG W/VISIBILITY <= 1/4 MILE
  HAZE
  BLOWING SNOW


RELATIVE HUMIDITY (PERCENT)
 HIGHEST    81           300 PM
 LOWEST     42           900 PM
 AVERAGE    62

..........................................................


THE MUSKEGON MI CLIMATE NORMALS FOR TODAY
                         NORMAL    RECORD    YEAR
 MAXIMUM TEMPERATURE (F)   36        60      2000
 MINIMUM TEMPERATURE (F)   23       -10      1904


SUNRISE AND SUNSET
FEBRUARY 25 2015......SUNRISE   728 AM EST   SUNSET   629 PM EST
FEBRUARY 26 2015......SUNRISE   726 AM EST   SUNSET   630 PM EST


-  INDICATES NEGATIVE NUMBERS.
R  INDICATES RECORD WAS SET OR TIED.
MM INDICATES DATA IS MISSING.
T  INDICATES TRACE AMOUNT.




$$
