000
CDUS43 KGRR 092126
CLIMKG


CLIMATE REPORT
NATIONAL WEATHER SERVICE GRAND RAPIDS, MI
525 PM EDT WED AUG 9 2017


...................................

...THE MUSKEGON MI CLIMATE SUMMARY FOR AUGUST 9 2017...
VALID TODAY AS OF 0500 PM LOCAL TIME.

CLIMATE NORMAL PERIOD 1981 TO 2010
CLIMATE RECORD PERIOD 1896 TO 2017


WEATHER ITEM   OBSERVED TIME   RECORD YEAR NORMAL DEPARTURE LAST
                VALUE   (LST)  VALUE       VALUE  FROM      YEAR
                                                  NORMAL
..................................................................
TEMPERATURE (F)
 TODAY
  MAXIMUM         82    207 PM  91    1970  80      2       85
  MINIMUM         62    600 AM  40    1964  62      0       59
  AVERAGE         72                        71      1       72

PRECIPITATION (IN)
  TODAY            0.00          0.83 1960   0.11  -0.11     0.00
                                      1906
  MONTH TO DATE    0.44                      0.94  -0.50     0.00
  SINCE JUN 1      5.71                      5.86  -0.15     8.36
  SINCE JAN 1     20.19                     18.13   2.06    22.29

SNOWFALL (IN)
  TODAY            0.0          MM      MM   0.0    0.0      0.0
  MONTH TO DATE    0.0                       0.0    0.0      0.0
  SINCE JUN 1      0.0                       0.0    0.0      0.0
  SINCE JUL 1      0.0                       0.0    0.0      0.0
  SNOW DEPTH       0

DEGREE DAYS
 HEATING
  TODAY            0                         0      0        0
  MONTH TO DATE    1                         0      1        0
  SINCE JUN 1     35                        77    -42       47
  SINCE JUL 1      1                        11    -10        9

 COOLING
  TODAY            7                         6      1        7
  MONTH TO DATE   43                        54    -11       76
  SINCE JUN 1    384                       361     23      434
  SINCE JAN 1    406                       390     16      478
..................................................................


WIND (MPH)
  RESULTANT WIND SPEED   6   RESULTANT WIND DIRECTION  SW (240)
  HIGHEST WIND SPEED    13   HIGHEST WIND DIRECTION    SW (240)
  HIGHEST GUST SPEED    19   HIGHEST GUST DIRECTION     W (260)
  AVERAGE WIND SPEED     5.9


SKY COVER
  AVERAGE SKY COVER 0.6


WEATHER CONDITIONS
 THE FOLLOWING WEATHER WAS RECORDED TODAY.
  NO SIGNIFICANT WEATHER WAS OBSERVED.


RELATIVE HUMIDITY (PERCENT)
 HIGHEST    93          1200 AM
 LOWEST     42           300 PM
 AVERAGE    68

..........................................................


THE MUSKEGON MI CLIMATE NORMALS FOR TOMORROW
                         NORMAL    RECORD    YEAR
 MAXIMUM TEMPERATURE (F)   80        95      1944
 MINIMUM TEMPERATURE (F)   62        47      1972


SUNRISE AND SUNSET
AUGUST  9 2017........SUNRISE   644 AM EDT   SUNSET   856 PM EDT
AUGUST 10 2017........SUNRISE   645 AM EDT   SUNSET   854 PM EDT


-  INDICATES NEGATIVE NUMBERS.
R  INDICATES RECORD WAS SET OR TIED.
MM INDICATES DATA IS MISSING.
T  INDICATES TRACE AMOUNT.




$$
