000
CDUS43 KGRR 232230
CLIMKG


CLIMATE REPORT
NATIONAL WEATHER SERVICE GRAND RAPIDS, MI
530 PM EST WED NOV 23 2016


...................................

...THE MUSKEGON MI CLIMATE SUMMARY FOR NOVEMBER 23 2016...
VALID TODAY AS OF 0500 PM LOCAL TIME.

CLIMATE NORMAL PERIOD 1981 TO 2010
CLIMATE RECORD PERIOD 1896 TO 2016


WEATHER ITEM   OBSERVED TIME   RECORD YEAR NORMAL DEPARTURE LAST
                VALUE   (LST)  VALUE       VALUE  FROM      YEAR
                                                  NORMAL
..................................................................
TEMPERATURE (F)
 TODAY
  MAXIMUM         38    459 PM  67    1999  43     -5       39
  MINIMUM         34    927 AM   4    1956  32      2       26
  AVERAGE         36                        37     -1       33

PRECIPITATION (IN)
  TODAY            0.17          1.24 1983   0.11   0.06     0.03
  MONTH TO DATE    0.80                      2.62  -1.82     1.53
  SINCE SEP 1     10.50                      9.62   0.88     6.67
  SINCE JAN 1     35.65                     30.20   5.45    29.80

SNOWFALL (IN)
  TODAY            0.0           4.3  1970   0.3   -0.3      0.5
  MONTH TO DATE    1.0                       3.4   -2.4      3.9
  SINCE SEP 1      1.0                       3.6   -2.6      3.9
  SINCE JUL 1      1.0                       3.6   -2.6      3.9
  SNOW DEPTH       0

DEGREE DAYS
 HEATING
  TODAY           29                        28      1       32
  MONTH TO DATE  411                       541   -130      397
  SINCE SEP 1    754                      1134   -380      855
  SINCE JUL 1    763                      1164   -401      887

 COOLING
  TODAY            0                         0      0        0
  MONTH TO DATE    0                         0      0        0
  SINCE SEP 1    110                        59     51      116
  SINCE JAN 1    774                       566    208      570
..................................................................


WIND (MPH)
  RESULTANT WIND SPEED  12   RESULTANT WIND DIRECTION   E (110)
  HIGHEST WIND SPEED    18   HIGHEST WIND DIRECTION     E (110)
  HIGHEST GUST SPEED    22   HIGHEST GUST DIRECTION     E (110)
  AVERAGE WIND SPEED    11.9


SKY COVER
  AVERAGE SKY COVER 1.0


WEATHER CONDITIONS
 THE FOLLOWING WEATHER WAS RECORDED TODAY.
  LIGHT RAIN
  FOG


RELATIVE HUMIDITY (PERCENT)
 HIGHEST    92          1100 AM
 LOWEST     59           300 AM
 AVERAGE    76

..........................................................


THE MUSKEGON MI CLIMATE NORMALS FOR TOMORROW
                         NORMAL    RECORD    YEAR
 MAXIMUM TEMPERATURE (F)   43        62      2001
 MINIMUM TEMPERATURE (F)   32        -8      1950


SUNRISE AND SUNSET
NOVEMBER 23 2016......SUNRISE   748 AM EST   SUNSET   514 PM EST
NOVEMBER 24 2016......SUNRISE   749 AM EST   SUNSET   514 PM EST


-  INDICATES NEGATIVE NUMBERS.
R  INDICATES RECORD WAS SET OR TIED.
MM INDICATES DATA IS MISSING.
T  INDICATES TRACE AMOUNT.




$$
