000
CDUS43 KGRR 090519
CLIMKG


CLIMATE REPORT
NATIONAL WEATHER SERVICE GRAND RAPIDS, MI
1219 AM EST THU FEB 9 2017


...................................

...THE MUSKEGON MI CLIMATE SUMMARY FOR FEBRUARY 8 2017...

CLIMATE NORMAL PERIOD 1981 TO 2010
CLIMATE RECORD PERIOD 1896 TO 2017


WEATHER ITEM   OBSERVED TIME   RECORD YEAR NORMAL DEPARTURE LAST
                VALUE   (LST)  VALUE       VALUE  FROM      YEAR
                                                  NORMAL
..................................................................
TEMPERATURE (F)
 YESTERDAY
  MAXIMUM         34   1201 AM  57    1990  32      2       43
                                      1900
  MINIMUM         20   1159 PM -16    1934  20      0       28
  AVERAGE         27                        26      1       36

PRECIPITATION (IN)
  YESTERDAY        T             1.04 2001   0.06  -0.06      T
  MONTH TO DATE    0.12                      0.46  -0.34     1.30
  SINCE DEC 1      5.37                      5.04   0.33     8.66
  SINCE JAN 1      3.15                      2.49   0.66     3.76

SNOWFALL (IN)
  YESTERDAY        T             5.3  1952   0.7   -0.7       T
  MONTH TO DATE    0.1                       6.3   -6.2      0.6
  SINCE DEC 1     37.9                      63.2  -25.3     42.7
  SINCE JUL 1     38.9                      69.4  -30.5     46.6
  SNOW DEPTH       0

DEGREE DAYS
 HEATING
  YESTERDAY       38                        39     -1       29
  MONTH TO DATE  299                       316    -17      258
  SINCE DEC 1   2437                      2621   -184     2198
  SINCE JUL 1   3342                      3988   -646     3265

 COOLING
  YESTERDAY        0                         0      0        0
  MONTH TO DATE    0                         0      0        0
  SINCE DEC 1      0                         0      0        0
  SINCE JAN 1      0                         0      0        0
..................................................................


WIND (MPH)
  RESULTANT WIND SPEED  11   RESULTANT WIND DIRECTION   N (340)
  HIGHEST WIND SPEED    20   HIGHEST WIND DIRECTION     N (340)
  HIGHEST GUST SPEED    28   HIGHEST GUST DIRECTION     W (290)
  AVERAGE WIND SPEED    10.4


SKY COVER
  AVERAGE SKY COVER 0.9


WEATHER CONDITIONS
 THE FOLLOWING WEATHER WAS RECORDED YESTERDAY.
  LT FREEZING RAIN
  LIGHT SNOW
  FOG


RELATIVE HUMIDITY (PERCENT)
 HIGHEST    85           100 AM
 LOWEST     58          1100 AM
 AVERAGE    72

..........................................................


THE MUSKEGON MI CLIMATE NORMALS FOR TODAY
                         NORMAL    RECORD    YEAR
 MAXIMUM TEMPERATURE (F)   32        53      1925
 MINIMUM TEMPERATURE (F)   20       -16      1934


SUNRISE AND SUNSET
FEBRUARY  9 2017......SUNRISE   750 AM EST   SUNSET   608 PM EST
FEBRUARY 10 2017......SUNRISE   749 AM EST   SUNSET   610 PM EST


-  INDICATES NEGATIVE NUMBERS.
R  INDICATES RECORD WAS SET OR TIED.
MM INDICATES DATA IS MISSING.
T  INDICATES TRACE AMOUNT.




$$
