000
CDUS43 KGRR 082224
CLIMKG


CLIMATE REPORT
NATIONAL WEATHER SERVICE GRAND RAPIDS, MI
524 PM EST WED NOV 8 2017


...................................

...THE MUSKEGON MI CLIMATE SUMMARY FOR NOVEMBER 8 2017...
VALID TODAY AS OF 0500 PM LOCAL TIME.

CLIMATE NORMAL PERIOD 1981 TO 2010
CLIMATE RECORD PERIOD 1896 TO 2017


WEATHER ITEM   OBSERVED TIME   RECORD YEAR NORMAL DEPARTURE LAST
                VALUE   (LST)  VALUE       VALUE  FROM      YEAR
                                                  NORMAL
..................................................................
TEMPERATURE (F)
 TODAY
  MAXIMUM         46    214 PM  71    2009  50     -4       59
  MINIMUM         24    243 AM  21    2003  36    -12       45
                                      1976
  AVERAGE         35                        43     -8       52

PRECIPITATION (IN)
  TODAY            0.00          0.72 1921   0.10  -0.10      T
  MONTH TO DATE    0.44                      0.92  -0.48     0.31
  SINCE SEP 1     10.51                      7.92   2.59    10.01
  SINCE JAN 1     31.67                     28.50   3.17    35.16

SNOWFALL (IN)
  TODAY            0.0           6.0  1921   0.1   -0.1      0.0
  MONTH TO DATE    T                         0.6   -0.6      0.0
  SINCE SEP 1      T                         0.8   -0.8      0.0
  SINCE JUL 1      T                         0.8   -0.8      0.0
  SNOW DEPTH       0

DEGREE DAYS
 HEATING
  TODAY           30                        22      8       13
  MONTH TO DATE  179                       167     12       94
  SINCE SEP 1    565                       760   -195      437
  SINCE JUL 1    578                       790   -212      446

 COOLING
  TODAY            0                         0      0        0
  MONTH TO DATE    0                         0      0        0
  SINCE SEP 1    121                        59     62      110
  SINCE JAN 1    615                       566     49      774
..................................................................


WIND (MPH)
  RESULTANT WIND SPEED   5   RESULTANT WIND DIRECTION  SW (230)
  HIGHEST WIND SPEED    17   HIGHEST WIND DIRECTION    SW (220)
  HIGHEST GUST SPEED    21   HIGHEST GUST DIRECTION    SW (220)
  AVERAGE WIND SPEED     5.6


SKY COVER
  AVERAGE SKY COVER 0.6


WEATHER CONDITIONS
 THE FOLLOWING WEATHER WAS RECORDED TODAY.
  NO SIGNIFICANT WEATHER WAS OBSERVED.


RELATIVE HUMIDITY (PERCENT)
 HIGHEST    92           100 AM
 LOWEST     53          1100 AM
 AVERAGE    73

..........................................................


THE MUSKEGON MI CLIMATE NORMALS FOR TOMORROW
                         NORMAL    RECORD    YEAR
 MAXIMUM TEMPERATURE (F)   49        66      1949
 MINIMUM TEMPERATURE (F)   36        20      2003


SUNRISE AND SUNSET
NOVEMBER  8 2017......SUNRISE   729 AM EST   SUNSET   528 PM EST
NOVEMBER  9 2017......SUNRISE   730 AM EST   SUNSET   527 PM EST


-  INDICATES NEGATIVE NUMBERS.
R  INDICATES RECORD WAS SET OR TIED.
MM INDICATES DATA IS MISSING.
T  INDICATES TRACE AMOUNT.




$$
