000
CDUS43 KGRR 070538
CLIMKG


CLIMATE REPORT
NATIONAL WEATHER SERVICE GRAND RAPIDS, MI
1238 AM EST SUN JAN 7 2018


...................................

...THE MUSKEGON MI CLIMATE SUMMARY FOR JANUARY 6 2018...

CLIMATE NORMAL PERIOD 1981 TO 2010
CLIMATE RECORD PERIOD 1896 TO 2018


WEATHER ITEM   OBSERVED TIME   RECORD YEAR NORMAL DEPARTURE LAST
                VALUE   (LST)  VALUE       VALUE  FROM      YEAR
                                                  NORMAL
..................................................................
TEMPERATURE (F)
 YESTERDAY
  MAXIMUM         15   1159 PM  56    2008  31    -16       13
  MINIMUM          7   1059 AM  -4    1912  21    -14        9
  AVERAGE         11                        26    -15       11

PRECIPITATION (IN)
  YESTERDAY        0.01          0.86 1962   0.07  -0.06     0.08
  MONTH TO DATE    0.63                      0.43   0.20     0.34
  SINCE DEC 1      3.40                      2.98   0.42     2.56
  SINCE JAN 1      0.63                      0.43   0.20     0.34

SNOWFALL (IN)
  YESTERDAY        0.3           9.4  1999   0.9   -0.6      2.0
  MONTH TO DATE   10.3                       5.4    4.9      5.5
  SINCE DEC 1     62.0                      34.3   27.7     28.5
  SINCE JUL 1     62.0                      40.5   21.5     29.5
  SNOW DEPTH      15

DEGREE DAYS
 HEATING
  YESTERDAY       54                        39     15       54
  MONTH TO DATE  315                       232     83      243
  SINCE DEC 1   1509                      1311    198     1303
  SINCE JUL 1   2668                      2678    -10     2208

 COOLING
  YESTERDAY        0                         0      0        0
  MONTH TO DATE    0                         0      0        0
  SINCE DEC 1      0                         0      0        0
  SINCE JAN 1      0                         0      0        0
..................................................................


WIND (MPH)
  RESULTANT WIND SPEED   4   RESULTANT WIND DIRECTION   E (110)
  HIGHEST WIND SPEED    13   HIGHEST WIND DIRECTION    SE (140)
  HIGHEST GUST SPEED    18   HIGHEST GUST DIRECTION    SE (150)
  AVERAGE WIND SPEED     7.0


SKY COVER
  AVERAGE SKY COVER 0.9


WEATHER CONDITIONS
 THE FOLLOWING WEATHER WAS RECORDED YESTERDAY.
  LIGHT SNOW
  HAZE


RELATIVE HUMIDITY (PERCENT)
 HIGHEST    83           600 AM
 LOWEST     61           300 PM
 AVERAGE    72

..........................................................


THE MUSKEGON MI CLIMATE NORMALS FOR TODAY
                         NORMAL    RECORD    YEAR
 MAXIMUM TEMPERATURE (F)   31        58      2008
 MINIMUM TEMPERATURE (F)   21       -11      1988


SUNRISE AND SUNSET
JANUARY  7 2018.......SUNRISE   816 AM EST   SUNSET   526 PM EST
JANUARY  8 2018.......SUNRISE   816 AM EST   SUNSET   527 PM EST


-  INDICATES NEGATIVE NUMBERS.
R  INDICATES RECORD WAS SET OR TIED.
MM INDICATES DATA IS MISSING.
T  INDICATES TRACE AMOUNT.




$$
