000
CDUS43 KGRR 180516
CLIMKG


CLIMATE REPORT
NATIONAL WEATHER SERVICE GRAND RAPIDS, MI
115 AM EDT SAT OCT 18 2014


...................................

...THE MUSKEGON MI CLIMATE SUMMARY FOR OCTOBER 17 2014...

CLIMATE NORMAL PERIOD 1981 TO 2010
CLIMATE RECORD PERIOD 1896 TO 2014


WEATHER ITEM   OBSERVED TIME   RECORD YEAR NORMAL DEPARTURE LAST
                VALUE   (LST)  VALUE       VALUE  FROM      YEAR
                                                  NORMAL
..................................................................
TEMPERATURE (F)
 YESTERDAY
  MAXIMUM         59   1058 AM  78    1968  58      1       53
                                      1947
                                      1910
  MINIMUM         47   1137 PM  25    1982  42      5       48
                                      1977
  AVERAGE         53                        50      3       51

PRECIPITATION (IN)
  YESTERDAY        T             1.60 1905   0.09  -0.09     0.25
  MONTH TO DATE    2.61                      1.70   0.91     2.64
  SINCE SEP 1      5.81                      5.59   0.22     4.59
  SINCE JAN 1     32.42                     26.17   6.25    35.84

SNOWFALL (IN)
  YESTERDAY        0.0           1.0  1952   0.0    0.0      0.0
  MONTH TO DATE    0.0                       0.0    0.0      0.0
  SINCE SEP 1      0.0                       0.0    0.0      0.0
  SINCE JUL 1      0.0                       0.0    0.0      0.0
  SNOW DEPTH       0

DEGREE DAYS
 HEATING
  YESTERDAY       12                        15     -3       14
  MONTH TO DATE  186                       210    -24      110
  SINCE SEP 1    341                       353    -12      217
  SINCE JUL 1    390                       383      7      252

 COOLING
  YESTERDAY        0                         0      0        0
  MONTH TO DATE    0                         2     -2       10
  SINCE SEP 1     46                        56    -10       87
  SINCE JAN 1    442                       563   -121      626
..................................................................


WIND (MPH)
  RESULTANT WIND SPEED  10   RESULTANT WIND DIRECTION   W (250)
  HIGHEST WIND SPEED    23   HIGHEST WIND DIRECTION     N (340)
  HIGHEST GUST SPEED    32   HIGHEST GUST DIRECTION     W (290)
  AVERAGE WIND SPEED    14.4


SKY COVER
  AVERAGE SKY COVER 0.9


WEATHER CONDITIONS
 THE FOLLOWING WEATHER WAS RECORDED YESTERDAY.
  LIGHT RAIN
  FOG


RELATIVE HUMIDITY (PERCENT)
 HIGHEST    86           500 AM
 LOWEST     67          1000 AM
 AVERAGE    77

..........................................................


THE MUSKEGON MI CLIMATE NORMALS FOR TODAY
                         NORMAL    RECORD    YEAR
 MAXIMUM TEMPERATURE (F)   58        78      1910
 MINIMUM TEMPERATURE (F)   42        23      1976
                                             1952


SUNRISE AND SUNSET
OCTOBER 18 2014.......SUNRISE   802 AM EDT   SUNSET   657 PM EDT
OCTOBER 19 2014.......SUNRISE   803 AM EDT   SUNSET   656 PM EDT


-  INDICATES NEGATIVE NUMBERS.
R  INDICATES RECORD WAS SET OR TIED.
MM INDICATES DATA IS MISSING.
T  INDICATES TRACE AMOUNT.




$$
