000
CDUS43 KGRR 210533
CLIMKG


CLIMATE REPORT
NATIONAL WEATHER SERVICE GRAND RAPIDS, MI
131 AM EDT SAT MAR 21 2015


...................................

...THE MUSKEGON MI CLIMATE SUMMARY FOR MARCH 20 2015...

CLIMATE NORMAL PERIOD 1981 TO 2010
CLIMATE RECORD PERIOD 1896 TO 2015


WEATHER ITEM   OBSERVED TIME   RECORD YEAR NORMAL DEPARTURE LAST
                VALUE   (LST)  VALUE       VALUE  FROM      YEAR
                                                  NORMAL
..................................................................
TEMPERATURE (F)
 YESTERDAY
  MAXIMUM         45    401 PM  82    2012  45      0       37
  MINIMUM         24    444 AM   8    1965  28     -4       24
  AVERAGE         35                        36     -1       31

PRECIPITATION (IN)
  YESTERDAY        T             1.04 2011   0.07  -0.07      T
  MONTH TO DATE    0.46                      1.41  -0.95     0.53
  SINCE MAR 1      0.46                      1.41  -0.95     0.53
  SINCE JAN 1      3.75                      5.27  -1.52     5.66

SNOWFALL (IN)
  YESTERDAY        0.0           9.0  1922   0.2   -0.2       T
  MONTH TO DATE    4.0                       6.9   -2.9      6.3
  SINCE MAR 1      4.0                       6.9   -2.9      6.3
  SINCE JUL 1     92.1                      89.3    2.8    129.9
  SNOW DEPTH       0

DEGREE DAYS
 HEATING
  YESTERDAY       30                        29      1       34
  MONTH TO DATE  657                       639     18      825
  SINCE MAR 1    657                       639     18      825
  SINCE JUL 1   5782                      5371    411     5965

 COOLING
  YESTERDAY        0                         0      0        0
  MONTH TO DATE    0                         0      0        0
  SINCE MAR 1      0                         0      0        0
  SINCE JAN 1      0                         0      0        0
..................................................................


WIND (MPH)
  RESULTANT WIND SPEED  10   RESULTANT WIND DIRECTION   S (200)
  HIGHEST WIND SPEED    22   HIGHEST WIND DIRECTION    SW (210)
  HIGHEST GUST SPEED    31   HIGHEST GUST DIRECTION    SW (210)
  AVERAGE WIND SPEED    11.8


SKY COVER
  AVERAGE SKY COVER 0.7


WEATHER CONDITIONS
 THE FOLLOWING WEATHER WAS RECORDED YESTERDAY.
  FOG
  HAZE


RELATIVE HUMIDITY (PERCENT)
 HIGHEST    85          1100 PM
 LOWEST     56          1200 AM
 AVERAGE    71

..........................................................


THE MUSKEGON MI CLIMATE NORMALS FOR TODAY
                         NORMAL    RECORD    YEAR
 MAXIMUM TEMPERATURE (F)   45        82      2012
 MINIMUM TEMPERATURE (F)   28        10      1989
                                             1986


SUNRISE AND SUNSET
MARCH 21 2015.........SUNRISE   747 AM EDT   SUNSET   758 PM EDT
MARCH 22 2015.........SUNRISE   745 AM EDT   SUNSET   759 PM EDT


-  INDICATES NEGATIVE NUMBERS.
R  INDICATES RECORD WAS SET OR TIED.
MM INDICATES DATA IS MISSING.
T  INDICATES TRACE AMOUNT.




$$
