000
CDUS43 KGRR 302227
CLIMKG


CLIMATE REPORT
NATIONAL WEATHER SERVICE GRAND RAPIDS, MI
525 PM EST THU NOV 30 2017


...................................

...THE MUSKEGON MI CLIMATE SUMMARY FOR NOVEMBER 30 2017...
VALID TODAY AS OF 0500 PM LOCAL TIME.

CLIMATE NORMAL PERIOD 1981 TO 2010
CLIMATE RECORD PERIOD 1896 TO 2017


WEATHER ITEM   OBSERVED TIME   RECORD YEAR NORMAL DEPARTURE LAST
                VALUE   (LST)  VALUE       VALUE  FROM      YEAR
                                                  NORMAL
..................................................................
TEMPERATURE (F)
 TODAY
  MAXIMUM         49    322 PM  61    1975  40      9       53
  MINIMUM         38    546 AM   9    1958  30      8       39
                                      1929
  AVERAGE         44                        35      9       46

PRECIPITATION (IN)
  TODAY            0.07          1.00 1908   0.10  -0.03     0.01
  MONTH TO DATE    2.54                      3.36  -0.82     2.48
  SINCE SEP 1     12.61                     10.36   2.25    12.18
  SINCE JAN 1     33.77                     30.94   2.83    37.33

SNOWFALL (IN)
  TODAY            0.0           8.1  1940   0.4   -0.4      0.0
  MONTH TO DATE    T                         6.0   -6.0      1.0
  SINCE SEP 1      T                         6.2   -6.2      1.0
  SINCE JUL 1      T                         6.2   -6.2      1.0
  SNOW DEPTH       0

DEGREE DAYS
 HEATING
  TODAY           21                        30     -9       19
  MONTH TO DATE  760                       744     16      553
  SINCE SEP 1   1146                      1337   -191      896
  SINCE JUL 1   1159                      1367   -208      905

 COOLING
  TODAY            0                         0      0        0
  MONTH TO DATE    0                         0      0        0
  SINCE SEP 1    121                        59     62      110
  SINCE JAN 1    615                       566     49      774
..................................................................


WIND (MPH)
  RESULTANT WIND SPEED   8   RESULTANT WIND DIRECTION   W (260)
  HIGHEST WIND SPEED    23   HIGHEST WIND DIRECTION     W (280)
  HIGHEST GUST SPEED    29   HIGHEST GUST DIRECTION     W (290)
  AVERAGE WIND SPEED    12.4


SKY COVER
  AVERAGE SKY COVER 0.6


WEATHER CONDITIONS
 THE FOLLOWING WEATHER WAS RECORDED TODAY.
  LIGHT RAIN
  FOG


RELATIVE HUMIDITY (PERCENT)
 HIGHEST    82           700 AM
 LOWEST     51           100 AM
 AVERAGE    67

..........................................................


THE MUSKEGON MI CLIMATE NORMALS FOR TOMORROW
                         NORMAL    RECORD    YEAR
 MAXIMUM TEMPERATURE (F)   40        60      1970
 MINIMUM TEMPERATURE (F)   29        10      1905
                                             1896


SUNRISE AND SUNSET
NOVEMBER 30 2017......SUNRISE   756 AM EST   SUNSET   511 PM EST
DECEMBER  1 2017......SUNRISE   757 AM EST   SUNSET   511 PM EST


-  INDICATES NEGATIVE NUMBERS.
R  INDICATES RECORD WAS SET OR TIED.
MM INDICATES DATA IS MISSING.
T  INDICATES TRACE AMOUNT.




$$

63
