428
CDUS43 KGRR 132131
CLIMKG


CLIMATE REPORT
NATIONAL WEATHER SERVICE GRAND RAPIDS, MI
531 PM EDT FRI OCT 13 2017


...................................

...THE MUSKEGON MI CLIMATE SUMMARY FOR OCTOBER 13 2017...
VALID TODAY AS OF 0500 PM LOCAL TIME.

CLIMATE NORMAL PERIOD 1981 TO 2010
CLIMATE RECORD PERIOD 1896 TO 2017


WEATHER ITEM   OBSERVED TIME   RECORD YEAR NORMAL DEPARTURE LAST
                VALUE   (LST)  VALUE       VALUE  FROM      YEAR
                                                  NORMAL
..................................................................
TEMPERATURE (F)
 TODAY
  MAXIMUM         65   1051 AM  76    1995  60      5       56
                                      1975
                                      1899
  MINIMUM         57   1225 AM  25    1993  43     14       38
  AVERAGE         61                        52      9       47

PRECIPITATION (IN)
  TODAY            0.00          1.92 2001   0.10  -0.10      T
  MONTH TO DATE    2.01                      1.33   0.68     0.87
  SINCE SEP 1      2.83                      5.22  -2.39     6.79
  SINCE JAN 1     23.99                     25.80  -1.81    31.94

SNOWFALL (IN)
  TODAY            0.0          MM      MM   0.0    0.0      0.0
  MONTH TO DATE    0.0                       0.0    0.0      0.0
  SINCE SEP 1      0.0                       0.0    0.0      0.0
  SINCE JUL 1      0.0                       0.0    0.0      0.0
  SNOW DEPTH       0

DEGREE DAYS
 HEATING
  TODAY            4                        14    -10       18
  MONTH TO DATE   61                       152    -91       83
  SINCE SEP 1    153                       295   -142      108
  SINCE JUL 1    166                       325   -159      117

 COOLING
  TODAY            0                         0      0        0
  MONTH TO DATE    8                         2      6        3
  SINCE SEP 1    119                        56     63      104
  SINCE JAN 1    613                       563     50      768
..................................................................


WIND (MPH)
  RESULTANT WIND SPEED   9   RESULTANT WIND DIRECTION   S (200)
  HIGHEST WIND SPEED    21   HIGHEST WIND DIRECTION     S (200)
  HIGHEST GUST SPEED    25   HIGHEST GUST DIRECTION    SW (210)
  AVERAGE WIND SPEED    10.0


SKY COVER
  AVERAGE SKY COVER 1.0


WEATHER CONDITIONS
 THE FOLLOWING WEATHER WAS RECORDED TODAY.
  NO SIGNIFICANT WEATHER WAS OBSERVED.


RELATIVE HUMIDITY (PERCENT)
 HIGHEST    93           200 AM
 LOWEST     67           900 AM
 AVERAGE    80

..........................................................


THE MUSKEGON MI CLIMATE NORMALS FOR TOMORROW
                         NORMAL    RECORD    YEAR
 MAXIMUM TEMPERATURE (F)   60        78      1968
 MINIMUM TEMPERATURE (F)   43        28      1979
                                             1937
                                             1907


SUNRISE AND SUNSET
OCTOBER 13 2017.......SUNRISE   757 AM EDT   SUNSET   705 PM EDT
OCTOBER 14 2017.......SUNRISE   758 AM EDT   SUNSET   703 PM EDT


-  INDICATES NEGATIVE NUMBERS.
R  INDICATES RECORD WAS SET OR TIED.
MM INDICATES DATA IS MISSING.
T  INDICATES TRACE AMOUNT.




$$
