000
CDUS43 KGRR 032128
CLIMKG


CLIMATE REPORT
NATIONAL WEATHER SERVICE GRAND RAPIDS, MI
527 PM EDT THU JUL 3 2014


...................................

...THE MUSKEGON MI CLIMATE SUMMARY FOR JULY 3 2014...
VALID TODAY AS OF 0500 PM LOCAL TIME.

CLIMATE NORMAL PERIOD 1981 TO 2010
CLIMATE RECORD PERIOD 1895 TO 2014


WEATHER ITEM   OBSERVED TIME   RECORD YEAR NORMAL DEPARTURE LAST
                VALUE   (LST)  VALUE       VALUE  FROM      YEAR
                                                  NORMAL
..................................................................
TEMPERATURE (F)
 TODAY
  MAXIMUM         71    354 PM  95    1949  80     -9       77
                                      1911
  MINIMUM         58    648 AM  42    1907  61     -3       59
  AVERAGE         65                        70     -5       68

PRECIPITATION (IN)
  TODAY            T             2.50 1902   0.07  -0.07     0.12
  MONTH TO DATE    0.13                      0.22  -0.09     0.45
  SINCE JUN 1      7.15                      2.77   4.38     4.78
  SINCE JAN 1     20.45                     15.04   5.41    27.47

SNOWFALL (IN)
  TODAY            0.0          MM      MM   0.0    0.0      0.0
  MONTH TO DATE    0.0                       0.0    0.0      0.0
  SINCE JUN 1      0.0                       0.0    0.0      0.0
  SINCE JUL 1      0.0                       0.0    0.0      0.0
  SNOW DEPTH       0

DEGREE DAYS
 HEATING
  TODAY            0                         1     -1        0
  MONTH TO DATE    0                         3     -3        2
  SINCE JUN 1     31                        69    -38       54
  SINCE JUL 1      0                         3     -3        2

 COOLING
  TODAY            0                         6     -6        3
  MONTH TO DATE    5                        18    -13        8
  SINCE JUN 1    137                       123     14      108
  SINCE JAN 1    154                       152      2      168
..................................................................


WIND (MPH)
  RESULTANT WIND SPEED   8   RESULTANT WIND DIRECTION  NW (320)
  HIGHEST WIND SPEED    17   HIGHEST WIND DIRECTION     W (280)
  HIGHEST GUST SPEED    22   HIGHEST GUST DIRECTION     W (290)
  AVERAGE WIND SPEED     9.3


SKY COVER
  AVERAGE SKY COVER 0.5


WEATHER CONDITIONS
 THE FOLLOWING WEATHER WAS RECORDED TODAY.
  NO SIGNIFICANT WEATHER WAS OBSERVED.


RELATIVE HUMIDITY (PERCENT)
 HIGHEST    72          1200 AM
 LOWEST     36          1100 AM
 AVERAGE    54

..........................................................


THE MUSKEGON MI CLIMATE NORMALS FOR TOMORROW
                         NORMAL    RECORD    YEAR
 MAXIMUM TEMPERATURE (F)   80        97      1911
 MINIMUM TEMPERATURE (F)   61        46      1963


SUNRISE AND SUNSET
JULY  3 2014..........SUNRISE   610 AM EDT   SUNSET   928 PM EDT
JULY  4 2014..........SUNRISE   611 AM EDT   SUNSET   928 PM EDT


-  INDICATES NEGATIVE NUMBERS.
R  INDICATES RECORD WAS SET OR TIED.
MM INDICATES DATA IS MISSING.
T  INDICATES TRACE AMOUNT.




$$

JAM
