000
CDUS43 KGRR 110517
CLIMKG


CLIMATE REPORT
NATIONAL WEATHER SERVICE GRAND RAPIDS, MI
117 AM EDT THU SEP 11 2014


...................................

...THE MUSKEGON MI CLIMATE SUMMARY FOR SEPTEMBER 10 2014...

CLIMATE NORMAL PERIOD 1981 TO 2010
CLIMATE RECORD PERIOD 1896 TO 2014


WEATHER ITEM   OBSERVED TIME   RECORD YEAR NORMAL DEPARTURE LAST
                VALUE   (LST)  VALUE       VALUE  FROM      YEAR
                                                  NORMAL
..................................................................
TEMPERATURE (F)
 YESTERDAY
  MAXIMUM         76    415 PM  88    1983  74      2       87
                                      1961
                                      1912
  MINIMUM         53   1158 PM  39    1995  55     -2       75
  AVERAGE         65                        64      1       81

PRECIPITATION (IN)
  YESTERDAY        0.78          4.06 1986   0.13   0.65     0.01
  MONTH TO DATE    2.51                      1.23   1.28     0.74
  SINCE SEP 1      2.51                      1.23   1.28     0.74
  SINCE JAN 1     29.12                     21.81   7.31    31.99

SNOWFALL (IN)
  YESTERDAY        0.0          MM      MM   0.0    0.0      0.0
  MONTH TO DATE    0.0                       0.0    0.0      0.0
  SINCE SEP 1      0.0                       0.0    0.0      0.0
  SINCE JUL 1      0.0                       0.0    0.0      0.0
  SNOW DEPTH       0

DEGREE DAYS
 HEATING
  YESTERDAY        0                         3     -3        0
  MONTH TO DATE    1                        23    -22        3
  SINCE SEP 1      1                        23    -22        3
  SINCE JUL 1     50                        53     -3       38

 COOLING
  YESTERDAY        0                         2     -2       16
  MONTH TO DATE   44                        31     13       54
  SINCE SEP 1     44                        31     13       54
  SINCE JAN 1    440                       538    -98      593
..................................................................


WIND (MPH)
  RESULTANT WIND SPEED   9   RESULTANT WIND DIRECTION   S (180)
  HIGHEST WIND SPEED    30   HIGHEST WIND DIRECTION    SW (220)
  HIGHEST GUST SPEED    39   HIGHEST GUST DIRECTION    NW (320)
  AVERAGE WIND SPEED    15.9


SKY COVER
  AVERAGE SKY COVER 0.8


WEATHER CONDITIONS
 THE FOLLOWING WEATHER WAS RECORDED YESTERDAY.
  HEAVY RAIN
  RAIN
  LIGHT RAIN
  FOG


RELATIVE HUMIDITY (PERCENT)
 HIGHEST    93           900 AM
 LOWEST     73           200 AM
 AVERAGE    83

..........................................................


THE MUSKEGON MI CLIMATE NORMALS FOR TODAY
                         NORMAL    RECORD    YEAR
 MAXIMUM TEMPERATURE (F)   73        88      1952
 MINIMUM TEMPERATURE (F)   55        34      1943


SUNRISE AND SUNSET
SEPTEMBER 11 2014.....SUNRISE   720 AM EDT   SUNSET   802 PM EDT
SEPTEMBER 12 2014.....SUNRISE   721 AM EDT   SUNSET   800 PM EDT


-  INDICATES NEGATIVE NUMBERS.
R  INDICATES RECORD WAS SET OR TIED.
MM INDICATES DATA IS MISSING.
T  INDICATES TRACE AMOUNT.




$$
