000
CDUS43 KGRR 280519
CLIMKG


CLIMATE REPORT
NATIONAL WEATHER SERVICE GRAND RAPIDS, MI
116 AM EDT SUN JUN 28 2015


...................................

...THE MUSKEGON MI CLIMATE SUMMARY FOR JUNE 27 2015...

CLIMATE NORMAL PERIOD 1981 TO 2010
CLIMATE RECORD PERIOD 1896 TO 2015


WEATHER ITEM   OBSERVED TIME   RECORD YEAR NORMAL DEPARTURE LAST
                VALUE   (LST)  VALUE       VALUE  FROM      YEAR
                                                  NORMAL
..................................................................
TEMPERATURE (F)
 YESTERDAY
  MAXIMUM         80    213 PM  92    1941  79      1       87
  MINIMUM         60    639 AM  44    1992  60      0       63
                                      1981
  AVERAGE         70                        69      1       75

PRECIPITATION (IN)
  YESTERDAY        0.00          5.08 1921   0.07  -0.07     0.00
  MONTH TO DATE    2.98                      2.31   0.67     6.69
  SINCE JUN 1      2.98                      2.31   0.67     6.69
  SINCE JAN 1     15.41                     14.58   0.83    19.99

SNOWFALL (IN)
  YESTERDAY        0.0          MM      MM   0.0    0.0      0.0
  MONTH TO DATE    0.0                       0.0    0.0      0.0
  SINCE JUN 1      0.0                       0.0    0.0      0.0
  SINCE JUL 1     92.1                      93.7   -1.6    132.7
  SNOW DEPTH       0

DEGREE DAYS
 HEATING
  YESTERDAY        0                         1     -1        0
  MONTH TO DATE   29                        63    -34       31
  SINCE JUN 1     29                        63    -34       31
  SINCE JUL 1   6907                      6557    350     7195

 COOLING
  YESTERDAY        5                         5      0       10
  MONTH TO DATE   62                        89    -27      101
  SINCE JUN 1     62                        89    -27      101
  SINCE JAN 1    101                       118    -17      118
..................................................................


WIND (MPH)
  RESULTANT WIND SPEED   9   RESULTANT WIND DIRECTION  NE (30)
  HIGHEST WIND SPEED    20   HIGHEST WIND DIRECTION    NE (50)
  HIGHEST GUST SPEED    27   HIGHEST GUST DIRECTION     E (70)
  AVERAGE WIND SPEED    10.1


SKY COVER
  AVERAGE SKY COVER 0.5


WEATHER CONDITIONS
 THE FOLLOWING WEATHER WAS RECORDED YESTERDAY.
  NO SIGNIFICANT WEATHER WAS OBSERVED.


RELATIVE HUMIDITY (PERCENT)
 HIGHEST    69           700 AM
 LOWEST     32           200 PM
 AVERAGE    51

..........................................................


THE MUSKEGON MI CLIMATE NORMALS FOR TODAY
                         NORMAL    RECORD    YEAR
 MAXIMUM TEMPERATURE (F)   79        92      1933
 MINIMUM TEMPERATURE (F)   60        40      1992


SUNRISE AND SUNSET
JUNE 28 2015..........SUNRISE   607 AM EDT   SUNSET   929 PM EDT
JUNE 29 2015..........SUNRISE   608 AM EDT   SUNSET   929 PM EDT


-  INDICATES NEGATIVE NUMBERS.
R  INDICATES RECORD WAS SET OR TIED.
MM INDICATES DATA IS MISSING.
T  INDICATES TRACE AMOUNT.




$$
