000
CDUS43 KGRR 072229
CLIMKG


CLIMATE REPORT
NATIONAL WEATHER SERVICE GRAND RAPIDS, MI
529 PM EST WED FEB 7 2018


...................................

...THE MUSKEGON MI CLIMATE SUMMARY FOR FEBRUARY 7 2018...
VALID TODAY AS OF 0500 PM LOCAL TIME.

CLIMATE NORMAL PERIOD 1981 TO 2010
CLIMATE RECORD PERIOD 1896 TO 2018


WEATHER ITEM   OBSERVED TIME   RECORD YEAR NORMAL DEPARTURE LAST
                VALUE   (LST)  VALUE       VALUE  FROM      YEAR
                                                  NORMAL
..................................................................
TEMPERATURE (F)
 TODAY
  MAXIMUM         22    245 PM  49    1928  31     -9       38
                                      1925
  MINIMUM         14    701 AM -11    1905  20     -6       34
  AVERAGE         18                        26     -8       36

PRECIPITATION (IN)
  TODAY            0.04          0.82 2013   0.06  -0.02     0.12
  MONTH TO DATE    0.76                      0.40   0.36     0.12
  SINCE DEC 1      6.45                      4.98   1.47     5.37
  SINCE JAN 1      3.68                      2.43   1.25     3.15

SNOWFALL (IN)
  TODAY            0.5           9.7  2013   0.7   -0.2      0.0
  MONTH TO DATE   11.7                       5.6    6.1      0.1
  SINCE DEC 1     82.4                      62.5   19.9     40.5
  SINCE JUL 1     82.4                      68.7   13.7     41.5
  SNOW DEPTH       9

DEGREE DAYS
 HEATING
  TODAY           47                        39      8       29
  MONTH TO DATE  310                       277     33      261
  SINCE DEC 1   2666                      2582     84     2399
  SINCE JUL 1   3825                      3949   -124     3304

 COOLING
  TODAY            0                         0      0        0
  MONTH TO DATE    0                         0      0        0
  SINCE DEC 1      0                         0      0        0
  SINCE JAN 1      0                         0      0        0
..................................................................


WIND (MPH)
  RESULTANT WIND SPEED   2   RESULTANT WIND DIRECTION   N (10)
  HIGHEST WIND SPEED    15   HIGHEST WIND DIRECTION     N (350)
  HIGHEST GUST SPEED    18   HIGHEST GUST DIRECTION     N (340)
  AVERAGE WIND SPEED     3.6


SKY COVER
  AVERAGE SKY COVER 1.0


WEATHER CONDITIONS
 THE FOLLOWING WEATHER WAS RECORDED TODAY.
  LIGHT SNOW
  FOG
  HAZE


RELATIVE HUMIDITY (PERCENT)
 HIGHEST    80           300 AM
 LOWEST     67           100 AM
 AVERAGE    74

..........................................................


THE MUSKEGON MI CLIMATE NORMALS FOR TOMORROW
                         NORMAL    RECORD    YEAR
 MAXIMUM TEMPERATURE (F)   32        57      1990
                                             1900
 MINIMUM TEMPERATURE (F)   20       -16      1934


SUNRISE AND SUNSET
FEBRUARY  7 2018......SUNRISE   753 AM EST   SUNSET   605 PM EST
FEBRUARY  8 2018......SUNRISE   752 AM EST   SUNSET   607 PM EST


-  INDICATES NEGATIVE NUMBERS.
R  INDICATES RECORD WAS SET OR TIED.
MM INDICATES DATA IS MISSING.
T  INDICATES TRACE AMOUNT.




$$
